Report for SDL-2.538

Back
From: metabase:user:dc1c8589-6bf4-1014-abca-562cf06b08ef
Subject: FAIL SDL-2.538 v5.14.2 
Date: 2012-05-23T00:24:53Z

This distribution has been tested as part of the CPAN Testers
project, supporting the Perl programming language.  See
http://wiki.cpantesters.org/ for more information or email
questions to cpan-testers-discuss@perl.org


--
Dear Kartik Thakore,

This is a computer-generated report for SDL-2.538
on perl 5.14.2, created by CPAN-Reporter-1.2006.

Thank you for uploading your work to CPAN.  However, there was a problem
testing your distribution.

If you think this report is invalid, please consult the CPAN Testers Wiki
for suggestions on how to avoid getting FAIL reports for missing library
or binary dependencies, unsupported operating systems, and so on:

http://wiki.cpantesters.org/wiki/CPANAuthorNotes

Sections of this report:

    * Tester comments
    * Program output
    * Prerequisites
    * Environment and other context

------------------------------
TESTER COMMENTS
------------------------------

Additional comments from tester:

none provided

------------------------------
PROGRAM OUTPUT
------------------------------

Output from 'C:\strawberry-perl-5.14.2.1-64bit\perl\bin\perl.exe ./Build test':

[Alien::SDL] Build option used:
	Binaries Win/64bit SDL-1.2.14 (extended, 20111205) RECOMMENDED
	(gfx, image, mixer, net, smpeg, ttf, sound, svg, rtf, Pango)
Building SDL
t\00-load.t ..................... ok
t\colorpm.t ..................... ok
t\config.t ...................... ok
t\core.t ........................ ok
t\core_audio.t .................. ok
t\core_audiospec.t .............. skipped: author tests not required for installation
t\core_cd.t ..................... ok
t\core_error.t .................. ok
t\core_events.t ................. ok
t\core_joystick.t ............... ok
t\core_mouse.t .................. ok
t\core_multi.t .................. ok
t\core_overlay.t ................ ok
t\core_palette.t ................ ok
t\core_rect.t ................... ok
t\core_rwops.t .................. ok
t\core_surface.t ................ ok
t\core_timer.t .................. ok
t\core_version.t ................ ok
t\core_video.t .................. ok
t\core_video_convert_surface.t .. ok
t\core_video_gamma.t ............ ok
t\extendingrect.t ............... ok
t\gfx.t ......................... ok
t\gfx_fpsmanager.t .............. ok
t\gfx_framerate.t ............... ok
t\gfx_imagefilter.t ............. ok
t\gfx_primitives.t .............. ok
t\gfx_primitives2.t ............. ok
t\gfx_rotozoom.t ................ ok
t\image.t ....................... ok
t\image_xpm_array.t ............. ok
t\mixer.t ....................... ok
t\mixer_channels.t .............. 
Dubious, test returned 116 (wstat 29696, 0x7400)
All 35 subtests passed 
	(less 1 skipped subtest: 34 okay)
t\mixer_effects.t ............... ok
t\mixer_groups.t ................ ok
t\mixer_mixchunk.t .............. ok
t\mixer_mixmusic.t .............. ok
t\mixer_music.t ................. ok
t\mixer_samples.t ............... ok
t\pango.t ....................... ok
t\sdlgamerect.t ................. ok
t\sdlx_app.t .................... ok
t\sdlx_controller.t ............. ok
t\sdlx_controller_interface.t ... ok
t\sdlx_fps.t .................... ok
t\sdlx_layermanager.t ........... ok
t\sdlx_music.t .................. ok
t\sdlx_rect.t ................... ok
t\sdlx_sfont.t .................. ok
t\sdlx_sound.t .................. ok
t\sdlx_sprite.t ................. ok
t\sdlx_sprite_animated.t ........ ok
t\sdlx_surface.t ................ ok
t\sdlx_text.t ................... ok
t\sdlx_validate.t ............... ok
t\smpeg.t ....................... skipped: smpeg support not compiled
t\ttf.t ......................... ok
t\ttf_font.t .................... ok

Test Summary Report
-------------------
t\core.t                      (Wstat: 0 Tests: 28 Failed: 0)
  TODO passed:   21-22
t\core_video.t                (Wstat: 0 Tests: 110 Failed: 0)
  TODO passed:   57, 59
t\mixer_channels.t            (Wstat: 29696 Tests: 35 Failed: 0)
  Non-zero exit status: 116
  Parse errors: No plan found in TAP output
Files=59, Tests=3870, 1043 wallclock secs ( 0.64 usr +  0.08 sys =  0.72 CPU)
Result: FAIL
Failed 1/59 test programs. 0/3870 subtests failed.

------------------------------
PREREQUISITES
------------------------------

Prerequisite modules loaded:

requires:

    Module             Need     Have    
    ------------------ -------- --------
    CPAN               1.92     1.9800  
    File::ShareDir     1.0      1.03    
    perl               5.008000 5.014002
    Scalar::Util       0        1.25    
    Tie::Simple        0        1.03    

build_requires:

    Module             Need     Have    
    ------------------ -------- --------
    Alien::SDL         1.426    1.430   
    Capture::Tiny      0        0.18    
    ExtUtils::CBuilder 0        0.280205
    File::Find         0        1.19    
    File::ShareDir     1.0      1.03    
    Scalar::Util       0        1.25    
    Test::Most         0.21     0.25    
    Test::Simple       0.88     0.98    
    Tie::Simple        0        1.03    

configure_requires:

    Module             Need     Have    
    ------------------ -------- --------
    Alien::SDL         1.426    1.430   
    Capture::Tiny      0        0.18    
    ExtUtils::CBuilder 0.260301 0.280205
    File::Find         0        1.19    
    File::ShareDir     1.0      1.03    
    Module::Build      0.4      0.40    
    Tie::Simple        0        1.03    


------------------------------
ENVIRONMENT AND OTHER CONTEXT
------------------------------

Environment variables:

    COMSPEC = C:\Windows\system32\cmd.exe
    NUMBER_OF_PROCESSORS = 4
    PATH = C:\strawberry-perl-5.14.2.1-64bit\perl\site\bin;C:\strawberry-perl-5.14.2.1-64bit\perl\bin;C:\strawberry-perl-5.14.2.1-64bit\c\bin;C:\PROGRAM FILES\BROADCOM\BROADCOM 802.11 NETWORK ADAPTER\DRIVER;C:\Windows\SYSTEM32;C:\Windows;C:\Windows\SYSTEM32\WBEM;C:\Windows\SYSTEM32\WINDOWSPOWERSHELL\V1.0\;C:\PROGRAM FILES (X86)\LENOVO\ACCESS CONNECTIONS\;C:\PROGRAM FILES\THINKPAD\BLUETOOTH SOFTWARE\;C:\PROGRAM FILES\THINKPAD\BLUETOOTH SOFTWARE\SYSWOW64;
    PERL5LIB = 
    PERL5OPT = 
    PERL5_CPANPLUS_IS_RUNNING = 3748
    PERL5_CPAN_IS_RUNNING = 3748
    PROCESSOR_IDENTIFIER = Intel64 Family 6 Model 42 Stepping 7, GenuineIntel
    TEMP = C:\Users\kang\AppData\Local\Temp
    TERM = dumb

Perl special variables (and OS-specific diagnostics, for MSWin32):

    $^X = C:\strawberry-perl-5.14.2.1-64bit\perl\bin\perl.exe
    $UID/$EUID = 0 / 0
    $GID = 0
    $EGID = 0
    Win32::GetOSName = Win7
    Win32::GetOSVersion = Service Pack 1, 6, 1, 7601, 2, 1, 0, 256, 1
    Win32::FsType = NTFS
    Win32::IsAdminUser = 0

Perl module toolchain versions installed:

    Module              Have    
    ------------------- --------
    CPAN                1.9800  
    CPAN::Meta          2.120921
    Cwd                 3.36    
    ExtUtils::CBuilder  0.280205
    ExtUtils::Command   1.17    
    ExtUtils::Install   1.56    
    ExtUtils::MakeMaker 6.62    
    ExtUtils::Manifest  1.60    
    ExtUtils::ParseXS   3.15    
    File::Spec          3.33    
    JSON                2.53    
    JSON::PP            2.27200 
    Module::Build       0.40    
    Module::Signature   n/a     
    Parse::CPAN::Meta   1.4404  
    Test::Harness       3.23    
    Test::More          0.98    
    YAML                0.81    
    YAML::Syck          n/a     
    version             0.99    


--

Summary of my perl5 (revision 5 version 14 subversion 2) configuration:
   
  Platform:
    osname=MSWin32, osvers=4.0, archname=MSWin32-x64-multi-thread
    uname='Win32 strawberryperl 5.14.2.1 #1 Tue Nov 22 22:40:59 2011 x64'
    config_args='undef'
    hint=recommended, useposix=true, d_sigaction=undef
    useithreads=define, usemultiplicity=define
    useperlio=define, d_sfio=undef, uselargefiles=define, usesocks=undef
    use64bitint=define, use64bitall=undef, uselongdouble=undef
    usemymalloc=n, bincompat5005=undef
  Compiler:
    cc='gcc', ccflags =' -s -O2 -DWIN32 -DWIN64 -DCONSERVATIVE  -DPERL_TEXTMODE_SCRIPTS -DUSE_SITECUSTOMIZE -DPERL_IMPLICIT_CONTEXT -DPERL_IMPLICIT_SYS -fno-strict-aliasing -mms-bitfields',
    optimize='-s -O2',
    cppflags='-DWIN32'
    ccversion='', gccversion='4.4.7', gccosandvers=''
    intsize=4, longsize=4, ptrsize=8, doublesize=8, byteorder=12345678
    d_longlong=define, longlongsize=8, d_longdbl=define, longdblsize=12
    ivtype='long long', ivsize=8, nvtype='double', nvsize=8, Off_t='long long', lseeksize=8
    alignbytes=8, prototype=define
  Linker and Libraries:
    ld='g++', ldflags ='-s -L"C:\strawberry-perl-5.14.2.1-64bit\perl\lib\CORE" -L"C:\strawberry-perl-5.14.2.1-64bit\c\lib"'
    libpth=C:\strawberry-perl-5.14.2.1-64bit\c\lib C:\strawberry-perl-5.14.2.1-64bit\c\x86_64-w64-mingw32\lib
    libs=-lmoldname -lkernel32 -luser32 -lgdi32 -lwinspool -lcomdlg32 -ladvapi32 -lshell32 -lole32 -loleaut32 -lnetapi32 -luuid -lws2_32 -lmpr -lwinmm -lversion -lodbc32 -lodbccp32 -lcomctl32
    perllibs=-lmoldname -lkernel32 -luser32 -lgdi32 -lwinspool -lcomdlg32 -ladvapi32 -lshell32 -lole32 -loleaut32 -lnetapi32 -luuid -lws2_32 -lmpr -lwinmm -lversion -lodbc32 -lodbccp32 -lcomctl32
    libc=, so=dll, useshrplib=true, libperl=libperl514.a
    gnulibc_version=''
  Dynamic Linking:
    dlsrc=dl_win32.xs, dlext=dll, d_dlsymun=undef, ccdlflags=' '
    cccdlflags=' ', lddlflags='-mdll -s -L"C:\strawberry-perl-5.14.2.1-64bit\perl\lib\CORE" -L"C:\strawberry-perl-5.14.2.1-64bit\c\lib"'


Characteristics of this binary (from libperl): 
  Compile-time options: MULTIPLICITY PERL_DONT_CREATE_GVSV
                        PERL_IMPLICIT_CONTEXT PERL_IMPLICIT_SYS
                        PERL_MALLOC_WRAP PERL_PRESERVE_IVUV PL_OP_SLAB_ALLOC
                        USE_64_BIT_INT USE_ITHREADS USE_LARGE_FILES
                        USE_PERLIO USE_PERL_ATOF USE_SITECUSTOMIZE
  Built under MSWin32
  Compiled at Nov 22 2011 22:53:05
  %ENV:
    PERL5_CPANPLUS_IS_RUNNING="3748"
    PERL5_CPAN_IS_RUNNING="3748"
  @INC:
    C:/strawberry-perl-5.14.2.1-64bit/perl/site/lib/MSWin32-x64-multi-thread
    C:/strawberry-perl-5.14.2.1-64bit/perl/site/lib
    C:/strawberry-perl-5.14.2.1-64bit/perl/vendor/lib
    C:/strawberry-perl-5.14.2.1-64bit/perl/lib
    .