Report for Graph-Easy-0.72

Back
From: metabase:user:320bfe00-2aae-11df-837a-5e0a49663a4f
Subject: FAIL Graph-Easy-0.72 v5.17.6 GNU/Linux
Date: 2012-11-18T11:54:54Z

This distribution has been tested as part of the CPAN Testers
project, supporting the Perl programming language.  See
http://wiki.cpantesters.org/ for more information or email
questions to cpan-testers-discuss@perl.org


--
Dear Shlomi Fish,

This is a computer-generated report for Graph-Easy-0.72
on perl 5.17.6, created by CPAN-Reporter-1.2006.

Thank you for uploading your work to CPAN.  However, there was a problem
testing your distribution.

If you think this report is invalid, please consult the CPAN Testers Wiki
for suggestions on how to avoid getting FAIL reports for missing library
or binary dependencies, unsupported operating systems, and so on:

http://wiki.cpantesters.org/wiki/CPANAuthorNotes

Sections of this report:

    * Tester comments
    * Program output
    * Prerequisites
    * Environment and other context

------------------------------
TESTER COMMENTS
------------------------------

Additional comments from tester:

this report is from an automated smoke testing program
and was not reviewed by a human for accuracy

------------------------------
PROGRAM OUTPUT
------------------------------

Output from '/usr/bin/make test':

PERL_DL_NONLAZY=1 /tmp/basesmoker-reloperl-6dU6/bin/perl "-MExtUtils::Command::MM" "-e" "test_harness(0, 'inc', 'blib/lib', 'blib/arch')" t/*.t
t/anon.t ............. ok
t/anon_group.t ....... ok
t/as_txt.t ........... ok
Unescaped left brace in regex is deprecated, passed through in regex; marked by <-- HERE in m/edge: { <-- HERE  sourcename: "A" targetname: "B" }/ at t/as_vcg.t line 35.
Unescaped left brace in regex is deprecated, passed through in regex; marked by <-- HERE in m/edge: { <-- HERE  label: "my car" sourcename: "A" targetname: "B" }/ at t/as_vcg.t line 43.
t/as_vcg.t ........... ok
Warning: Layouter could only place 0 nodes/0 edges out of 0/2 - giving up at t/ascii.t line 61.

#   Failed test 'from 10_repair.txt'
#   at t/ascii.t line 70.
#          got: '
#                         +---------------------+
#                         |                     |
# + - - - - - - - - - - - - - - - - - +         |
# ' DMZ1:                             '         |
# '                                   '         v
# ' +---------+         +-----------+ '       +----------+
# ' | 1Server | <------ |           | ' -->   |  1Check  |   -+
# ' +---------+         |           | '       +----------+    |
# '   ^                 |           | '         |             |
# '   +---------------- |           | '         |             |
# '                     |  1Proxy   | '         |             |
# '                     |           |   - - -+  |             |
# + - - - - - - - - -   |           |        '  |             |
#                     ' |           |        '  |             |
#                     ' |           | ---+   '  |             |
#                     ' +-----------+    |   '  |             |
#                     '   |              |   '  |             |
#                     '   |              |   '  |             |
#                     '   |              |   '  v             |
#              +- - -     |              |    - - - - - - -+  |
#              '          v              |                 '  |
#              '        +-----------+    |    +----------+ '  |
#              '   +--- | 1Database | <--+    |          | ' <+
#              '   |    +-----------+         |          | '
#              '   |      |                   |          | '
#              '   |      +-----------------> | 1Backend | '
#              '   |                          |          | '
#              '   |                          |          | '
#              '   +------------------------> |          | '
#              '                              +----------+ '
#              '                                           '
#              +- - - - - - - - - - - - - - - - - - - - - -+
# + - - - - - - - - - - - - - - - - - +
# ' DMZ:                              '
# '                                   '
# ' +---------+         +-----------+ '       +----------+
# ' | Server  | <------ |   Proxy   | ' -->   |  Check   |
# ' +---------+         +-----------+ '       +----------+
# '                       |           '
# + - - - - - - - - -     |           '
#                     '   |           '         |
#                     '   |           '         |
#                     '   |           '         v
#                     '   |             - - - - - - - - - -+
#                     '   v                                '
#                     ' +-----------+         +----------+ '
#                     ' | Database  | ------> | Backend  | '
#                     ' +-----------+         +----------+ '
#                     '                                    '
#                     + - - - - - - - - - - - - - - - - - -+
# '
#     expected: '
#                         +---------------------+
#                         |                     |
# + - - - - - - - - - - - - - - - - - +         |
# ' DMZ1:                             '         |
# '                                   '         v
# ' +---------+         +-----------+ '       +----------+
# ' | 1Server | <------ |           | ' -->   |  1Check  |   -+
# ' +---------+         |           | '       +----------+    |
# '   ^                 |           | '         |             |
# '   +---------------- |           | '         |             |
# '                     |  1Proxy   | '         |             |
# '                     |           |   - - -+  |             |
# + - - - - - - - - -   |           |        '  |             |
#                     ' |           |        '  |             |
#                     ' |           | ---+   '  |             |
#                     ' +-----------+    |   '  |             |
#                     '   |              |   '  |             |
#                     '   |              |   '  |             |
#                     '   |              |   '  v             |
#              +- - -     |              |    - - - - - - -+  |
#              '          v              |                 '  |
#              '        +-----------+    |    +----------+ '  |
#              '   +--- | 1Database | <--+    |          | ' <+
#              '   |    +-----------+         |          | '
#              '   |      |                   |          | '
#              '   |      +-----------------> | 1Backend | '
#              '   |                          |          | '
#              '   |                          |          | '
#              '   +------------------------> |          | '
#              '                              +----------+ '
#              '                                           '
#              +- - - - - - - - - - - - - - - - - - - - - -+
#                     + - - - - - - - - - - - - - - - - - -+
#                     ' DMZ:                               '
#                     '                                    '
#   +---------+       ' +-----------+         +----------+ '
#   |  Check  |   <-- ' |   Proxy   | ------> |  Server  | '
#   +---------+       ' +-----------+         +----------+ '
#     |               '   |                                '
#     |               '   |                                '
#     |               '   v                                '
#     |               ' +-----------+         +----------+ '
#     |               ' | Database  | ------> | Backend  | '
#     |               ' +-----------+         +----------+ '
#     |               '                                    '
#     |               + - - - - - - - - - - - - - - - - - -+
#     |                                         ^
#     +-----------------------------------------+
# '

#   Failed test at t/ascii.t line 74.
# +---+--------------------------------------------------------------+---+--------------------------------------------------------------+
# | Ln|Got                                                           | Ln|Expected                                                      |
# +---+--------------------------------------------------------------+---+--------------------------------------------------------------+
# | 31|             \'                              +----------+ \'  | 31|             \'                              +----------+ \'  |
# | 32|             \'                                           \'  | 32|             \'                                           \'  |
# | 33|             +- - - - - - - - - - - - - - - - - - - - - -+    | 33|             +- - - - - - - - - - - - - - - - - - - - - -+    |
# * 34|+ - - - - - - - - - - - - - - - - - +                         *   |                                                              |
# * 35|\' DMZ:                              \'                       *   |                                                              |
# * 36|\'                                   \'                       *   |                                                              |
# * 37|\' +---------+         +-----------+ \'       +----------+    *   |                                                              |
# * 38|\' | Server  | <------ |   Proxy   | \' -->   |  Check   |    *   |                                                              |
# * 39|\' +---------+         +-----------+ \'       +----------+    *   |                                                              |
# * 40|\'                       |           \'                       *   |                                                              |
# * 41|+ - - - - - - - - -     |           \'                        *   |                                                              |
# * 42|                    \'   |           \'         |             *   |                                                              |
# * 43|                    \'   |           \'         |             *   |                                                              |
# * 44|                    \'   |           \'         v             *   |                                                              |
# * 45|                    \'   |             - - - - - - - - - -+   *   |                                                              |
# * 46|                    \'   v                                \'  *   |                                                              |
# * 47|                    \' +-----------+         +----------+ \'  *   |                                                              |
# * 48|                    \' | Database  | ------> | Backend  | \'  *   |                                                              |
# * 49|                    \' +-----------+         +----------+ \'  *   |                                                              |
# * 50|                    \'                                    \'  *   |                                                              |
# | 51|                    + - - - - - - - - - - - - - - - - - -+    | 34|                    + - - - - - - - - - - - - - - - - - -+    |
# |   |                                                              * 35|                    \' DMZ:                               \'  *
# |   |                                                              * 36|                    \'                                    \'  *
# |   |                                                              * 37|  +---------+       \' +-----------+         +----------+ \'  *
# |   |                                                              * 38|  |  Check  |   <-- \' |   Proxy   | ------> |  Server  | \'  *
# |   |                                                              * 39|  +---------+       \' +-----------+         +----------+ \'  *
# |   |                                                              * 40|    |               \'   |                                \'  *
# |   |                                                              * 41|    |               \'   |                                \'  *
# |   |                                                              * 42|    |               \'   v                                \'  *
# |   |                                                              * 43|    |               \' +-----------+         +----------+ \'  *
# |   |                                                              * 44|    |               \' | Database  | ------> | Backend  | \'  *
# |   |                                                              * 45|    |               \' +-----------+         +----------+ \'  *
# |   |                                                              * 46|    |               \'                                    \'  *
# |   |                                                              * 47|    |               + - - - - - - - - - - - - - - - - - -+    *
# |   |                                                              * 48|    |                                         ^               *
# |   |                                                              * 49|    +-----------------------------------------+               *
# | 52|'                                                             | 50|'                                                             |
# +---+--------------------------------------------------------------+---+--------------------------------------------------------------+

#   Failed test 'from 3_edge_start.txt'
#   at t/ascii.t line 70.
#          got: '+---+     +---+
# |   | --> | B |
# | A |     +---+
# |   |     +---+
# |   | --> | C |
# +---+     +---+
# '
#     expected: '+---+     +---+
# |   | --> | C |
# | A |     +---+
# |   |     +---+
# |   | --> | B |
# +---+     +---+
# '

#   Failed test at t/ascii.t line 74.
# +---+------------------+------------------+
# | Ln|Got               |Expected          |
# +---+------------------+------------------+
# |  1|'+---+     +---+  |'+---+     +---+  |
# *  2||   | --> | B |   ||   | --> | C |   *
# |  3|| A |     +---+   || A |     +---+   |
# |  4||   |     +---+   ||   |     +---+   |
# *  5||   | --> | C |   ||   | --> | B |   *
# |  6|+---+     +---+   |+---+     +---+   |
# |  7|'                 |'                 |
# +---+------------------+------------------+

#   Failed test 'from 3_joining.txt'
#   at t/ascii.t line 70.
#          got: '
#   +---------+----+
#   |         v    |
# +---+     +---+  |
# | A |     | B |  |
# +---+     +---+  |
#   |         ^    |
#   |         |    |
#   +---------+    |
#             |    |
#             |    |
#             |    |
#             v    |
#           +---+  |
#           | C | <+
#           +---+
# '
#     expected: '
#   +---------+----+
#   |         v    |
# +---+     +---+  |
# | A |     | C |  |
# +---+     +---+  |
#   |         ^    |
#   |         |    |
#   +---------+    |
#             |    |
#             |    |
#             |    |
#             v    |
#           +---+  |
#           | B | <+
#           +---+
# '

#   Failed test at t/ascii.t line 74.
# +---+--------------------+--------------------+
# | Ln|Got                 |Expected            |
# +---+--------------------+--------------------+
# |  1|'                   |'                   |
# |  2|  +---------+----+  |  +---------+----+  |
# |  3|  |         v    |  |  |         v    |  |
# |  4|+---+     +---+  |  |+---+     +---+  |  |
# *  5|| A |     | B |  |  || A |     | C |  |  *
# |  6|+---+     +---+  |  |+---+     +---+  |  |
# |  7|  |         ^    |  |  |         ^    |  |
# |  8|  |         |    |  |  |         |    |  |
# |  9|  +---------+    |  |  +---------+    |  |
# | 10|            |    |  |            |    |  |
# | 11|            |    |  |            |    |  |
# | 12|            |    |  |            |    |  |
# | 13|            v    |  |            v    |  |
# | 14|          +---+  |  |          +---+  |  |
# * 15|          | C | <+  |          | B | <+  *
# | 16|          +---+     |          +---+     |
# | 17|'                   |'                   |
# +---+--------------------+--------------------+

#   Failed test 'from 3_nodes_5_edges.txt'
#   at t/ascii.t line 70.
#          got: '
#        +- - - - - - - - - - - - - - - - - - +
#        '                                    v
#      +--------------+     +---------+     +-----------+
#   #  | Default Page | --> | Sign Up | --> |           |
#   "  +--------------+     +---------+     |           |
#   "    !                                  |           |
#   "    +.-.-.-.-.-.-.-.-.-.-.-.-.-.-.-.-> | Main Page |
#   "                                       |           |
#   "                                       |           |
#   # = = = = = = = = = = = = = = = = = = > |           |
#                                           +-----------+
# '
#     expected: '
#        +- - - - - - - - - - - - - - - - - - +
#        '                                    v
#      +--------------+     +---------+     +-----------+
#   +- | Default Page | --> | Sign Up | --> |           |
#   !  +--------------+     +---------+     |           |
#   !    "                                  |           |
#   !    #= = = = = = = = = = = = = = = = > | Main Page |
#   !                                       |           |
#   !                                       |           |
#   +-.-.-.-.-.-.-.-.-.-.-.-.-.-.-.-.-.-.-> |           |
#                                           +-----------+
# '

#   Failed test at t/ascii.t line 74.
# +---+---------------------------------------------------------+---------------------------------------------------------+
# | Ln|Got                                                      |Expected                                                 |
# +---+---------------------------------------------------------+---------------------------------------------------------+
# |  1|'                                                        |'                                                        |
# |  2|       +- - - - - - - - - - - - - - - - - - +            |       +- - - - - - - - - - - - - - - - - - +            |
# |  3|       \'                                    v           |       \'                                    v           |
# |  4|     +--------------+     +---------+     +-----------+  |     +--------------+     +---------+     +-----------+  |
# *  5|  #  | Default Page | --> | Sign Up | --> |           |  |  +- | Default Page | --> | Sign Up | --> |           |  *
# *  6|  "  +--------------+     +---------+     |           |  |  !  +--------------+     +---------+     |           |  *
# *  7|  "    !                                  |           |  |  !    "                                  |           |  *
# *  8|  "    +.-.-.-.-.-.-.-.-.-.-.-.-.-.-.-.-> | Main Page |  |  !    #= = = = = = = = = = = = = = = = > | Main Page |  *
# *  9|  "                                       |           |  |  !                                       |           |  *
# * 10|  "                                       |           |  |  !                                       |           |  *
# * 11|  # = = = = = = = = = = = = = = = = = = > |           |  |  +-.-.-.-.-.-.-.-.-.-.-.-.-.-.-.-.-.-.-> |           |  *
# | 12|                                          +-----------+  |                                          +-----------+  |
# | 13|'                                                        |'                                                        |
# +---+---------------------------------------------------------+---------------------------------------------------------+

#   Failed test 'from 4_bug_basename.txt'
#   at t/ascii.t line 70.
#          got: '
#   +--------------+
#   |              v
# +---+     +---+----+----+
# | u | --> | a |  b |  c |
# +---+     +---+----+----+
#   |                   ^
#   +-------------------+
# '
#     expected: '          +---+
#   +------ | u | -+
#   |       +---+  |
#   |         |    |
#   |         |    |
#   v         v    |
# +---+----+----+  |
# | a |  b |  c |  |
# +---+----+----+  |
#        ^         |
#        +---------+
# '

#   Failed test at t/ascii.t line 74.
# +---+---------------------------+---+--------------------+
# | Ln|Got                        | Ln|Expected            |
# +---+---------------------------+---+--------------------+
# *  1|'                          *  1|'          +---+    *
# *  2|  +--------------+         *  2|  +------ | u | -+  *
# *  3|  |              v         *  3|  |       +---+  |  *
# *  4|+---+     +---+----+----+  *  4|  |         |    |  *
# *  5|| u | --> | a |  b |  c |  *  5|  |         |    |  *
# *  6|+---+     +---+----+----+  *  6|  v         v    |  *
# *  7|  |                   ^    *  7|+---+----+----+  |  *
# *  8|  +-------------------+    *  8|| a |  b |  c |  |  *
# |   |                           *  9|+---+----+----+  |  *
# |   |                           * 10|       ^         |  *
# |   |                           * 11|       +---------+  *
# |  9|'                          | 12|'                   |
# +---+---------------------------+---+--------------------+

#   Failed test 'from 4_edge_labels.txt'
#   at t/ascii.t line 70.
#          got: '+---------+  train   +--------+  bike   +-----+
# |  Bonn   | =======> | Berlin | .-.-.-> | Ulm |
# +---------+          +--------+         +-----+
#   |                    :
#   | car                :
#   v                    :
# +---------+  bus       :
# | Potsdam | <...........
# +---------+
# '
#     expected: '         car
#   +-----------------------------------+
#   |                                   v
# +------+  train   +--------+  bus   +---------+
# | Bonn | =======> | Berlin | .....> | Potsdam |
# +------+          +--------+        +---------+
#                     !
#                     ! bike
#                     v
#                   +--------+
#                   |  Ulm   |
#                   +--------+
# '

#   Failed test at t/ascii.t line 74.
# +---+--------------------------------------------------+---+-------------------------------------------------+
# | Ln|Got                                               | Ln|Expected                                         |
# +---+--------------------------------------------------+---+-------------------------------------------------+
# *  1|'+---------+  train   +--------+  bike   +-----+  *  1|'         car                                    *
# *  2||  Bonn   | =======> | Berlin | .-.-.-> | Ulm |   *  2|  +-----------------------------------+          *
# *  3|+---------+          +--------+         +-----+   *  3|  |                                   v          *
# *  4|  |                    :                          *  4|+------+  train   +--------+  bus   +---------+  *
# *  5|  | car                :                          *  5|| Bonn | =======> | Berlin | .....> | Potsdam |  *
# *  6|  v                    :                          *  6|+------+          +--------+        +---------+  *
# *  7|+---------+  bus       :                          *  7|                    !                            *
# *  8|| Potsdam | <...........                          *  8|                    ! bike                       *
# *  9|+---------+                                       *  9|                    v                            *
# |   |                                                  * 10|                  +--------+                     *
# |   |                                                  * 11|                  |  Ulm   |                     *
# |   |                                                  * 12|                  +--------+                     *
# | 10|'                                                 | 13|'                                                |
# +---+--------------------------------------------------+---+-------------------------------------------------+

#   Failed test 'from 4_lists.txt'
#   at t/ascii.t line 70.
#          got: '
#   +---------------------------------------+
#   |                                       v
# +------+     +--------+     +-----+     +-----------+
# | Bonn | --> | Berlin | <-- | Ulm | --> | Frankfurt |
# +------+     +--------+     +-----+     +-----------+
# '
#     expected: '+--------+     +-----------+
# |  Bonn  | --> | Frankfurt |
# +--------+     +-----------+
#   |              ^
#   |              |
#   v              |
# +--------+     +-----------+
# | Berlin | <-- |    Ulm    |
# +--------+     +-----------+
# '

#   Failed test at t/ascii.t line 74.
# +---+-------------------------------------------------------+---+-------------------------------+
# | Ln|Got                                                    | Ln|Expected                       |
# +---+-------------------------------------------------------+---+-------------------------------+
# *  1|'                                                      *  1|'+--------+     +-----------+  *
# *  2|  +---------------------------------------+            *  2||  Bonn  | --> | Frankfurt |   *
# *  3|  |                                       v            *  3|+--------+     +-----------+   *
# *  4|+------+     +--------+     +-----+     +-----------+  *  4|  |              ^             *
# *  5|| Bonn | --> | Berlin | <-- | Ulm | --> | Frankfurt |  *  5|  |              |             *
# *  6|+------+     +--------+     +-----+     +-----------+  *  6|  v              |             *
# |   |                                                       *  7|+--------+     +-----------+   *
# |   |                                                       *  8|| Berlin | <-- |    Ulm    |   *
# |   |                                                       *  9|+--------+     +-----------+   *
# |  7|'                                                      | 10|'                              |
# +---+-------------------------------------------------------+---+-------------------------------+
Warning: Layouter could only place 6 nodes/9 edges out of 6/10 - giving up at t/ascii.t line 61.

#   Failed test 'from 6_chain_10_edges.txt'
#   at t/ascii.t line 70.
#          got: '
#   +-----------------+
#   |                 |
#   |                 |
#   |    +------------+---------------+
#   |    |            |               v
#   |  +------+     +---------+     +---------+     +--------+     +--------+
#   |  | Bonn | --> |   Ulm   | --> | Koblenz | --> |        | --> | Kassel |
#   |  +------+     +---------+     +---------+     |        |     +--------+
#   |    |                                          |        |
#   |    +----------------------------------------> | Berlin |
#   |                                               |        |
#   |                                               |        |
#   |                 +---------------------------> |        |
#   |                 |                             +--------+
#   |                 |                               ^
#   |                 |                               |
#   |                 |                               |
#   |               +---------+                       |
#   +-------------> | Bautzen | ----------------------+
#                   +---------+
# '
#     expected: '
#   +--------------------------------------------------------+
#   |                                                        |
#   |                                                        |
#   |                            +-----------+               |
#   |                            |           v               v
# +---------+     +------+     +-----+     +---------+     +--------+     +--------+
# | Koblenz | <-- | Bonn | --> | Ulm | --> | Bautzen | --> |        | --> | Kassel |
# +---------+     +------+     +-----+     +---------+     |        |     +--------+
#   ^               |            |           |             |        |
#   |               |            |           +-----------> | Berlin |
#   |               |            |                         |        |
#   |               |            |                         |        |
#   +---------------+------------+                         |        |
#                   |                                      +--------+
#                   |                                        ^
#                   +----------------------------------------+
# '

#   Failed test at t/ascii.t line 74.
# +---+-----------------------------------------------------------------------------+---+------------------------------------------------------------------------------------+
# | Ln|Got                                                                          | Ln|Expected                                                                            |
# +---+-----------------------------------------------------------------------------+---+------------------------------------------------------------------------------------+
# |  1|'                                                                            |  1|'                                                                                   |
# *  2|  +-----------------+                                                        *  2|  +--------------------------------------------------------+                        *
# *  3|  |                 |                                                        *  3|  |                                                        |                        *
# *  4|  |                 |                                                        *  4|  |                                                        |                        *
# *  5|  |    +------------+---------------+                                        *  5|  |                            +-----------+               |                        *
# *  6|  |    |            |               v                                        *  6|  |                            |           v               v                        *
# *  7|  |  +------+     +---------+     +---------+     +--------+     +--------+  *  7|+---------+     +------+     +-----+     +---------+     +--------+     +--------+  *
# *  8|  |  | Bonn | --> |   Ulm   | --> | Koblenz | --> |        | --> | Kassel |  *  8|| Koblenz | <-- | Bonn | --> | Ulm | --> | Bautzen | --> |        | --> | Kassel |  *
# *  9|  |  +------+     +---------+     +---------+     |        |     +--------+  *  9|+---------+     +------+     +-----+     +---------+     |        |     +--------+  *
# * 10|  |    |                                          |        |                 * 10|  ^               |            |           |             |        |                 *
# * 11|  |    +----------------------------------------> | Berlin |                 * 11|  |               |            |           +-----------> | Berlin |                 *
# * 12|  |                                               |        |                 * 12|  |               |            |                         |        |                 *
# * 13|  |                                               |        |                 * 13|  |               |            |                         |        |                 *
# * 14|  |                 +---------------------------> |        |                 * 14|  +---------------+------------+                         |        |                 *
# * 15|  |                 |                             +--------+                 * 15|                  |                                      +--------+                 *
# * 16|  |                 |                               ^                        * 16|                  |                                        ^                        *
# * 17|  |                 |                               |                        * 17|                  +----------------------------------------+                        *
# * 18|  |                 |                               |                        *   |                                                                                    |
# * 19|  |               +---------+                       |                        *   |                                                                                    |
# * 20|  +-------------> | Bautzen | ----------------------+                        *   |                                                                                    |
# * 21|                  +---------+                                                *   |                                                                                    |
# | 22|'                                                                            | 18|'                                                                                   |
# +---+-----------------------------------------------------------------------------+---+------------------------------------------------------------------------------------+

#   Failed test 'from 7_star.txt'
#   at t/ascii.t line 70.
#          got: '                  +----------+
#                   |  Weimar  |
#                   +----------+
#                     ^
#                     |
#                     |
# +-----------+     +----------+     +--------+
# | Frankfurt | <-- |          | --> |  Kiel  |
# +-----------+     |  Dachau  |     +--------+
# +-----------+     |          |     +--------+
# |    Ulm    | <-- |          | --> | Berlin |
# +-----------+     +----------+     +--------+
#                     |
#                     |
#                     v
#                   +----------+
#                   | Chemnitz |
#                   +----------+
# '
#     expected: '             +----------+
#              |  Weimar  |
#              +----------+
#                ^
#                |
#                |
# +------+     +----------+     +-----------+
# | Kiel | <-- |          | --> | Frankfurt |
# +------+     |  Dachau  |     +-----------+
# +------+     |          |     +-----------+
# | Ulm  | <-- |          | --> |  Berlin   |
# +------+     +----------+     +-----------+
#                |
#                |
#                v
#              +----------+
#              | Chemnitz |
#              +----------+
# '

#   Failed test at t/ascii.t line 74.
# +---+-----------------------------------------------+---------------------------------------------+
# | Ln|Got                                            |Expected                                     |
# +---+-----------------------------------------------+---------------------------------------------+
# *  1|'                  +----------+                |'             +----------+                   *
# *  2|                  |  Weimar  |                 |             |  Weimar  |                    *
# *  3|                  +----------+                 |             +----------+                    *
# *  4|                    ^                          |               ^                             *
# *  5|                    |                          |               |                             *
# *  6|                    |                          |               |                             *
# *  7|+-----------+     +----------+     +--------+  |+------+     +----------+     +-----------+  *
# *  8|| Frankfurt | <-- |          | --> |  Kiel  |  || Kiel | <-- |          | --> | Frankfurt |  *
# *  9|+-----------+     |  Dachau  |     +--------+  |+------+     |  Dachau  |     +-----------+  *
# * 10|+-----------+     |          |     +--------+  |+------+     |          |     +-----------+  *
# * 11||    Ulm    | <-- |          | --> | Berlin |  || Ulm  | <-- |          | --> |  Berlin   |  *
# * 12|+-----------+     +----------+     +--------+  |+------+     +----------+     +-----------+  *
# * 13|                    |                          |               |                             *
# * 14|                    |                          |               |                             *
# * 15|                    v                          |               v                             *
# * 16|                  +----------+                 |             +----------+                    *
# * 17|                  | Chemnitz |                 |             | Chemnitz |                    *
# * 18|                  +----------+                 |             +----------+                    *
# | 19|'                                              |'                                            |
# +---+-----------------------------------------------+---------------------------------------------+

#   Failed test 'from 8_invisible.txt'
#   at t/ascii.t line 70.
#          got: '
#                               My sample graph
# 
#                             Test label
#                    +- - - - - - - - - - - - +
#                    '                        v
#                  +--------+               +-------+                +-------+
#          #=====> |  Five  |               | Seven |                | Eight |
#          H       +--------+               +-------+                +-------+
#          H
#          H
#          H
#          H
#          #==================================#
#                                             v
# +-----+          +--------+               +-------+  Test label    +-------+
# | Two |          |  One   | ============> | Three | <............> |  Six  |
# +-----+          +--------+               +-------+                +-------+
#                    :
#                    : Test
#                    : label
#                    v
#                  +--------+
#                  |  Four  |
#                  +--------+
# '
#     expected: '
#                             My sample graph
# 
#                     +-------+          +-------+  Test          +------+
#                     |  Two  |          |  One  |  label         | Four |
#                     |       |          |       | .............> |      |
#                     +-------+          +-------+                +------+
#                                          H
#   + - - - - - - - - - +                  H
#   '                   '                  v
#   '                 +-------+          +-------+  Test label    +------+
#   '                 | Five  | <======> | Three | <............> | Six  |
#   '                 +-------+          +-------+                +------+
#   '
#   '
#   '
#   '                 +-------+          +-------+
#   '                 | Seven |          | Eight |
#   '                 +-------+          +-------+
#   '   Test label      ^
#   + - - - - - - - - - +
# '

#   Failed test at t/ascii.t line 74.
# +---+------------------------------------------------------------------------------+---+---------------------------------------------------------------------------+
# | Ln|Got                                                                           | Ln|Expected                                                                   |
# +---+------------------------------------------------------------------------------+---+---------------------------------------------------------------------------+
# |  1|'                                                                             |  1|'                                                                          |
# *  2|                              My sample graph                                 *  2|                            My sample graph                                *
# |  3|                                                                              |  3|                                                                           |
# *  4|                            Test label                                        *  4|                    +-------+          +-------+  Test          +------+   *
# *  5|                   +- - - - - - - - - - - - +                                 *  5|                    |  Two  |          |  One  |  label         | Four |   *
# *  6|                   \'                        v                                *  6|                    |       |          |       | .............> |      |   *
# *  7|                 +--------+               +-------+                +-------+  *  7|                    +-------+          +-------+                +------+   *
# *  8|         #=====> |  Five  |               | Seven |                | Eight |  *  8|                                         H                                 *
# *  9|         H       +--------+               +-------+                +-------+  *  9|  + - - - - - - - - - +                  H                                 *
# * 10|         H                                                                    * 10|  \'                   \'                  v                               *
# * 11|         H                                                                    * 11|  \'                 +-------+          +-------+  Test label    +------+  *
# * 12|         H                                                                    * 12|  \'                 | Five  | <======> | Three | <............> | Six  |  *
# * 13|         H                                                                    * 13|  \'                 +-------+          +-------+                +------+  *
# * 14|         #==================================#                                 * 14|  \'                                                                       *
# * 15|                                            v                                 * 15|  \'                                                                       *
# * 16|+-----+          +--------+               +-------+  Test label    +-------+  * 16|  \'                                                                       *
# * 17|| Two |          |  One   | ============> | Three | <............> |  Six  |  * 17|  \'                 +-------+          +-------+                          *
# * 18|+-----+          +--------+               +-------+                +-------+  * 18|  \'                 | Seven |          | Eight |                          *
# * 19|                   :                                                          * 19|  \'                 +-------+          +-------+                          *
# * 20|                   : Test                                                     * 20|  \'   Test label      ^                                                   *
# * 21|                   : label                                                    * 21|  + - - - - - - - - - +                                                    *
# * 22|                   v                                                          *   |                                                                           |
# * 23|                 +--------+                                                   *   |                                                                           |
# * 24|                 |  Four  |                                                   *   |                                                                           |
# * 25|                 +--------+                                                   *   |                                                                           |
# | 26|'                                                                             | 22|'                                                                          |
# +---+------------------------------------------------------------------------------+---+---------------------------------------------------------------------------+

#   Failed test 'from 8_labels.txt'
#   at t/ascii.t line 70.
#          got: '
#                               My sample graph
# 
#                             Test label
#                    +- - - - - - - - - - - - +
#                    '                        v
#                  +--------+               +-------+                +-------+
#          #=====> |  Five  | ------------> | Seven | -------------- | Eight |
#          H       +--------+               +-------+                +-------+
#          H         |                                                 ^
#          H         +-------------------------------------------------+
#          H
#          H
#          #==================================#
#                                             v
# +-----+  label   +--------+               +-------+  Test label    +-------+
# | Two | <------- |  One   | ============> | Three | <............> |  Six  |
# +-----+          +--------+               +-------+                +-------+
#                    :
#                    : Test
#                    : label
#                    v
#                  +--------+
#                  |  Four  |
#                  +--------+
# '
#     expected: '
#                             My sample graph
# 
#                     +-------+          +-------+  Test          +------+
#                     |  Two  |  label   |  One  |  label         | Four |
#                     |       | <------- |       | .............> |      |
#                     +-------+          +-------+                +------+
#                                          H
#   + - - - - - - - - - +                  H
#   '                   '                  v
#   '                 +-------+          +-------+  Test label    +------+
#   '    +----------- | Five  | <======> | Three | <............> | Six  |
#   '    |            +-------+          +-------+                +------+
#   '    |              |
#   '    |              +------------------+
#   '    |                                 v
#   '    |            +-------+          +-------+
#   '    +----------> | Seven | -------- | Eight |
#   '                 +-------+          +-------+
#   '   Test label      ^
#   + - - - - - - - - - +
# '

#   Failed test at t/ascii.t line 74.
# +---+------------------------------------------------------------------------------+---+---------------------------------------------------------------------------+
# | Ln|Got                                                                           | Ln|Expected                                                                   |
# +---+------------------------------------------------------------------------------+---+---------------------------------------------------------------------------+
# |  1|'                                                                             |  1|'                                                                          |
# *  2|                              My sample graph                                 *  2|                            My sample graph                                *
# |  3|                                                                              |  3|                                                                           |
# *  4|                            Test label                                        *  4|                    +-------+          +-------+  Test          +------+   *
# *  5|                   +- - - - - - - - - - - - +                                 *  5|                    |  Two  |  label   |  One  |  label         | Four |   *
# *  6|                   \'                        v                                *  6|                    |       | <------- |       | .............> |      |   *
# *  7|                 +--------+               +-------+                +-------+  *  7|                    +-------+          +-------+                +------+   *
# *  8|         #=====> |  Five  | ------------> | Seven | -------------- | Eight |  *  8|                                         H                                 *
# *  9|         H       +--------+               +-------+                +-------+  *  9|  + - - - - - - - - - +                  H                                 *
# * 10|         H         |                                                 ^        * 10|  \'                   \'                  v                               *
# * 11|         H         +-------------------------------------------------+        * 11|  \'                 +-------+          +-------+  Test label    +------+  *
# * 12|         H                                                                    * 12|  \'    +----------- | Five  | <======> | Three | <............> | Six  |  *
# * 13|         H                                                                    * 13|  \'    |            +-------+          +-------+                +------+  *
# * 14|         #==================================#                                 * 14|  \'    |              |                                                   *
# * 15|                                            v                                 * 15|  \'    |              +------------------+                                *
# * 16|+-----+  label   +--------+               +-------+  Test label    +-------+  * 16|  \'    |                                 v                                *
# * 17|| Two | <------- |  One   | ============> | Three | <............> |  Six  |  * 17|  \'    |            +-------+          +-------+                          *
# * 18|+-----+          +--------+               +-------+                +-------+  * 18|  \'    +----------> | Seven | -------- | Eight |                          *
# * 19|                   :                                                          * 19|  \'                 +-------+          +-------+                          *
# * 20|                   : Test                                                     * 20|  \'   Test label      ^                                                   *
# * 21|                   : label                                                    * 21|  + - - - - - - - - - +                                                    *
# * 22|                   v                                                          *   |                                                                           |
# * 23|                 +--------+                                                   *   |                                                                           |
# * 24|                 |  Four  |                                                   *   |                                                                           |
# * 25|                 +--------+                                                   *   |                                                                           |
# | 26|'                                                                             | 22|'                                                                          |
# +---+------------------------------------------------------------------------------+---+---------------------------------------------------------------------------+
Warning: Layouter could only place 8 nodes/7 edges out of 8/8 - giving up at t/ascii.t line 61.

#   Failed test 'from 8_optimize_bend.txt'
#   at t/ascii.t line 70.
#          got: '
#   ..............
#   :            :
#   :            :
#   :       +----+------------------------------------------------+
#   v       |    :                                                v
# +------+  |  +------------+     +-------+     +---------+     +--------+
# | init |  |  |    main    |     | parse |     | execute |     | make a |
# |      | -+  |            | --> |       | --> |         | --> | string |
# +------+     +------------+     +-------+     +---------+     +--------+
#                |                                |
#                | Testlabel                      |
#                v                                v
#              +------------+                   +---------+
#              |  cleanup   |                   | compare |
#              +------------+                   +---------+
#              +------------+
#              |   printf   |
#              +------------+
# '
#     expected: '               +------------+
#                |   printf   |
#                +------------+
#                  ^
#                  ' 100 times
#                  '
# +--------+     +------------+     +-------+     +---------+     +---------+
# |  init  | <.. |    main    | --> | parse | --> | execute | --> | compare |
# +--------+     +------------+     +-------+     +---------+     +---------+
#   |              |                                |
#   |              | Testlabel                      |
#   v              v                                |
# +--------+     +------------+                     |
# | make a |     |  cleanup   |                     |
# | string |     |            |                     |
# +--------+     +------------+                     |
#   ^                                               |
#   +-----------------------------------------------+
# '

#   Failed test at t/ascii.t line 74.
# +---+--------------------------------------------------------------------------+---+-----------------------------------------------------------------------------+
# | Ln|Got                                                                       | Ln|Expected                                                                     |
# +---+--------------------------------------------------------------------------+---+-----------------------------------------------------------------------------+
# *  1|'                                                                         *  1|'               +------------+                                               *
# *  2|  ..............                                                          *  2|               |   printf   |                                                *
# *  3|  :            :                                                          *  3|               +------------+                                                *
# *  4|  :            :                                                          *  4|                 ^                                                           *
# *  5|  :       +----+------------------------------------------------+         *  5|                 \' 100 times                                                *
# *  6|  v       |    :                                                v         *  6|                 \'                                                          *
# *  7|+------+  |  +------------+     +-------+     +---------+     +--------+  *  7|+--------+     +------------+     +-------+     +---------+     +---------+  *
# *  8|| init |  |  |    main    |     | parse |     | execute |     | make a |  *  8||  init  | <.. |    main    | --> | parse | --> | execute | --> | compare |  *
# *  9||      | -+  |            | --> |       | --> |         | --> | string |  *  9|+--------+     +------------+     +-------+     +---------+     +---------+  *
# * 10|+------+     +------------+     +-------+     +---------+     +--------+  * 10|  |              |                                |                          *
# * 11|               |                                |                         * 11|  |              | Testlabel                      |                          *
# * 12|               | Testlabel                      |                         * 12|  v              v                                |                          *
# * 13|               v                                v                         * 13|+--------+     +------------+                     |                          *
# * 14|             +------------+                   +---------+                 * 14|| make a |     |  cleanup   |                     |                          *
# * 15|             |  cleanup   |                   | compare |                 * 15|| string |     |            |                     |                          *
# * 16|             +------------+                   +---------+                 * 16|+--------+     +------------+                     |                          *
# * 17|             +------------+                                               * 17|  ^                                               |                          *
# * 18|             |   printf   |                                               * 18|  +-----------------------------------------------+                          *
# * 19|             +------------+                                               *   |                                                                             |
# | 20|'                                                                         | 19|'                                                                            |
# +---+--------------------------------------------------------------------------+---+-----------------------------------------------------------------------------+
Warning: Layouter could only place 9 nodes/5 edges out of 9/6 - giving up at t/ascii.t line 61.

#   Failed test 'from 9_flow_south.txt'
#   at t/ascii.t line 70.
#          got: '+----------------------------------------------+
# |                      A                       |
# +----------------------------------------------+
#   |     |     |     |     |     |     |     |
#   |     |     |     |     |     |     |     |
#   v     v     v     v     v     v     v     v
# +----++----++----++----++----++----++----++----+
# | A4 || A1 || A2 || A3 || A5 || A6 || A7 || A8 |
# +----++----++----++----++----++----++----++----+
# '
#     expected: '+----------------------------------------------+
# |                      A                       |
# +----------------------------------------------+
#   |     |     |     |     |     |     |     |
#   |     |     |     |     |     |     |     |
#   v     v     v     v     v     v     v     v
# +----++----++----++----++----++----++----++----+
# | A1 || A2 || A3 || A4 || A5 || A6 || A7 || A8 |
# +----++----++----++----++----++----++----++----+
# '

#   Failed test at t/ascii.t line 74.
# +---+---------------------------------------------------+---------------------------------------------------+
# | Ln|Got                                                |Expected                                           |
# +---+---------------------------------------------------+---------------------------------------------------+
# |  1|'+----------------------------------------------+  |'+----------------------------------------------+  |
# |  2||                      A                       |   ||                      A                       |   |
# |  3|+----------------------------------------------+   |+----------------------------------------------+   |
# |  4|  |     |     |     |     |     |     |     |      |  |     |     |     |     |     |     |     |      |
# |  5|  |     |     |     |     |     |     |     |      |  |     |     |     |     |     |     |     |      |
# |  6|  v     v     v     v     v     v     v     v      |  v     v     v     v     v     v     v     v      |
# |  7|+----++----++----++----++----++----++----++----+   |+----++----++----++----++----++----++----++----+   |
# *  8|| A4 || A1 || A2 || A3 || A5 || A6 || A7 || A8 |   || A1 || A2 || A3 || A4 || A5 || A6 || A7 || A8 |   *
# |  9|+----++----++----++----++----++----++----++----+   |+----++----++----++----++----++----++----++----+   |
# | 10|'                                                  |'                                                  |
# +---+---------------------------------------------------+---------------------------------------------------+
# Looks like you planned 451 tests but ran 464.
# Looks like you failed 26 tests of 464 run.
t/ascii.t ............ 
Dubious, test returned 26 (wstat 6656, 0x1a00)
Failed 24/451 subtests 
t/astar.t ............ ok
t/attributes.t ....... ok
t/base.t ............. ok
t/boxart.t ........... ok
t/cell.t ............. ok
t/chain.t ............ ok
t/class.t ............ ok
t/cluster.t .......... ok
t/copy.t ............. ok
t/custom.t ........... ok
t/delete.t ........... ok
t/drop.t ............. ok
t/easypm.t ........... ok
t/edge.t ............. ok
t/edge_cell.t ........ ok
t/fb.t ............... ok
t/gdl.t .............. ok
t/graph-maker.t ...... ok
t/graph.t ............ ok
t/graphml.t .......... ok
t/graphml_yed.t ...... ok
Unescaped left brace in regex is deprecated, passed through in regex; marked by <-- HERE in m/subgraph "cluster\d+" { <-- HERE \n  label="A";\n    subgraph "cluster\d+" {/ at t/graphviz.t line 703.
Unescaped left brace in regex is deprecated, passed through in regex; marked by <-- HERE in m/subgraph "cluster\d+" {\n  label="A";\n    subgraph "cluster\d+" { <-- HERE / at t/graphviz.t line 703.
t/graphviz.t ......... ok
t/group.t ............ ok
Use of uninitialized value $2 in lc at ../lib/Graph/Easy/Parser/Graphviz.pm line 834.
Use of uninitialized value $2 in lc at ../lib/Graph/Easy/Parser/Graphviz.pm line 834.

#   Failed test 'from 9_back.dot'
#   at t/gv.t line 109.
#          got: '+---+     +----+     +----+     +---+     +---+     +---+     +---+
# | 0 | --> | 11 | --> | 1  | --> | 2 | --> | 3 | --> | 8 | <-- | 5 |
# +---+     +----+     +----+     +---+     +---+     +---+     +---+
#                        |                                        |
#                        |                                        |
#                        v                                        |
#                      +----+     +---+                           |
#                      | 10 | --> | 6 | <-------------------------+
#                      +----+     +---+
# '
#     expected: '+---+     +----+     +----+     +---+     +---+     +---+
# | 0 | --> | 11 | --> | 1  | --> | 2 | --> | 3 | --> | 8 |
# +---+     +----+     +----+     +---+     +---+     +---+
#                        |                              ^
#                        |                              |
#                        v                              |
#                      +----+     +---+     +---+       |
#                      | 10 | --> | 6 | <-- | 5 | ------+
#                      +----+     +---+     +---+
# '

#   Failed test at t/gv.t line 109.
# +---+----------------------------------------------------------------------+------------------------------------------------------------+
# | Ln|Got                                                                   |Expected                                                    |
# +---+----------------------------------------------------------------------+------------------------------------------------------------+
# *  1|'+---+     +----+     +----+     +---+     +---+     +---+     +---+  |'+---+     +----+     +----+     +---+     +---+     +---+  *
# *  2|| 0 | --> | 11 | --> | 1  | --> | 2 | --> | 3 | --> | 8 | <-- | 5 |   || 0 | --> | 11 | --> | 1  | --> | 2 | --> | 3 | --> | 8 |   *
# *  3|+---+     +----+     +----+     +---+     +---+     +---+     +---+   |+---+     +----+     +----+     +---+     +---+     +---+   *
# *  4|                       |                                        |     |                       |                              ^     *
# *  5|                       |                                        |     |                       |                              |     *
# *  6|                       v                                        |     |                       v                              |     *
# *  7|                     +----+     +---+                           |     |                     +----+     +---+     +---+       |     *
# *  8|                     | 10 | --> | 6 | <-------------------------+     |                     | 10 | --> | 6 | <-- | 5 | ------+     *
# *  9|                     +----+     +---+                                 |                     +----+     +---+     +---+             *
# | 10|'                                                                     |'                                                           |
# +---+----------------------------------------------------------------------+------------------------------------------------------------+

#   Failed test 'from 9_edge_styles.dot'
#   at t/gv.t line 109.
#          got: '+---+     +---+
# | F | <## | A |
# +---+     +---+
#   #         #
#   #         #
#   v         v
# +---+     +---+
# | G |     | B |
# +---+     +---+
#   #         #
#   #         #
#   v         v
# +---+     +---+
# | H |     | C |
# +---+     +---+
#   #         #
#   #         #
#   v         v
# +---+     +---+
# | I |     | D |
# +---+     +---+
#             #
#             #
#             v
#           +---+
#           | E |
#           +---+
# '
#     expected: '+---+     +---+
# | B | <## | A |
# +---+     +---+
#   #         #
#   #         #
#   v         v
# +---+     +---+
# | C |     | F |
# +---+     +---+
#   #         #
#   #         #
#   v         v
# +---+     +---+
# | D |     | G |
# +---+     +---+
#   #         #
#   #         #
#   v         v
# +---+     +---+
# | E |     | H |
# +---+     +---+
#             #
#             #
#             v
#           +---+
#           | I |
#           +---+
# '

#   Failed test at t/gv.t line 109.
# +---+------------------+------------------+
# | Ln|Got               |Expected          |
# +---+------------------+------------------+
# |  1|'+---+     +---+  |'+---+     +---+  |
# *  2|| F | <## | A |   || B | <## | A |   *
# |  3|+---+     +---+   |+---+     +---+   |
# |  4|  #         #     |  #         #     |
# |  5|  #         #     |  #         #     |
# |  6|  v         v     |  v         v     |
# |  7|+---+     +---+   |+---+     +---+   |
# *  8|| G |     | B |   || C |     | F |   *
# |  9|+---+     +---+   |+---+     +---+   |
# | 10|  #         #     |  #         #     |
# | 11|  #         #     |  #         #     |
# | 12|  v         v     |  v         v     |
# | 13|+---+     +---+   |+---+     +---+   |
# * 14|| H |     | C |   || D |     | G |   *
# | 15|+---+     +---+   |+---+     +---+   |
# | 16|  #         #     |  #         #     |
# | 17|  #         #     |  #         #     |
# | 18|  v         v     |  v         v     |
# | 19|+---+     +---+   |+---+     +---+   |
# * 20|| I |     | D |   || E |     | H |   *
# | 21|+---+     +---+   |+---+     +---+   |
# | 22|            #     |            #     |
# | 23|            #     |            #     |
# | 24|            v     |            v     |
# | 25|          +---+   |          +---+   |
# * 26|          | E |   |          | I |   *
# | 27|          +---+   |          +---+   |
# | 28|'                 |'                 |
# +---+------------------+------------------+
# Looks like you planned 140 tests but ran 142.
# Looks like you failed 4 tests of 142 run.
t/gv.t ............... 
Dubious, test returned 4 (wstat 1024, 0x400)
Failed 4/140 subtests 
t/heap.t ............. ok
t/html.t ............. ok
t/layers.t ........... ok
t/layout.t ........... ok
t/layout_r.t ......... ok
Warning: Layouter could only place 18 nodes/20 edges out of 18/21 - giving up at t/layouter.t line 56.
t/layouter.t ......... ok
t/messages.t ......... ok
t/nesting.t .......... ok
t/node.t ............. ok
t/node_mc.t .......... ok
t/parse_att.t ........ ok
t/parse_edge.t ....... ok
t/parser.t ........... ok
t/parser_dot.t ....... ok
t/parser_dot_html.t .. ok
t/path.t ............. ok
t/pod.t .............. ok
t/pod_cov.t .......... ok
t/re_layout.t ........ ok
t/split.t ............ ok
t/use_class.t ........ ok

#   Failed test 'two nodes A and B'
#   at t/vcg.t line 58.
#          got: 'B, A, '
#     expected: 'A, B, '

#   Failed test 'two nodes A and B'
#   at t/vcg.t line 93.
#          got: 'B, A, '
#     expected: 'A, B, '
# Looks like you failed 2 tests of 52.
t/vcg.t .............. 
Dubious, test returned 2 (wstat 512, 0x200)
Failed 2/52 subtests 

Test Summary Report
-------------------
t/ascii.t          (Wstat: 6656 Tests: 464 Failed: 37)
  Failed tests:  12-13, 166-167, 185-186, 201-202, 247-248
                275-276, 306-307, 382-383, 419-420, 441-442
                445-446, 449-450, 452-464
  Non-zero exit status: 26
  Parse errors: Bad plan.  You planned 451 tests but ran 464.
t/gv.t             (Wstat: 1024 Tests: 142 Failed: 6)
  Failed tests:  117-118, 121-122, 141-142
  Non-zero exit status: 4
  Parse errors: Bad plan.  You planned 140 tests but ran 142.
t/vcg.t            (Wstat: 512 Tests: 52 Failed: 2)
  Failed tests:  7, 12
  Non-zero exit status: 2
Files=51, Tests=2953,  7 wallclock secs ( 0.46 usr  0.05 sys +  6.40 cusr  0.38 csys =  7.29 CPU)
Result: FAIL
Failed 3/51 test programs. 45/2953 subtests failed.
make: *** [test_dynamic] Error 2

------------------------------
PREREQUISITES
------------------------------

Prerequisite modules loaded:

requires:

    Module              Need     Have    
    ------------------- -------- --------
    perl                5.008002 5.017006
    Scalar::Util        1.13     1.25    

build_requires:

    Module              Need     Have    
    ------------------- -------- --------
    ExtUtils::MakeMaker 6.59     6.63_02 
    Test::More          0.62     0.98    

configure_requires:

    Module              Need     Have    
    ------------------- -------- --------
    ExtUtils::MakeMaker 6.59     6.63_02 


------------------------------
ENVIRONMENT AND OTHER CONTEXT
------------------------------

Environment variables:

    AUTOMATED_TESTING = 1
    LANG = en_US.UTF-8
    LANGUAGE = en_US:en
    PATH = /home/sand/bin:/usr/local/bin:/usr/bin:/bin:/usr/bin/X11:/usr/games:/usr/local/perl/bin:/usr/X11/bin:/sbin:/usr/sbin
    PERL5LIB = 
    PERL5OPT = 
    PERL5_CPANPLUS_IS_RUNNING = 15723
    PERL5_CPAN_IS_RUNNING = 15723
    PERL_MM_USE_DEFAULT = 1
    SHELL = /usr/bin/zsh
    TERM = screen

Perl special variables (and OS-specific diagnostics, for MSWin32):

    $^X = /tmp/basesmoker-reloperl-6dU6/bin/perl
    $UID/$EUID = 1005 / 1005
    $GID = 1005 1005
    $EGID = 1005 1005

Perl module toolchain versions installed:

    Module              Have    
    ------------------- --------
    CPAN                1.9800  
    CPAN::Meta          2.120921
    Cwd                 3.39_02 
    ExtUtils::CBuilder  0.280209
    ExtUtils::Command   1.17    
    ExtUtils::Install   1.58    
    ExtUtils::MakeMaker 6.63_02 
    ExtUtils::Manifest  1.62    
    ExtUtils::ParseXS   3.18    
    File::Spec          3.39_02 
    JSON                2.53    
    JSON::PP            2.27200 
    Module::Build       0.4003  
    Module::Signature   0.69    
    Parse::CPAN::Meta   1.4404  
    Test::Harness       3.25_01 
    Test::More          0.98    
    YAML                0.84    
    YAML::Syck          1.21    
    version             0.9901  


--

Summary of my perl5 (revision 5 version 17 subversion 6) configuration:
  Commit id: 10ffaf90349dac17b6050fa36821c8d99f5dfb87
  Platform:
    osname=linux, osvers=3.2.0-4-amd64, archname=x86_64-linux
    uname='linux k83 3.2.0-4-amd64 #1 smp debian 3.2.32-1 x86_64 gnulinux '
    config_args='-Dprefix=/home/src/perl/repoperls/installed-perls/perl/v5.17.5-522-g10ffaf9/165a -Dmyhostname=k83 -Dinstallusrbinperl=n -Uversiononly -Dusedevel -des -Ui_db -Uuseithreads -Uuselongdouble -DDEBUGGING=-g'
    hint=recommended, useposix=true, d_sigaction=define
    useithreads=undef, usemultiplicity=undef
    useperlio=define, d_sfio=undef, uselargefiles=define, usesocks=undef
    use64bitint=define, use64bitall=define, uselongdouble=undef
    usemymalloc=n, bincompat5005=undef
  Compiler:
    cc='cc', ccflags ='-fno-strict-aliasing -pipe -fstack-protector -I/usr/local/include -D_LARGEFILE_SOURCE -D_FILE_OFFSET_BITS=64',
    optimize='-O2 -g',
    cppflags='-fno-strict-aliasing -pipe -fstack-protector -I/usr/local/include'
    ccversion='', gccversion='4.7.2', gccosandvers=''
    intsize=4, longsize=8, ptrsize=8, doublesize=8, byteorder=12345678
    d_longlong=define, longlongsize=8, d_longdbl=define, longdblsize=16
    ivtype='long', ivsize=8, nvtype='double', nvsize=8, Off_t='off_t', lseeksize=8
    alignbytes=8, prototype=define
  Linker and Libraries:
    ld='cc', ldflags =' -fstack-protector -L/usr/local/lib'
    libpth=/usr/local/lib /lib/x86_64-linux-gnu /lib/../lib /usr/lib/x86_64-linux-gnu /usr/lib/../lib /lib /usr/lib
    libs=-lnsl -ldb -ldl -lm -lcrypt -lutil -lc
    perllibs=-lnsl -ldl -lm -lcrypt -lutil -lc
    libc=, so=so, useshrplib=false, libperl=libperl.a
    gnulibc_version='2.13'
  Dynamic Linking:
    dlsrc=dl_dlopen.xs, dlext=so, d_dlsymun=undef, ccdlflags='-Wl,-E'
    cccdlflags='-fPIC', lddlflags='-shared -O2 -g -L/usr/local/lib -fstack-protector'


Characteristics of this binary (from libperl): 
  Compile-time options: HAS_TIMES PERLIO_LAYERS PERL_DONT_CREATE_GVSV
                        PERL_MALLOC_WRAP PERL_PRESERVE_IVUV PERL_USE_DEVEL
                        USE_64_BIT_ALL USE_64_BIT_INT USE_LARGE_FILES
                        USE_LOCALE USE_LOCALE_COLLATE USE_LOCALE_CTYPE
                        USE_LOCALE_NUMERIC USE_PERLIO USE_PERL_ATOF
  Built under linux
  Compiled at Nov 17 2012 23:05:01
  %ENV:
    PERL5LIB=""
    PERL5OPT=""
    PERL5_CPANPLUS_IS_RUNNING="15723"
    PERL5_CPAN_IS_RUNNING="15723"
    PERL_MM_USE_DEFAULT="1"
  @INC:
    /home/src/perl/repoperls/installed-perls/perl/v5.17.5-522-g10ffaf9/165a/lib/site_perl/5.17.6/x86_64-linux
    /home/src/perl/repoperls/installed-perls/perl/v5.17.5-522-g10ffaf9/165a/lib/site_perl/5.17.6
    /home/src/perl/repoperls/installed-perls/perl/v5.17.5-522-g10ffaf9/165a/lib/5.17.6/x86_64-linux
    /home/src/perl/repoperls/installed-perls/perl/v5.17.5-522-g10ffaf9/165a/lib/5.17.6
    .