Back
From: metabase:user:320bfe00-2aae-11df-837a-5e0a49663a4f
Subject: FAIL PITA-Scheme-0.43 v5.24.2 RC1 GNU/Linux
Date: 2017-07-12T15:09:46Z
This distribution has been tested as part of the CPAN Testers
project, supporting the Perl programming language. See
http://wiki.cpantesters.org/ for more information or email
questions to cpan-testers-discuss@perl.org
--
Dear Adam Kennedy,
This is a computer-generated report for PITA-Scheme-0.43
on perl 5.24.2, created by CPAN-Reporter-1.2018.
Thank you for uploading your work to CPAN. However, there was a problem
testing your distribution.
If you think this report is invalid, please consult the CPAN Testers Wiki
for suggestions on how to avoid getting FAIL reports for missing library
or binary dependencies, unsupported operating systems, and so on:
http://wiki.cpantesters.org/wiki/CPANAuthorNotes
Sections of this report:
* Tester comments
* Program output
* Prerequisites
* Environment and other context
------------------------------
TESTER COMMENTS
------------------------------
Additional comments from tester:
this report is from an automated smoke testing program
and was not reviewed by a human for accuracy
------------------------------
PROGRAM OUTPUT
------------------------------
Output from '/usr/bin/make test':
PERL_DL_NONLAZY=1 "/tmp/basesmoker-reloperl-6cUg/bin/perl" "-MExtUtils::Command::MM" "-MTest::Harness" "-e" "undef *Test::Harness::Switches; test_harness(0, 'inc', 'blib/lib', 'blib/arch')" t/*.t
t/01_compile.t ......... ok
t/02_prepare.t ......... ok
t/03_execute.t ......... ok
# Failed test '->execute_all runs ok'
# at t/04_perl5build.t line 81.
# Failed test '->execute_all added three commands to the report'
# at t/04_perl5build.t line 84.
# got: '1'
# expected: '3'
# Failed test 'undef isa 'PITA::XML::Command''
# at t/04_perl5build.t line 88.
# undef isn't defined
# Failed test 'undef isa 'PITA::XML::Command''
# at t/04_perl5build.t line 89.
# undef isn't defined
Can't call method "cmd" on an undefined value at t/04_perl5build.t line 92.
# Looks like you planned 27 tests but ran 22.
# Looks like you failed 4 tests of 22 run.
t/04_perl5build.t ......
Dubious, test returned 4 (wstat 1024, 0x400)
Failed 9/27 subtests
t/05_perl_discovery.t .. ok
Test Summary Report
-------------------
t/04_perl5build.t (Wstat: 1024 Tests: 22 Failed: 4)
Failed tests: 17-18, 20-21
Non-zero exit status: 4
Parse errors: Bad plan. You planned 27 tests but ran 22.
Files=5, Tests=98, 3 wallclock secs ( 0.03 usr 0.02 sys + 1.68 cusr 0.84 csys = 2.57 CPU)
Result: FAIL
Failed 1/5 test programs. 4/98 subtests failed.
Makefile:784: recipe for target 'test_dynamic' failed
make: *** [test_dynamic] Error 255
------------------------------
PREREQUISITES
------------------------------
Prerequisite modules loaded:
requires:
Module Need Have
------------------- ----- --------
Archive::Extract 0.18 0.80
Data::GUID 0.045 0.049
File::pushd 0.99 1.014
File::Spec 0.80 3.63_01
File::Temp 0 0.2304
File::Which 0.05 1.21
IPC::Run3 0.036 0.048
Params::Util 0.23 1.07
perl 5.006 5.024002
PITA::XML 0.43 0.52
Process 0.16 0.30
build_requires:
Module Need Have
------------------- ----- --------
Cwd 0 3.63_01
ExtUtils::MakeMaker 6.42 7.30
File::Remove 1.42 1.57
Module::Build 0.28 0.4224
Test::More 0.47 1.302086
configure_requires:
Module Need Have
------------------- ----- --------
ExtUtils::MakeMaker 6.42 7.30
------------------------------
ENVIRONMENT AND OTHER CONTEXT
------------------------------
Environment variables:
AUTOMATED_TESTING = 1
LANG = en_US.UTF-8
PATH = /home/sand/bin:/usr/local/bin:/usr/bin:/bin:/usr/games:/usr/local/perl/bin:/usr/X11/bin:/sbin:/usr/sbin
PERL5LIB = /tmp/loop_over_bdir-3641-kdbMKU/Net-DNS-1.11-0/blib/arch:/tmp/loop_over_bdir-3641-kdbMKU/Net-DNS-1.11-0/blib/lib
PERL5OPT =
PERL5_CPANPLUS_IS_RUNNING = 25548
PERL5_CPAN_IS_RUNNING = 25548
PERL_CANARY_STABILITY_NOPROMPT = 1
PERL_MM_USE_DEFAULT = 1
PERL_USE_UNSAFE_INC = 1
SHELL = /usr/bin/zsh
TERM = screen
Perl special variables (and OS-specific diagnostics, for MSWin32):
$^X = /tmp/basesmoker-reloperl-6cUg/bin/perl
$UID/$EUID = 1005 / 1005
$GID = 1005 1005
$EGID = 1005 1005
Perl module toolchain versions installed:
Module Have
------------------- ----------
CPAN 2.18
CPAN::Meta 2.150010
Cwd 3.63_01
ExtUtils::CBuilder 0.280225
ExtUtils::Command 7.30
ExtUtils::Install 2.06
ExtUtils::MakeMaker 7.30
ExtUtils::Manifest 1.70
ExtUtils::ParseXS 3.31
File::Spec 3.63_01
JSON 2.94
JSON::PP 2.27300_01
Module::Build 0.4224
Module::Signature 0.81
Parse::CPAN::Meta 2.150010
Test::Harness 3.39
Test::More 1.302086
YAML 1.23
YAML::Syck 1.30
version 0.9918
--
Summary of my perl5 (revision 5 version 24 subversion 2) configuration:
Commit id: 4089b3b59843538aab75e779540bfc6eda8b6a10
Platform:
osname=linux, osvers=4.11.0-1-amd64, archname=x86_64-linux
uname='linux k93x64sid 4.11.0-1-amd64 #1 smp debian 4.11.6-1 (2017-06-19) x86_64 gnulinux '
config_args='-Dprefix=/home/sand/src/perl/repoperls/installed-perls/host/k93x64sid/v5.24.2-RC1/29a8 -Dmyhostname=k93x64sid -Dinstallusrbinperl=n -Uversiononly -Dusedevel -des -Ui_db -Dlibswanted=cl pthread socket inet nsl gdbm dbm malloc dl ld sun m crypt sec util c cposix posix ucb BSD gdbm_compat -Uuseithreads -Uuselongdouble -DDEBUGGING=-g'
hint=recommended, useposix=true, d_sigaction=define
useithreads=undef, usemultiplicity=undef
use64bitint=define, use64bitall=define, uselongdouble=undef
usemymalloc=n, bincompat5005=undef
Compiler:
cc='cc', ccflags ='-fwrapv -fno-strict-aliasing -pipe -fstack-protector-strong -I/usr/local/include -D_LARGEFILE_SOURCE -D_FILE_OFFSET_BITS=64',
optimize='-O2 -g',
cppflags='-fwrapv -fno-strict-aliasing -pipe -fstack-protector-strong -I/usr/local/include'
ccversion='', gccversion='6.4.0 20170704', gccosandvers=''
intsize=4, longsize=8, ptrsize=8, doublesize=8, byteorder=12345678, doublekind=3
d_longlong=define, longlongsize=8, d_longdbl=define, longdblsize=16, longdblkind=3
ivtype='long', ivsize=8, nvtype='double', nvsize=8, Off_t='off_t', lseeksize=8
alignbytes=8, prototype=define
Linker and Libraries:
ld='cc', ldflags =' -fstack-protector-strong -L/usr/local/lib'
libpth=/usr/local/lib /usr/lib/gcc/x86_64-linux-gnu/6/include-fixed /usr/include/x86_64-linux-gnu /usr/lib /lib/x86_64-linux-gnu /lib/../lib /usr/lib/x86_64-linux-gnu /usr/lib/../lib /lib
libs=-lpthread -lnsl -ldl -lm -lcrypt -lutil -lc
perllibs=-lpthread -lnsl -ldl -lm -lcrypt -lutil -lc
libc=libc-2.24.so, so=so, useshrplib=false, libperl=libperl.a
gnulibc_version='2.24'
Dynamic Linking:
dlsrc=dl_dlopen.xs, dlext=so, d_dlsymun=undef, ccdlflags='-Wl,-E'
cccdlflags='-fPIC', lddlflags='-shared -O2 -g -L/usr/local/lib -fstack-protector-strong'
Characteristics of this binary (from libperl):
Compile-time options: HAS_TIMES PERLIO_LAYERS PERL_COPY_ON_WRITE
PERL_DONT_CREATE_GVSV
PERL_HASH_FUNC_ONE_AT_A_TIME_HARD PERL_MALLOC_WRAP
PERL_PRESERVE_IVUV PERL_USE_DEVEL USE_64_BIT_ALL
USE_64_BIT_INT USE_LARGE_FILES USE_LOCALE
USE_LOCALE_COLLATE USE_LOCALE_CTYPE
USE_LOCALE_NUMERIC USE_LOCALE_TIME USE_PERLIO
USE_PERL_ATOF
Locally applied patches:
RC1
Built under linux
Compiled at Jul 11 2017 07:41:53
%ENV:
PERL5LIB="/tmp/loop_over_bdir-3641-kdbMKU/Net-DNS-1.11-0/blib/arch:/tmp/loop_over_bdir-3641-kdbMKU/Net-DNS-1.11-0/blib/lib"
PERL5OPT=""
PERL5_CPANPLUS_IS_RUNNING="25548"
PERL5_CPAN_IS_RUNNING="25548"
PERL_CANARY_STABILITY_NOPROMPT="1"
PERL_MM_USE_DEFAULT="1"
PERL_USE_UNSAFE_INC="1"
@INC:
/tmp/loop_over_bdir-3641-kdbMKU/Net-DNS-1.11-0/blib/arch
/tmp/loop_over_bdir-3641-kdbMKU/Net-DNS-1.11-0/blib/lib
/home/sand/src/perl/repoperls/installed-perls/host/k93x64sid/v5.24.2-RC1/29a8/lib/site_perl/5.24.2/x86_64-linux
/home/sand/src/perl/repoperls/installed-perls/host/k93x64sid/v5.24.2-RC1/29a8/lib/site_perl/5.24.2
/home/sand/src/perl/repoperls/installed-perls/host/k93x64sid/v5.24.2-RC1/29a8/lib/5.24.2/x86_64-linux
/home/sand/src/perl/repoperls/installed-perls/host/k93x64sid/v5.24.2-RC1/29a8/lib/5.24.2
.