Report for Test-Trivial-1.9

Back
From: metabase:user:320bfe00-2aae-11df-837a-5e0a49663a4f
Subject: FAIL Test-Trivial-1.9 v5.15.2 GNU/Linux
Date: 2012-10-02T08:28:27Z

This distribution has been tested as part of the CPAN Testers
project, supporting the Perl programming language.  See
http://wiki.cpantesters.org/ for more information or email
questions to cpan-testers-discuss@perl.org


--
Dear Cory Bennett,

This is a computer-generated report for Test-Trivial-1.9
on perl 5.15.2, created by CPAN-Reporter-1.2006.

Thank you for uploading your work to CPAN.  However, there was a problem
testing your distribution.

If you think this report is invalid, please consult the CPAN Testers Wiki
for suggestions on how to avoid getting FAIL reports for missing library
or binary dependencies, unsupported operating systems, and so on:

http://wiki.cpantesters.org/wiki/CPANAuthorNotes

Sections of this report:

    * Tester comments
    * Program output
    * Prerequisites
    * Environment and other context

------------------------------
TESTER COMMENTS
------------------------------

Additional comments from tester:

none provided

------------------------------
PROGRAM OUTPUT
------------------------------

Output from '/usr/bin/make test':

PERL_DL_NONLAZY=1 /mnt/k75/homesand/src/perl/repoperls/installed-perls/perl/v5.15.2-211-ga17b2d9/127e/bin/perl "-MExtUtils::Command::MM" "-e" "test_harness(0, 'blib/lib', 'blib/arch')" t/*.t
#          got: '12.00001'
#     expected: '12'
t/eq.t ...... ok
# Looks like you failed 1 test of 6.
t/err.t ..... 
Dubious, test returned 1 (wstat 256, 0x100)
Failed 1/6 subtests 
#          got: 'ARRAY(0x2374cb8)'
#     expected: 'ARRAY(0x299cba8)'
#          got: 'HASH(0x23894d0)'
#     expected: 'HASH(0x23894a0)'
t/id.t ...... ok
t/is.t ...... ok
Name "main::STDIO" used only once: possible typo at t/isa.t line 21.
t/isa.t ..... ok
t/isnt.t .... ok
#                   'foo'
#     doesn't match '(?^:bar)'
t/like.t .... ok
t/nok.t ..... ok
t/ok.t ...... ok
#          got: '4'
#     expected: '5'
#          got: '45034496'
#     expected: '45034976'
#          got: 'ARRAY(0x2af2c00)'
#     expected: 'ARRAY(0x2af2de0)'
#                   'abc'
#           matches '(?^:^a)'
t/test.t .... ok
#          got: 'ARRAY(0x2ba7410)'
#     expected: 'ARRAY(0x25e0708)'
#          got: '123'
#     expected: '124'
#                   'abc'
#     doesn't match '(?^:^ABC$)'
#                   'abc'
#           matches '(?^:^abc$)'
t/todo.t .... ok
#                   'ABC'
#           matches '(?^i:^a)'
#                   'ABC'
#           matches '(?^:^(?i:a))'
#                   '123.456E3'
#           matches '(?^:(?:(?:[+-]?)(?:[0123456789]+)))'
t/unlike.t .. ok

Test Summary Report
-------------------
t/err.t   (Wstat: 256 Tests: 6 Failed: 1)
  Failed test:  2
  Non-zero exit status: 1
Files=12, Tests=100,  2 wallclock secs ( 0.05 usr  0.02 sys +  0.79 cusr  0.18 csys =  1.04 CPU)
Result: FAIL
Failed 1/12 test programs. 1/100 subtests failed.
make: *** [test_dynamic] Error 255

------------------------------
PREREQUISITES
------------------------------

Prerequisite modules loaded:

requires:

    Module              Need Have      
    ------------------- ---- ----------
    Filter::Simple      0    0.87      
    IO::Scalar          0    2.110     
    IO::Tee             0    0.64      
    Regexp::Common      0    2011121001
    Test::More          0    0.98      
    Text::Diff          0    1.41      

build_requires:

    Module              Need Have      
    ------------------- ---- ----------
    ExtUtils::MakeMaker 0    6.62      

configure_requires:

    Module              Need Have      
    ------------------- ---- ----------
    ExtUtils::MakeMaker 0    6.62      


------------------------------
ENVIRONMENT AND OTHER CONTEXT
------------------------------

Environment variables:

    LANG = en_US.UTF-8
    LANGUAGE = en_US:en
    PATH = /usr/lib/git-core:/home/sand/bin:/usr/local/bin:/usr/bin:/bin:/usr/bin/X11:/usr/games:/usr/local/perl/bin:/usr/X11/bin:/sbin:/usr/sbin
    PERL5LIB = 
    PERL5OPT = 
    PERL5_CPANPLUS_IS_RUNNING = 9365
    PERL5_CPAN_IS_RUNNING = 9365
    SHELL = /usr/bin/zsh
    TERM = screen

Perl special variables (and OS-specific diagnostics, for MSWin32):

    $^X = /mnt/k75/homesand/src/perl/repoperls/installed-perls/perl/v5.15.2-211-ga17b2d9/127e/bin/perl
    $UID/$EUID = 1005 / 1005
    $GID = 1005 1005
    $EGID = 1005 1005

Perl module toolchain versions installed:

    Module              Have    
    ------------------- --------
    CPAN                1.9800  
    CPAN::Meta          2.112150
    Cwd                 3.37    
    ExtUtils::CBuilder  0.280205
    ExtUtils::Command   1.17    
    ExtUtils::Install   1.57    
    ExtUtils::MakeMaker 6.62    
    ExtUtils::Manifest  1.60    
    ExtUtils::ParseXS   3.04_01 
    File::Spec          3.34    
    JSON                2.53    
    JSON::PP            2.27200 
    Module::Build       0.4003  
    Module::Signature   0.68    
    Parse::CPAN::Meta   1.4404  
    Test::Harness       3.25    
    Test::More          0.98    
    YAML                n/a     
    YAML::Syck          1.21    
    version             0.93    


--

Summary of my perl5 (revision 5 version 15 subversion 2) configuration:
  Commit id: a17b2d91d862b84c0f77b1e23c02359945ed69ca
  Platform:
    osname=linux, osvers=3.2.0-4-amd64, archname=x86_64-linux-ld
    uname='linux k83 3.2.0-4-amd64 #1 smp debian 3.2.30-1 x86_64 gnulinux '
    config_args='-Dprefix=/home/src/perl/repoperls/installed-perls/perl/v5.15.2-211-ga17b2d9/127e -Dmyhostname=k83 -Dinstallusrbinperl=n -Uversiononly -Dusedevel -des -Ui_db -Uuseithreads -Duselongdouble -DDEBUGGING=-g'
    hint=recommended, useposix=true, d_sigaction=define
    useithreads=undef, usemultiplicity=undef
    useperlio=define, d_sfio=undef, uselargefiles=define, usesocks=undef
    use64bitint=define, use64bitall=define, uselongdouble=define
    usemymalloc=n, bincompat5005=undef
  Compiler:
    cc='cc', ccflags ='-fno-strict-aliasing -pipe -fstack-protector -I/usr/local/include -D_LARGEFILE_SOURCE -D_FILE_OFFSET_BITS=64',
    optimize='-O2 -g',
    cppflags='-fno-strict-aliasing -pipe -fstack-protector -I/usr/local/include'
    ccversion='', gccversion='4.7.2', gccosandvers=''
    intsize=4, longsize=8, ptrsize=8, doublesize=8, byteorder=12345678
    d_longlong=define, longlongsize=8, d_longdbl=define, longdblsize=16
    ivtype='long', ivsize=8, nvtype='long double', nvsize=16, Off_t='off_t', lseeksize=8
    alignbytes=16, prototype=define
  Linker and Libraries:
    ld='cc', ldflags =' -fstack-protector -L/usr/local/lib'
    libpth=/usr/local/lib /lib/x86_64-linux-gnu /lib/../lib /usr/lib/x86_64-linux-gnu /usr/lib/../lib /lib /usr/lib
    libs=-lnsl -ldb -ldl -lm -lcrypt -lutil -lc
    perllibs=-lnsl -ldl -lm -lcrypt -lutil -lc
    libc=, so=so, useshrplib=false, libperl=libperl.a
    gnulibc_version='2.13'
  Dynamic Linking:
    dlsrc=dl_dlopen.xs, dlext=so, d_dlsymun=undef, ccdlflags='-Wl,-E'
    cccdlflags='-fPIC', lddlflags='-shared -O2 -g -L/usr/local/lib -fstack-protector'


Characteristics of this binary (from libperl): 
  Compile-time options: HAS_TIMES PERLIO_LAYERS PERL_DONT_CREATE_GVSV
                        PERL_MALLOC_WRAP PERL_PRESERVE_IVUV PERL_USE_DEVEL
                        USE_64_BIT_ALL USE_64_BIT_INT USE_LARGE_FILES
                        USE_LOCALE USE_LOCALE_COLLATE USE_LOCALE_CTYPE
                        USE_LOCALE_NUMERIC USE_LONG_DOUBLE USE_PERLIO
                        USE_PERL_ATOF
  Built under linux
  Compiled at Oct  2 2012 10:07:50
  %ENV:
    PERL5LIB=""
    PERL5OPT=""
    PERL5_CPANPLUS_IS_RUNNING="9365"
    PERL5_CPAN_IS_RUNNING="9365"
  @INC:
    /home/src/perl/repoperls/installed-perls/perl/v5.15.2-211-ga17b2d9/127e/lib/site_perl/5.15.2/x86_64-linux-ld
    /home/src/perl/repoperls/installed-perls/perl/v5.15.2-211-ga17b2d9/127e/lib/site_perl/5.15.2
    /home/src/perl/repoperls/installed-perls/perl/v5.15.2-211-ga17b2d9/127e/lib/5.15.2/x86_64-linux-ld
    /home/src/perl/repoperls/installed-perls/perl/v5.15.2-211-ga17b2d9/127e/lib/5.15.2
    .