Report for WebService-Cmis-0.08

Back
From: metabase:user:320bfe00-2aae-11df-837a-5e0a49663a4f
Subject: FAIL WebService-Cmis-0.08 v5.17.5 GNU/Linux
Date: 2012-10-02T07:02:37Z

This distribution has been tested as part of the CPAN Testers
project, supporting the Perl programming language.  See
http://wiki.cpantesters.org/ for more information or email
questions to cpan-testers-discuss@perl.org


--
Dear Michael Daum,

This is a computer-generated report for WebService-Cmis-0.08
on perl 5.17.5, created by CPAN-Reporter-1.2006.

Thank you for uploading your work to CPAN.  However, there was a problem
testing your distribution.

If you think this report is invalid, please consult the CPAN Testers Wiki
for suggestions on how to avoid getting FAIL reports for missing library
or binary dependencies, unsupported operating systems, and so on:

http://wiki.cpantesters.org/wiki/CPANAuthorNotes

Sections of this report:

    * Tester comments
    * Program output
    * Prerequisites
    * Environment and other context

------------------------------
TESTER COMMENTS
------------------------------

Additional comments from tester:

this report is from an automated smoke testing program
and was not reviewed by a human for accuracy

------------------------------
PROGRAM OUTPUT
------------------------------

Output from '/usr/bin/make test':

PERL_DL_NONLAZY=1 /mnt/k75/homesand/src/perl/repoperls/installed-perls/perl/v5.17.4-10-ga310a8f/127e/bin/perl "-MExtUtils::Command::MM" "-e" "test_harness(0, 'inc', 'blib/lib', 'blib/arch')" t/*.t
# Testing WebService::Cmis 0.08, Perl 5.017005, /mnt/k75/homesand/src/perl/repoperls/installed-perls/perl/v5.17.4-10-ga310a8f/127e/bin/perl
t/00-load.t ......... ok
t/00-signature.t .... skipped: Set the environment variable TEST_SIGNATURE to enable this test.
t/01-basics.t ....... skipped: WARNING: You need to create a cmis.cfg. See the example file in the inc/ directory.
t/02-client.t ....... skipped: WARNING: You need to create a cmis.cfg. See the example file in the inc/ directory.
t/03-object.t ....... skipped: WARNING: You need to create a cmis.cfg. See the example file in the inc/ directory.
t/04-atom-feed.t .... skipped: WARNING: You need to create a cmis.cfg. See the example file in the inc/ directory.
t/05-object-type.t .. skipped: WARNING: You need to create a cmis.cfg. See the example file in the inc/ directory.
t/06-property.t ..... skipped: WARNING: You need to create a cmis.cfg. See the example file in the inc/ directory.
t/07-repository.t ... skipped: WARNING: You need to create a cmis.cfg. See the example file in the inc/ directory.
t/08-acl.t .......... skipped: WARNING: You need to create a cmis.cfg. See the example file in the inc/ directory.
t/09-folder.t ....... skipped: WARNING: You need to create a cmis.cfg. See the example file in the inc/ directory.
t/10-document.t ..... skipped: WARNING: You need to create a cmis.cfg. See the example file in the inc/ directory.
t/11-ace.t .......... skipped: WARNING: You need to create a cmis.cfg. See the example file in the inc/ directory.
t/boilerplate.t ..... ok
t/manifest.t ........ skipped: Set the environment variable RELEASE_TESTING to enable this test.
t/pod-coverage.t .... ok

#   Failed test 'POD test for blib/lib/WebService/Cmis/Document.pm'
#   at /home/src/perl/repoperls/installed-perls/perl/v5.17.4-10-ga310a8f/127e/lib/site_perl/5.17.5/Test/Pod.pm line 182.
Wide character in print at /home/src/perl/repoperls/installed-perls/perl/v5.17.4-10-ga310a8f/127e/lib/5.17.5/Test/Builder.pm line 1759.
# blib/lib/WebService/Cmis/Document.pm (371): Non-ASCII character seen before =encoding in '‘image’'. Assuming UTF-8
# Looks like you failed 1 test of 29.
t/pod.t ............. 
Dubious, test returned 1 (wstat 256, 0x100)
Failed 1/29 subtests 

Test Summary Report
-------------------
t/boilerplate.t   (Wstat: 0 Tests: 3 Failed: 0)
  TODO passed:   1-3
t/pod.t           (Wstat: 256 Tests: 29 Failed: 1)
  Failed test:  12
  Non-zero exit status: 1
Files=17, Tests=62,  1 wallclock secs ( 0.06 usr  0.02 sys +  0.89 cusr  0.19 csys =  1.16 CPU)
Result: FAIL
Failed 1/17 test programs. 1/62 subtests failed.
make: *** [test_dynamic] Error 1

------------------------------
PREREQUISITES
------------------------------

Prerequisite modules loaded:

requires:

    Module              Need     Have    
    ------------------- -------- --------
    Error               0        0.17018 
    File::MMagic        0        1.29    
    LWP::UserAgent      0        6.04    
    perl                5.012001 5.017005
    REST::Client        0        249     
    URI                 0        1.60    
    XML::LibXML         0        2.0004  

build_requires:

    Module              Need     Have    
    ------------------- -------- --------
    ExtUtils::MakeMaker 6.42     6.63_02 
    Test::Class         0        0.37    
    Test::DistManifest  0        1.012   
    Test::Pod           0        1.45    
    Test::Pod::Coverage 0        1.08    
    Test::Signature     0        1.10    

configure_requires:

    Module              Need     Have    
    ------------------- -------- --------
    ExtUtils::MakeMaker 0        6.63_02 


------------------------------
ENVIRONMENT AND OTHER CONTEXT
------------------------------

Environment variables:

    AUTOMATED_TESTING = 1
    LANG = en_US.UTF-8
    LANGUAGE = en_US:en
    PATH = /home/sand/bin:/usr/local/bin:/usr/bin:/bin:/usr/bin/X11:/usr/games:/usr/local/perl/bin:/usr/X11/bin:/sbin:/usr/sbin
    PERL5LIB = 
    PERL5OPT = 
    PERL5_CPANPLUS_IS_RUNNING = 20337
    PERL5_CPAN_IS_RUNNING = 20337
    PERL_MM_USE_DEFAULT = 1
    SHELL = /usr/bin/zsh
    TERM = screen

Perl special variables (and OS-specific diagnostics, for MSWin32):

    $^X = /mnt/k75/homesand/src/perl/repoperls/installed-perls/perl/v5.17.4-10-ga310a8f/127e/bin/perl
    $UID/$EUID = 1005 / 1005
    $GID = 1005 1005
    $EGID = 1005 1005

Perl module toolchain versions installed:

    Module              Have    
    ------------------- --------
    CPAN                1.9800  
    CPAN::Meta          2.120921
    Cwd                 3.39_02 
    ExtUtils::CBuilder  0.280208
    ExtUtils::Command   1.17    
    ExtUtils::Install   1.58    
    ExtUtils::MakeMaker 6.63_02 
    ExtUtils::Manifest  1.61    
    ExtUtils::ParseXS   3.18    
    File::Spec          3.39_02 
    JSON                2.53    
    JSON::PP            2.27200 
    Module::Build       0.4003  
    Module::Signature   n/a     
    Parse::CPAN::Meta   1.4404  
    Test::Harness       3.25_01 
    Test::More          0.98    
    YAML                0.84    
    YAML::Syck          1.21    
    version             0.9901  


--

Summary of my perl5 (revision 5 version 17 subversion 5) configuration:
  Commit id: a310a8f2bf41061e1bf6feadf7d6758f96b481c5
  Platform:
    osname=linux, osvers=3.2.0-3-amd64, archname=x86_64-linux-ld
    uname='linux k83 3.2.0-3-amd64 #1 smp mon jul 23 02:45:17 utc 2012 x86_64 gnulinux '
    config_args='-Dprefix=/home/src/perl/repoperls/installed-perls/perl/v5.17.4-10-ga310a8f/127e -Dmyhostname=k83 -Dinstallusrbinperl=n -Uversiononly -Dusedevel -des -Ui_db -Uuseithreads -Duselongdouble -DDEBUGGING=-g'
    hint=recommended, useposix=true, d_sigaction=define
    useithreads=undef, usemultiplicity=undef
    useperlio=define, d_sfio=undef, uselargefiles=define, usesocks=undef
    use64bitint=define, use64bitall=define, uselongdouble=define
    usemymalloc=n, bincompat5005=undef
  Compiler:
    cc='cc', ccflags ='-fno-strict-aliasing -pipe -fstack-protector -I/usr/local/include -D_LARGEFILE_SOURCE -D_FILE_OFFSET_BITS=64',
    optimize='-O2 -g',
    cppflags='-fno-strict-aliasing -pipe -fstack-protector -I/usr/local/include'
    ccversion='', gccversion='4.7.1', gccosandvers=''
    intsize=4, longsize=8, ptrsize=8, doublesize=8, byteorder=12345678
    d_longlong=define, longlongsize=8, d_longdbl=define, longdblsize=16
    ivtype='long', ivsize=8, nvtype='long double', nvsize=16, Off_t='off_t', lseeksize=8
    alignbytes=16, prototype=define
  Linker and Libraries:
    ld='cc', ldflags =' -fstack-protector -L/usr/local/lib'
    libpth=/usr/local/lib /lib/x86_64-linux-gnu /lib/../lib /usr/lib/x86_64-linux-gnu /usr/lib/../lib /lib /usr/lib
    libs=-lnsl -ldb -ldl -lm -lcrypt -lutil -lc
    perllibs=-lnsl -ldl -lm -lcrypt -lutil -lc
    libc=, so=so, useshrplib=false, libperl=libperl.a
    gnulibc_version='2.13'
  Dynamic Linking:
    dlsrc=dl_dlopen.xs, dlext=so, d_dlsymun=undef, ccdlflags='-Wl,-E'
    cccdlflags='-fPIC', lddlflags='-shared -O2 -g -L/usr/local/lib -fstack-protector'


Characteristics of this binary (from libperl): 
  Compile-time options: HAS_TIMES PERLIO_LAYERS PERL_DONT_CREATE_GVSV
                        PERL_MALLOC_WRAP PERL_PRESERVE_IVUV PERL_USE_DEVEL
                        USE_64_BIT_ALL USE_64_BIT_INT USE_LARGE_FILES
                        USE_LOCALE USE_LOCALE_COLLATE USE_LOCALE_CTYPE
                        USE_LOCALE_NUMERIC USE_LONG_DOUBLE USE_PERLIO
                        USE_PERL_ATOF
  Built under linux
  Compiled at Sep 20 2012 15:48:28
  %ENV:
    PERL5LIB=""
    PERL5OPT=""
    PERL5_CPANPLUS_IS_RUNNING="20337"
    PERL5_CPAN_IS_RUNNING="20337"
    PERL_MM_USE_DEFAULT="1"
  @INC:
    /home/src/perl/repoperls/installed-perls/perl/v5.17.4-10-ga310a8f/127e/lib/site_perl/5.17.5/x86_64-linux-ld
    /home/src/perl/repoperls/installed-perls/perl/v5.17.4-10-ga310a8f/127e/lib/site_perl/5.17.5
    /home/src/perl/repoperls/installed-perls/perl/v5.17.4-10-ga310a8f/127e/lib/5.17.5/x86_64-linux-ld
    /home/src/perl/repoperls/installed-perls/perl/v5.17.4-10-ga310a8f/127e/lib/5.17.5
    .