Back
From: metabase:user:320bfe00-2aae-11df-837a-5e0a49663a4f
Subject: FAIL DBIx-ObjectMapper-0.3013 v5.17.7 GNU/Linux
Date: 2012-11-22T03:46:02Z
This distribution has been tested as part of the CPAN Testers
project, supporting the Perl programming language. See
http://wiki.cpantesters.org/ for more information or email
questions to cpan-testers-discuss@perl.org
--
Dear Eisuke Oishi,
This is a computer-generated report for DBIx-ObjectMapper-0.3013
on perl 5.17.7, created by CPAN-Reporter-1.2006.
Thank you for uploading your work to CPAN. However, there was a problem
testing your distribution.
If you think this report is invalid, please consult the CPAN Testers Wiki
for suggestions on how to avoid getting FAIL reports for missing library
or binary dependencies, unsupported operating systems, and so on:
http://wiki.cpantesters.org/wiki/CPANAuthorNotes
Sections of this report:
* Tester comments
* Program output
* Prerequisites
* Environment and other context
------------------------------
TESTER COMMENTS
------------------------------
Additional comments from tester:
this report is from an automated smoke testing program
and was not reviewed by a human for accuracy
------------------------------
PROGRAM OUTPUT
------------------------------
Output from '/usr/bin/make test':
PERL_DL_NONLAZY=1 /tmp/basesmoker-reloperl-1mzn/bin/perl "-MExtUtils::Command::MM" "-e" "test_harness(0, 'inc', 'blib/lib', 'blib/arch')" t/*.t t/*/*.t
t/00_compile.t ............................................ ok
Use of uninitialized value in lc at /tmp/loop_over_bdir-HhtRB9/DBIx-ObjectMapper-0.3013-92G1n6/blib/lib/DBIx/ObjectMapper/SQL/Select.pm line 57, <DATA> line 1.
# Failed test 'UPDATE'
# at t/01_sql.t line 17.
# got: 'UPDATE foo SET b = ? , a = ? WHERE ( c = ? ) <= 2,1,1'
# expected: 'UPDATE foo SET a = ? , b = ? WHERE ( c = ? ) <= 1,2,1'
# Failed test 'UPDATE ADD'
# at t/01_sql.t line 17.
# got: 'UPDATE foo SET b = ? , a = ? WHERE ( c = ? AND d = ? ) <= 2,1,1,hoge'
# expected: 'UPDATE foo SET a = ? , b = ? WHERE ( c = ? AND d = ? ) <= 1,2,1,hoge'
# Failed test 'UPDATE DIRECT'
# at t/01_sql.t line 17.
# got: 'UPDATE foo SET b = ? , a = a + 1 WHERE ( c = ? ) <= 1,1'
# expected: 'UPDATE foo SET a = a + 1 , b = ? WHERE ( c = ? ) <= 1,1'
# Looks like you failed 3 tests of 45.
t/01_sql.t ................................................
Dubious, test returned 3 (wstat 768, 0x300)
Failed 3/45 subtests
t/03_utils.t .............................................. ok
t/05_engine/000_interface.t ............................... ok
t/05_engine/010_dbi.t ..................................... ok
t/05_engine/011_dbi_query_cache.t ......................... ok
t/09_query/000_basic.t .................................... ok
t/09_query/100_insert_multi.t ............................. skipped: Set $ENV{MAPPER_TEST_PG_DSN}, _USER and _PASS to run this test
t/10_meta/000_column_type.t ............................... ok
t/10_meta/000_sugar.t ..................................... ok
t/10_meta/001_column.t .................................... ok
t/10_meta/002_table.t ..................................... ok
t/10_meta/003_metadata.t .................................. ok
t/10_meta/004_query.t ..................................... ok
t/10_meta/005_cast_column_type.t .......................... ok
t/10_meta/006_default_and_on_update.t ..................... ok
t/10_meta/007_declare.t ................................... ok
t/10_meta/008_insert_skip_default_value.t ................. ok
t/11_mapper/000_mapper.t .................................. ok
t/11_mapper/001_inherit_mapper_config.t ................... ok
t/11_mapper/002_replace_method.t .......................... ok
t/11_mapper/300_moose.t ................................... ok
t/11_mapper/310_mouse.t ................................... ok
t/12_session/000_array.t .................................. ok
t/12_session/000_basic.t .................................. ok
t/12_session/001_query.t .................................. ok
t/12_session/010_relation_basic.t ......................... ok
t/12_session/011_relation_search.t ........................ ok
t/12_session/012_self_relation.t .......................... ok
t/12_session/013_lazyload.t ............................... ok
t/12_session/014_cascade.t ................................ ok
t/12_session/015_default_condition.t ...................... ok
t/12_session/016_belongs_to_cascade.t ..................... ok
t/12_session/017_default_value.t .......................... ok
t/12_session/018_no_cache.t ............................... ok
t/12_session/019_transaction.t ............................ ok
t/12_session/020_share_object.t ........................... ok
t/12_session/021_validation.t ............................. ok
t/12_session/022_change_checker.t ......................... ok
t/12_session/023_arrayref_obj.t ........................... ok
t/12_session/024_has_one_foreign_key.t .................... ok
t/12_session/025_differ_prop_name_and_col_name.t .......... ok
t/12_session/026_init_using_accessor_object.t ............. ok
t/12_session/027_no_data_rel.t ............................ ok
t/12_session/028_single_table_inheritance.t ............... ok
t/12_session/029_class_table_inheritance.t ................ ok
t/12_session/030_inherit_polymorphic_tree.t ............... ok
t/12_session/031_pager.t .................................. ok
t/12_session/032_class_table_inheritance_with_relation.t .. ok
t/12_session/033_earger_search_with_default_condition.t ... ok
t/12_session/100_many_to_many.t ........................... ok
t/12_session/200_die.t .................................... ok
t/20_misc/001_meta_query.t ................................ ok
t/20_misc/002_pg.t ........................................ skipped: need Bit::Vector this test
t/20_misc/003_mysql.t ..................................... skipped: need Bit::Vector this test
t/20_misc/004_fork.t ...................................... skipped: Set $ENV{MAPPER_TEST_PG_DSN}, _USER and _PASS to run this test
t/20_misc/005_thread.t .................................... skipped: Set $ENV{MAPPER_TEST_PG_DSN}, _USER and _PASS to run this test
t/20_misc/006_meta_query_with_func.t ...................... ok
t/20_misc/007_load_pg.t ................................... skipped: Set $ENV{MAPPER_TEST_PG_DSN}, _USER and _PASS to run this test
t/21_example/class_table_inheritance.t .................... ok
t/21_example/shopping_cart.t .............................. ok
t/21_example/single_table_inheritance.t ................... ok
Test Summary Report
-------------------
t/01_sql.t (Wstat: 768 Tests: 45 Failed: 3)
Failed tests: 11-12, 14
Non-zero exit status: 3
Files=62, Tests=1974, 17 wallclock secs ( 0.36 usr 0.06 sys + 15.14 cusr 1.28 csys = 16.84 CPU)
Result: FAIL
Failed 1/62 test programs. 3/1974 subtests failed.
make: *** [test_dynamic] Error 255
------------------------------
PREREQUISITES
------------------------------
Prerequisite modules loaded:
requires:
Module Need Have
------------------------ -------- --------
Cache::LRU 0 0.03
Capture::Tiny 0 0.21
Carp::Clan 0 6.04
Class::Data::Inheritable 0 0.08
Class::Inspector 0 1.28
Class::MOP 0 2.0604
Data::Dump 0 1.21
Data::Page 2 2.02
DateTime 0 0.78
DateTime::Format::SQLite 0 0.11
DBD::SQLite 1.14 1.37
DBI 1.4 1.622
Digest::MD5 0 2.52
Filter::Util::Call 0 1.45
Hash::Merge 0.12 0.12
List::MoreUtils 0 0.33
Log::Any 0 0.14
Module::Find 0 0.11
Params::Validate 0 1.07
perl 5.008001 5.017007
Scalar::Util 0 1.25_01
Sub::Exporter 0 0.984
Test::Base 0 0.60
Test::Builder 0.33 0.98
Test::Exception 0 0.31
Test::More 0.88 0.98
Text::Balanced 0 2.02
Try::Tiny 0 0.11
URI 0 1.60
YAML 0 0.84
build_requires:
Module Need Have
------------------------ -------- --------
ExtUtils::MakeMaker 6.42 6.63_02
Test::Base 0 0.60
Test::Builder 0.33 0.98
Test::Exception 0 0.31
Test::More 0.88 0.98
configure_requires:
Module Need Have
------------------------ -------- --------
ExtUtils::MakeMaker 6.42 6.63_02
------------------------------
ENVIRONMENT AND OTHER CONTEXT
------------------------------
Environment variables:
AUTOMATED_TESTING = 1
LANG = en_US.UTF-8
LANGUAGE = en_US:en
PATH = /home/sand/bin:/usr/local/bin:/usr/bin:/bin:/usr/bin/X11:/usr/games:/usr/local/perl/bin:/usr/X11/bin:/sbin:/usr/sbin
PERL5LIB =
PERL5OPT =
PERL5_CPANPLUS_IS_RUNNING = 998
PERL5_CPAN_IS_RUNNING = 998
PERL_MM_USE_DEFAULT = 1
SHELL = /usr/bin/zsh
TERM = screen
Perl special variables (and OS-specific diagnostics, for MSWin32):
$^X = /tmp/basesmoker-reloperl-1mzn/bin/perl
$UID/$EUID = 1005 / 1005
$GID = 1005 1005
$EGID = 1005 1005
Perl module toolchain versions installed:
Module Have
------------------- --------
CPAN 1.9800
CPAN::Meta 2.120921
Cwd 3.39_02
ExtUtils::CBuilder 0.280209
ExtUtils::Command 1.17
ExtUtils::Install 1.58
ExtUtils::MakeMaker 6.63_02
ExtUtils::Manifest 1.62
ExtUtils::ParseXS 3.18
File::Spec 3.39_02
JSON 2.53
JSON::PP 2.27200
Module::Build 0.4003
Module::Signature 0.69
Parse::CPAN::Meta 1.4404
Test::Harness 3.25_01
Test::More 0.98
YAML 0.84
YAML::Syck 1.21
version 0.9901
--
Summary of my perl5 (revision 5 version 17 subversion 7) configuration:
Commit id: c31ee3bbc31a4f8c5b4850ce38fb8c353dca688f
Platform:
osname=linux, osvers=3.2.0-4-amd64, archname=x86_64-linux-thread-multi-ld
uname='linux k83 3.2.0-4-amd64 #1 smp debian 3.2.32-1 x86_64 gnulinux '
config_args='-Dprefix=/home/src/perl/repoperls/installed-perls/perl/v5.17.6-19-gc31ee3b/a2da -Dmyhostname=k83 -Dinstallusrbinperl=n -Uversiononly -Dusedevel -des -Ui_db -Duseithreads -Duselongdouble -DDEBUGGING=-g'
hint=recommended, useposix=true, d_sigaction=define
useithreads=define, usemultiplicity=define
useperlio=define, d_sfio=undef, uselargefiles=define, usesocks=undef
use64bitint=define, use64bitall=define, uselongdouble=define
usemymalloc=n, bincompat5005=undef
Compiler:
cc='cc', ccflags ='-D_REENTRANT -D_GNU_SOURCE -fno-strict-aliasing -pipe -fstack-protector -I/usr/local/include -D_LARGEFILE_SOURCE -D_FILE_OFFSET_BITS=64',
optimize='-O2 -g',
cppflags='-D_REENTRANT -D_GNU_SOURCE -fno-strict-aliasing -pipe -fstack-protector -I/usr/local/include'
ccversion='', gccversion='4.7.2', gccosandvers=''
intsize=4, longsize=8, ptrsize=8, doublesize=8, byteorder=12345678
d_longlong=define, longlongsize=8, d_longdbl=define, longdblsize=16
ivtype='long', ivsize=8, nvtype='long double', nvsize=16, Off_t='off_t', lseeksize=8
alignbytes=16, prototype=define
Linker and Libraries:
ld='cc', ldflags =' -fstack-protector -L/usr/local/lib'
libpth=/usr/local/lib /lib/x86_64-linux-gnu /lib/../lib /usr/lib/x86_64-linux-gnu /usr/lib/../lib /lib /usr/lib
libs=-lnsl -ldb -ldl -lm -lcrypt -lutil -lpthread -lc
perllibs=-lnsl -ldl -lm -lcrypt -lutil -lpthread -lc
libc=, so=so, useshrplib=false, libperl=libperl.a
gnulibc_version='2.13'
Dynamic Linking:
dlsrc=dl_dlopen.xs, dlext=so, d_dlsymun=undef, ccdlflags='-Wl,-E'
cccdlflags='-fPIC', lddlflags='-shared -O2 -g -L/usr/local/lib -fstack-protector'
Characteristics of this binary (from libperl):
Compile-time options: HAS_TIMES MULTIPLICITY PERLIO_LAYERS
PERL_DONT_CREATE_GVSV PERL_IMPLICIT_CONTEXT
PERL_MALLOC_WRAP PERL_PRESERVE_IVUV PERL_USE_DEVEL
USE_64_BIT_ALL USE_64_BIT_INT USE_ITHREADS
USE_LARGE_FILES USE_LOCALE USE_LOCALE_COLLATE
USE_LOCALE_CTYPE USE_LOCALE_NUMERIC USE_LONG_DOUBLE
USE_PERLIO USE_PERL_ATOF USE_REENTRANT_API
Built under linux
Compiled at Nov 21 2012 19:36:31
%ENV:
PERL5LIB=""
PERL5OPT=""
PERL5_CPANPLUS_IS_RUNNING="998"
PERL5_CPAN_IS_RUNNING="998"
PERL_MM_USE_DEFAULT="1"
@INC:
/home/src/perl/repoperls/installed-perls/perl/v5.17.6-19-gc31ee3b/a2da/lib/site_perl/5.17.7/x86_64-linux-thread-multi-ld
/home/src/perl/repoperls/installed-perls/perl/v5.17.6-19-gc31ee3b/a2da/lib/site_perl/5.17.7
/home/src/perl/repoperls/installed-perls/perl/v5.17.6-19-gc31ee3b/a2da/lib/5.17.7/x86_64-linux-thread-multi-ld
/home/src/perl/repoperls/installed-perls/perl/v5.17.6-19-gc31ee3b/a2da/lib/5.17.7
.