Report for Dist-Zilla-Plugin-Git-2.020

Back
From: metabase:user:30ae4450-2aae-11df-837a-5e0a49663a4f
Subject: FAIL Dist-Zilla-Plugin-Git-2.020 v5.14.0 
Date: 2014-03-13T13:50:47Z

This distribution has been tested as part of the CPAN Testers
project, supporting the Perl programming language.  See
http://wiki.cpantesters.org/ for more information or email
questions to cpan-testers-discuss@perl.org


--
Dear Christopher J. Madsen,

This is a computer-generated report for Dist-Zilla-Plugin-Git-2.020
on perl 5.14.0, created by CPAN-Reporter-1.2006.

Thank you for uploading your work to CPAN.  However, there was a problem
testing your distribution.

If you think this report is invalid, please consult the CPAN Testers Wiki
for suggestions on how to avoid getting FAIL reports for missing library
or binary dependencies, unsupported operating systems, and so on:

http://wiki.cpantesters.org/wiki/CPANAuthorNotes

Sections of this report:

    * Tester comments
    * Program output
    * Prerequisites
    * Environment and other context

------------------------------
TESTER COMMENTS
------------------------------

Additional comments from tester:

none provided

------------------------------
PROGRAM OUTPUT
------------------------------

Output from 'C:\strawberry514\perl\bin\perl.exe ./Build test':

t/00-compile.t .................. ok
# git version 1.8.1.msysgit.1
t/000-report-git-version.t ...... ok
# 
Subroutine List::AllUtils::notall redefined at C:/strawberry514/perl/site/lib/List/AllUtils.pm line 14.
Subroutine List::AllUtils::none redefined at C:/strawberry514/perl/site/lib/List/AllUtils.pm line 14.
Subroutine List::AllUtils::all redefined at C:/strawberry514/perl/site/lib/List/AllUtils.pm line 14.
Subroutine List::AllUtils::any redefined at C:/strawberry514/perl/site/lib/List/AllUtils.pm line 14.
# 
# Generated by Dist::Zilla::Plugin::ReportVersions::Tiny v1.10
# perl: 5.014000 (wanted 5.010) on MSWin32 from C:\strawberry514\perl\bin\perl.exe
# 
# Cwd                                           => 3.40       (want any version)
# DateTime                                      => 0.70       (want any version)
# Devel::SimpleTrace                            => 0.08       (want any version)
# Dist::Zilla                                   => 5.013      (want 4)      
# Dist::Zilla::File::InMemory                   => 5.013      (want any version)
# Dist::Zilla::Plugin::Config::Git              => 0.92       (want any version)
# Dist::Zilla::Plugin::GatherDir                => 5.013      (want 4.200016)
# Dist::Zilla::Role::AfterBuild                 => 5.013      (want any version)
# Dist::Zilla::Role::AfterMint                  => 5.013      (want any version)
# Dist::Zilla::Role::AfterRelease               => 5.013      (want any version)
# Dist::Zilla::Role::BeforeRelease              => 5.013      (want any version)
# Dist::Zilla::Role::FilePruner                 => 5.013      (want any version)
# Dist::Zilla::Role::GitConfig                  => 0.92       (want any version)
# Dist::Zilla::Role::PluginBundle               => 5.013      (want any version)
# Dist::Zilla::Role::Releaser                   => 5.013      (want any version)
# Dist::Zilla::Role::VersionProvider            => 5.013      (want any version)
# Dist::Zilla::Tester                           => 5.013      (want any version)
# Encode                                        => 2.44       (want any version)
# Exporter                                      => 5.68       (want any version)
# File::Copy                                    => 2.21       (want any version)
# File::Copy::Recursive                         => 0.38       (want any version)
# File::Path                                    => 2.08_01    (want 2.07)   
# File::Spec                                    => 3.40       (want any version)
# File::Spec::Functions                         => 3.40       (want any version)
# File::Temp                                    => 0.2301     (want any version)
# File::Which                                   => 1.09       (want any version)
# File::chdir                                   => 0.1008     (want any version)
# File::pushd                                   => 1.00       (want any version)
# Git::Wrapper                                  => 0.025      (want 0.021)  
# IO::Handle                                    => 1.31       (want any version)
# IPC::Open3                                    => 1.09       (want any version)
# IPC::System::Simple                           => 1.21       (want any version)
# List::AllUtils                                => 0.02       (want any version)
# List::Util                                    => 1.35       (want any version)
# Log::Dispatchouli                             => 2.005      (want any version)
# Module::Build                                 => 0.4007     (want 0.3601) 
# Module::Runtime                               => 0.013      (want any version)
# Moose                                         => 2.1005     (want any version)
# Moose::Autobox                                => 0.11       (want any version)
# Moose::Role                                   => 2.1005     (want any version)
# Moose::Util::TypeConstraints                  => 2.1005     (want any version)
# MooseX::AttributeShortcuts                    => 0.022      (want any version)
# MooseX::Has::Sugar                            => 0.05070419 (want any version)
# MooseX::Types::Moose                          => 0.38       (want any version)
# MooseX::Types::Path::Tiny                     => 0.010      (want any version)
# Path::Tiny                                    => 0.052      (want 0.048)  
# String::Formatter                             => 0.102082   (want any version)
# Test::DZil                                    => 5.013      (want any version)
# Test::Fatal                                   => 0.013      (want 0.006)  
# Test::More                                    => 1.001002   (want 0.88)   
# Try::Tiny                                     => 0.18       (want any version)
# Version::Next                                 => 0.002      (want any version)
# constant                                      => 1.27       (want any version)
# lib                                           => 0.63       (want any version)
# namespace::autoclean                          => 0.12       (want 0.09)   
# strict                                        => 1.04       (want any version)
# utf8                                          => 1.09       (want any version)
# version                                       => 0.9902     (want 0.80)   
# warnings                                      => 1.12       (want any version)
# 
# Thanks for using my code.  I hope it works for you.
# If not, please try and include this output in the bug report.
# That will help me reproduce the issue and solve your problem.
# 
t/000-report-versions-tiny.t .... ok
t/check.t ....................... ok
t/commit-build-custom.t ......... ok
t/commit-build-src-as-parent.t .. ok
t/commit-build.t ................ ok
t/commit-dirtydir.t ............. ok
t/commit-message.t .............. ok
t/commit-utf8.t ................. ok
t/commit-ws.t ................... ok
t/commit.t ...................... ok
Subroutine List::AllUtils::notall redefined at C:\strawberry514\perl\site\lib/List/AllUtils.pm line 14.
Subroutine List::AllUtils::none redefined at C:\strawberry514\perl\site\lib/List/AllUtils.pm line 14.
Subroutine List::AllUtils::all redefined at C:\strawberry514\perl\site\lib/List/AllUtils.pm line 14.
Subroutine List::AllUtils::any redefined at C:\strawberry514\perl\site\lib/List/AllUtils.pm line 14.
t/gatherdir.t ................... ok
t/push-gitconfig.t .............. ok
t/push-multi.t .................. ok
t/push.t ........................ ok
t/release-pod-coverage.t ........ skipped: these tests are for release candidate testing
t/release-pod-syntax.t .......... skipped: these tests are for release candidate testing
t/repo-dir.t .................... ok
t/tag-signed.t .................. skipped: gpg couldn't be located in $PATH; required for GPG-signed tags
t/tag.t ......................... ok

#   Failed test 'cache file contains 1.2.3'
#   at t/version-by-branch.t line 106.
#          got: 'd6e2a4e2a03e97ab547f80d91676f9e44e88f57e 1.2.3
# '
#     expected: 'd6e2a4e2a03e97ab547f80d91676f9e44e88f57e 1.2.3
# '

#   Failed test 'cache file contains 1.3.0'
#   at t/version-by-branch.t line 118.
#          got: '6ce65eb5fe58c7ade81b3a4b8518c69d6046ebdd 1.3.0
# '
#     expected: '6ce65eb5fe58c7ade81b3a4b8518c69d6046ebdd 1.3.0
# '

#   Failed test 'cache file contains 1.2.3'
#   at t/version-by-branch.t line 124.
#          got: 'd6e2a4e2a03e97ab547f80d91676f9e44e88f57e 1.2.3
# '
#     expected: 'd6e2a4e2a03e97ab547f80d91676f9e44e88f57e 1.2.3
# '

#   Failed test 'cache file contains 1.2.4'
#   at t/version-by-branch.t line 133.
#          got: '750ef54aed1d861063378d102b0354296044dde6 1.2.4
# '
#     expected: '750ef54aed1d861063378d102b0354296044dde6 1.2.4
# '

#   Failed test 'cache file contains 1.3.0'
#   at t/version-by-branch.t line 142.
#          got: '2a2c701dbd0835e622e2425cbd0132df22d632b6 1.3.0
# '
#     expected: '2a2c701dbd0835e622e2425cbd0132df22d632b6 1.3.0
# '

#   Failed test 'cache file contains 1.2.4'
#   at t/version-by-branch.t line 151.
#          got: 'f370c862f355e106d311a01421af37b8a13440a6 1.2.4
# '
#     expected: 'f370c862f355e106d311a01421af37b8a13440a6 1.2.4
# '

#   Failed test 'cache file contains 1.2.4'
#   at t/version-by-branch.t line 160.
#          got: 'f370c862f355e106d311a01421af37b8a13440a6 1.2.4
# '
#     expected: 'f370c862f355e106d311a01421af37b8a13440a6 1.2.4
# '
# Looks like you failed 7 tests of 31.
t/version-by-branch.t ........... 
Dubious, test returned 7 (wstat 1792, 0x700)
Failed 7/31 subtests 
t/version-default.t ............. ok
t/version-extraction.t .......... ok
t/version-regexp.t .............. ok

Test Summary Report
-------------------
t/version-by-branch.t         (Wstat: 1792 Tests: 31 Failed: 7)
  Failed tests:  12, 15, 17, 20, 22, 24, 28
  Non-zero exit status: 7
Files=25, Tests=196, 96 wallclock secs ( 0.11 usr +  0.09 sys =  0.20 CPU)
Result: FAIL
Failed 1/25 test programs. 7/196 subtests failed.

------------------------------
PREREQUISITES
------------------------------

Prerequisite modules loaded:

requires:

    Module                             Need     Have      
    ---------------------------------- -------- ----------
    constant                           0        1.27      
    Cwd                                0        3.40      
    DateTime                           0        0.70      
    Dist::Zilla                        4        5.013     
    Dist::Zilla::Plugin::GatherDir     4.200016 5.013     
    Dist::Zilla::Role::AfterBuild      0        5.013     
    Dist::Zilla::Role::AfterMint       0        5.013     
    Dist::Zilla::Role::AfterRelease    0        5.013     
    Dist::Zilla::Role::BeforeRelease   0        5.013     
    Dist::Zilla::Role::FilePruner      0        5.013     
    Dist::Zilla::Role::GitConfig       0        0.92      
    Dist::Zilla::Role::PluginBundle    0        5.013     
    Dist::Zilla::Role::VersionProvider 0        5.013     
    File::chdir                        0        0.1008    
    File::Spec                         0        3.40      
    File::Spec::Functions              0        3.40      
    File::Temp                         0        0.2301    
    Git::Wrapper                       0.021    0.025     
    IPC::Open3                         0        1.09      
    IPC::System::Simple                0        1.21      
    List::AllUtils                     0        0.02      
    List::Util                         0        1.35      
    Module::Runtime                    0        0.013     
    Moose                              0        2.1005    
    Moose::Autobox                     0        0.11      
    Moose::Role                        0        2.1005    
    Moose::Util::TypeConstraints       0        2.1005    
    MooseX::AttributeShortcuts         0        0.022     
    MooseX::Has::Sugar                 0        0.05070419
    MooseX::Types::Moose               0        0.38      
    MooseX::Types::Path::Tiny          0        0.010     
    namespace::autoclean               0.09     0.12      
    Path::Tiny                         0.048    0.052     
    perl                               5.010    5.014000  
    strict                             0        1.04      
    String::Formatter                  0        0.102082  
    Try::Tiny                          0        0.18      
    version                            0.80     0.9902    
    Version::Next                      0        0.002     
    warnings                           0        1.12      

build_requires:

    Module                             Need     Have      
    ---------------------------------- -------- ----------
    Devel::SimpleTrace                 0        0.08      
    Dist::Zilla::File::InMemory        0        5.013     
    Dist::Zilla::Plugin::Config::Git   0        0.92      
    Dist::Zilla::Role::Releaser        0        5.013     
    Dist::Zilla::Tester                0        5.013     
    Encode                             0        2.44      
    Exporter                           0        5.68      
    File::Copy                         0        2.21      
    File::Copy::Recursive              0        0.38      
    File::Path                         2.07     2.08_01   
    File::pushd                        0        1.00      
    File::Spec                         0        3.40      
    File::Which                        0        1.09      
    IO::Handle                         0        1.31      
    IPC::Open3                         0        1.09      
    lib                                0        0.63      
    Log::Dispatchouli                  0        2.005     
    Module::Build                      0        0.4007    
    Test::DZil                         0        5.013     
    Test::Fatal                        0.006    0.013     
    Test::More                         0.88     1.001002  
    utf8                               0        1.09      

configure_requires:

    Module                             Need     Have      
    ---------------------------------- -------- ----------
    Module::Build                      0.3601   0.4007    
    version                            0.80     0.9902    
    warnings                           0        1.12      


------------------------------
ENVIRONMENT AND OTHER CONTEXT
------------------------------

Environment variables:

    COMSPEC = C:\WINDOWS\system32\cmd.exe
    NUMBER_OF_PROCESSORS = 4
    PATH = C:\Program Files\Far\;C:\Prg\PHP\;C:\WINDOWS\system32;C:\WINDOWS;C:\WINDOWS\System32\Wbem;C:\Program Files\ATI Technologies\ATI.ACE\Core-Static;C:\strawberry514\c\bin;C:\strawberry514\perl\site\bin;C:\strawberry514\perl\bin;C:\Program Files\TortoiseHg\;C:\Program Files\MySQL\MySQL Server 5.5\bin;c:\util\;C:\Prg\Subversion\bin;C:\Program Files\TortoiseSVN\bin;D:\vagrant\vagrant\bin;C:\Prg\TortoiseGit\bin;C:\Prg\Git\cmd;C:\Program Files\FAHClient
    PERL5LIB = 
    PERL5OPT = 
    PERL5_CPANPLUS_IS_RUNNING = 5588
    PERL5_CPAN_IS_RUNNING = 5588
    PERL_JSON_BACKEND = JSON::XS
    PERL_YAML_BACKEND = YAML
    PROCESSOR_IDENTIFIER = x86 Family 16 Model 5 Stepping 3, AuthenticAMD
    TEMP = C:\DOCUME~1\Sasha\LOCALS~1\Temp
    TERM = dumb

Perl special variables (and OS-specific diagnostics, for MSWin32):

    $^X = C:\strawberry514\perl\bin\perl.exe
    $UID/$EUID = 0 / 0
    $GID = 0
    $EGID = 0
    Win32::GetOSName = WinXP/.Net
    Win32::GetOSVersion = Service Pack 3, 5, 1, 2600, 2, 3, 0, 256, 1
    Win32::FsType = NTFS
    Win32::IsAdminUser = 1

Perl module toolchain versions installed:

    Module              Have    
    ------------------- --------
    CPAN                1.9800  
    CPAN::Meta          2.131490
    Cwd                 3.40    
    ExtUtils::CBuilder  0.280203
    ExtUtils::Command   1.17    
    ExtUtils::Install   1.56    
    ExtUtils::MakeMaker 6.78    
    ExtUtils::Manifest  1.60    
    ExtUtils::ParseXS   3.15    
    File::Spec          3.40    
    JSON                2.53    
    JSON::PP            2.27200 
    Module::Build       0.4007  
    Module::Signature   0.66    
    Parse::CPAN::Meta   1.4405  
    Test::Harness       3.30    
    Test::More          1.001002
    YAML                0.73    
    YAML::Syck          1.17    
    version             0.9902  


--

Summary of my perl5 (revision 5 version 14 subversion 0) configuration:
   
  Platform:
    osname=MSWin32, osvers=4.0, archname=MSWin32-x86-multi-thread
    uname='Win32 strawberryperl 5.14.0.0.beta_1 #1 Thu Jun  9 01:53:47 2011 i386'
    config_args='undef'
    hint=recommended, useposix=true, d_sigaction=undef
    useithreads=define, usemultiplicity=define
    useperlio=define, d_sfio=undef, uselargefiles=define, usesocks=undef
    use64bitint=undef, use64bitall=undef, uselongdouble=undef
    usemymalloc=n, bincompat5005=undef
  Compiler:
    cc='gcc', ccflags =' -s -O2 -DWIN32  -DPERL_TEXTMODE_SCRIPTS -DUSE_SITECUSTOMIZE -DPERL_IMPLICIT_CONTEXT -DPERL_IMPLICIT_SYS -fno-strict-aliasing -mms-bitfields',
    optimize='-s -O2',
    cppflags='-DWIN32'
    ccversion='', gccversion='4.4.3', gccosandvers=''
    intsize=4, longsize=4, ptrsize=4, doublesize=8, byteorder=1234
    d_longlong=undef, longlongsize=8, d_longdbl=define, longdblsize=12
    ivtype='long', ivsize=4, nvtype='double', nvsize=8, Off_t='long long', lseeksize=8
    alignbytes=8, prototype=define
  Linker and Libraries:
    ld='g++', ldflags ='-s -L"C:\strawberry514\perl\lib\CORE" -L"C:\strawberry514\c\lib"'
    libpth=C:\strawberry514\c\lib C:\strawberry514\c\i686-w64-mingw32\lib
    libs=-lmoldname -lkernel32 -luser32 -lgdi32 -lwinspool -lcomdlg32 -ladvapi32 -lshell32 -lole32 -loleaut32 -lnetapi32 -luuid -lws2_32 -lmpr -lwinmm -lversion -lodbc32 -lodbccp32 -lcomctl32
    perllibs=-lmoldname -lkernel32 -luser32 -lgdi32 -lwinspool -lcomdlg32 -ladvapi32 -lshell32 -lole32 -loleaut32 -lnetapi32 -luuid -lws2_32 -lmpr -lwinmm -lversion -lodbc32 -lodbccp32 -lcomctl32
    libc=, so=dll, useshrplib=true, libperl=libperl514.a
    gnulibc_version=''
  Dynamic Linking:
    dlsrc=dl_win32.xs, dlext=dll, d_dlsymun=undef, ccdlflags=' '
    cccdlflags=' ', lddlflags='-mdll -s -L"C:\strawberry514\perl\lib\CORE" -L"C:\strawberry514\c\lib"'


Characteristics of this binary (from libperl): 
  Compile-time options: MULTIPLICITY PERL_DONT_CREATE_GVSV
                        PERL_IMPLICIT_CONTEXT PERL_IMPLICIT_SYS
                        PERL_MALLOC_WRAP PERL_PRESERVE_IVUV PL_OP_SLAB_ALLOC
                        USE_ITHREADS USE_LARGE_FILES USE_PERLIO USE_PERL_ATOF
                        USE_SITECUSTOMIZE
  Built under MSWin32
  Compiled at Jun  9 2011 02:27:43
  %ENV:
    PERL5_CPANPLUS_IS_RUNNING="5588"
    PERL5_CPAN_IS_RUNNING="5588"
    PERL_JSON_BACKEND="JSON::XS"
    PERL_YAML_BACKEND="YAML"
  @INC:
    C:/strawberry514/perl/site/lib
    C:/strawberry514/perl/vendor/lib
    C:/strawberry514/perl/lib
    .