Back
From: metabase:user:320bfe00-2aae-11df-837a-5e0a49663a4f
Subject: FAIL App-RecordStream-3.7.3 5.15.9 GNU/Linux
Date: 2012-04-15T22:47:39Z
This distribution has been tested as part of the CPAN Testers
project, supporting the Perl programming language. See
http://wiki.cpantesters.org/ for more information or email
questions to cpan-testers-discuss@perl.org
--
Dear Benjamin Bernard,
This is a computer-generated report for App-RecordStream-3.7.3
on perl 5.15.9, created by CPAN-Reporter-1.2006.
Thank you for uploading your work to CPAN. However, there was a problem
testing your distribution.
If you think this report is invalid, please consult the CPAN Testers Wiki
for suggestions on how to avoid getting FAIL reports for missing library
or binary dependencies, unsupported operating systems, and so on:
http://wiki.cpantesters.org/wiki/CPANAuthorNotes
Sections of this report:
* Tester comments
* Program output
* Prerequisites
* Environment and other context
------------------------------
TESTER COMMENTS
------------------------------
Additional comments from tester:
this report is from an automated smoke testing program
and was not reviewed by a human for accuracy
------------------------------
PROGRAM OUTPUT
------------------------------
Output from '/usr/bin/make test':
PERL_DL_NONLAZY=1 /home/sand/src/perl/repoperls/installed-perls/perl/v5.15.9-89-geade715/127e/bin/perl "-Iblib/lib" "-Iblib/arch" test.pl
/tmp/loop_over_bdir-5uTk_j/App-RecordStream-3.7.3-4vgJdJ/tests/RecordStream/Aggregator.t .................... ok
/tmp/loop_over_bdir-5uTk_j/App-RecordStream-3.7.3-4vgJdJ/tests/RecordStream/Aggregator/Average.t ............ ok
/tmp/loop_over_bdir-5uTk_j/App-RecordStream-3.7.3-4vgJdJ/tests/RecordStream/Aggregator/Concat.t ............. ok
/tmp/loop_over_bdir-5uTk_j/App-RecordStream-3.7.3-4vgJdJ/tests/RecordStream/Aggregator/Correlation.t ........ ok
/tmp/loop_over_bdir-5uTk_j/App-RecordStream-3.7.3-4vgJdJ/tests/RecordStream/Aggregator/Count.t .............. ok
/tmp/loop_over_bdir-5uTk_j/App-RecordStream-3.7.3-4vgJdJ/tests/RecordStream/Aggregator/CountBy.t ............ ok
/tmp/loop_over_bdir-5uTk_j/App-RecordStream-3.7.3-4vgJdJ/tests/RecordStream/Aggregator/Covariance.t ......... ok
/tmp/loop_over_bdir-5uTk_j/App-RecordStream-3.7.3-4vgJdJ/tests/RecordStream/Aggregator/DistinctCount.t ...... ok
/tmp/loop_over_bdir-5uTk_j/App-RecordStream-3.7.3-4vgJdJ/tests/RecordStream/Aggregator/First.t .............. ok
/tmp/loop_over_bdir-5uTk_j/App-RecordStream-3.7.3-4vgJdJ/tests/RecordStream/Aggregator/Last.t ............... ok
/tmp/loop_over_bdir-5uTk_j/App-RecordStream-3.7.3-4vgJdJ/tests/RecordStream/Aggregator/LinearRegression.t ... ok
/tmp/loop_over_bdir-5uTk_j/App-RecordStream-3.7.3-4vgJdJ/tests/RecordStream/Aggregator/Max.t ................ ok
/tmp/loop_over_bdir-5uTk_j/App-RecordStream-3.7.3-4vgJdJ/tests/RecordStream/Aggregator/Min.t ................ ok
/tmp/loop_over_bdir-5uTk_j/App-RecordStream-3.7.3-4vgJdJ/tests/RecordStream/Aggregator/Mode.t ............... ok
/tmp/loop_over_bdir-5uTk_j/App-RecordStream-3.7.3-4vgJdJ/tests/RecordStream/Aggregator/Percentile.t ......... ok
/tmp/loop_over_bdir-5uTk_j/App-RecordStream-3.7.3-4vgJdJ/tests/RecordStream/Aggregator/Records.t ............ ok
/tmp/loop_over_bdir-5uTk_j/App-RecordStream-3.7.3-4vgJdJ/tests/RecordStream/Aggregator/StandardDeviation.t .. ok
/tmp/loop_over_bdir-5uTk_j/App-RecordStream-3.7.3-4vgJdJ/tests/RecordStream/Aggregator/Sum.t ................ ok
/tmp/loop_over_bdir-5uTk_j/App-RecordStream-3.7.3-4vgJdJ/tests/RecordStream/Aggregator/UniqConcat.t ......... ok
/tmp/loop_over_bdir-5uTk_j/App-RecordStream-3.7.3-4vgJdJ/tests/RecordStream/Aggregator/Variance.t ........... ok
/tmp/loop_over_bdir-5uTk_j/App-RecordStream-3.7.3-4vgJdJ/tests/RecordStream/DBHandle.t ...................... ok
# Failed test at /tmp/loop_over_bdir-5uTk_j/App-RecordStream-3.7.3-4vgJdJ/tests/RecordStream/DomainLanguage.t line 159.
# Structures begin differing at:
# $got->{x1,y2} = '-0.428571428571428571'
# $expected->{x1,y2} = '-0.428571428571428'
# Failed test at /tmp/loop_over_bdir-5uTk_j/App-RecordStream-3.7.3-4vgJdJ/tests/RecordStream/DomainLanguage.t line 159.
# Structures begin differing at:
# $got->{x1,y2} = '-0.428571428571428571'
# $expected->{x1,y2} = '-0.428571428571428'
# Looks like you failed 2 tests of 98.
/tmp/loop_over_bdir-5uTk_j/App-RecordStream-3.7.3-4vgJdJ/tests/RecordStream/DomainLanguage.t ................
Dubious, test returned 2 (wstat 512, 0x200)
Failed 2/98 subtests
/tmp/loop_over_bdir-5uTk_j/App-RecordStream-3.7.3-4vgJdJ/tests/RecordStream/Executor.t ...................... ok
/tmp/loop_over_bdir-5uTk_j/App-RecordStream-3.7.3-4vgJdJ/tests/RecordStream/FilenameKey.t ................... ok
/tmp/loop_over_bdir-5uTk_j/App-RecordStream-3.7.3-4vgJdJ/tests/RecordStream/InputStream.t ................... ok
/tmp/loop_over_bdir-5uTk_j/App-RecordStream-3.7.3-4vgJdJ/tests/RecordStream/KeyGroups.t ..................... ok
/tmp/loop_over_bdir-5uTk_j/App-RecordStream-3.7.3-4vgJdJ/tests/RecordStream/KeySpec.t ....................... ok
/tmp/loop_over_bdir-5uTk_j/App-RecordStream-3.7.3-4vgJdJ/tests/RecordStream/Operation.t ..................... ok
/tmp/loop_over_bdir-5uTk_j/App-RecordStream-3.7.3-4vgJdJ/tests/RecordStream/Operation/annotate.t ............ ok
Can't locate Text/Autoformat.pm in @INC (@INC contains: /tmp/loop_over_bdir-5uTk_j/App-RecordStream-3.7.3-4vgJdJ/tests /tmp/loop_over_bdir-5uTk_j/App-RecordStream-3.7.3-4vgJdJ/lib blib/lib blib/arch /etc/perl /usr/local/lib/perl/5.14.2 /usr/local/share/perl/5.14.2 /usr/lib/perl5 /usr/share/perl5 /usr/lib/perl/5.14 /usr/share/perl/5.14 /usr/local/lib/site_perl .) at /tmp/loop_over_bdir-5uTk_j/App-RecordStream-3.7.3-4vgJdJ/lib/App/RecordStream/Operation.pm line 11.
BEGIN failed--compilation aborted at /tmp/loop_over_bdir-5uTk_j/App-RecordStream-3.7.3-4vgJdJ/lib/App/RecordStream/Operation.pm line 11.
Compilation failed in require at /tmp/loop_over_bdir-5uTk_j/App-RecordStream-3.7.3-4vgJdJ/tests/../bin/recs-chain line 6.
BEGIN failed--compilation aborted at /tmp/loop_over_bdir-5uTk_j/App-RecordStream-3.7.3-4vgJdJ/tests/../bin/recs-chain line 6.
# Failed test 'Complex chain matched output'
# at /tmp/loop_over_bdir-5uTk_j/App-RecordStream-3.7.3-4vgJdJ/tests/RecordStream/Operation/chain.t line 43.
# got: ''
# expected: 'zoo
# ---
# 3
# '
Can't locate Text/Autoformat.pm in @INC (@INC contains: /tmp/loop_over_bdir-5uTk_j/App-RecordStream-3.7.3-4vgJdJ/tests /tmp/loop_over_bdir-5uTk_j/App-RecordStream-3.7.3-4vgJdJ/lib blib/lib blib/arch /etc/perl /usr/local/lib/perl/5.14.2 /usr/local/share/perl/5.14.2 /usr/lib/perl5 /usr/share/perl5 /usr/lib/perl/5.14 /usr/share/perl/5.14 /usr/local/lib/site_perl .) at /tmp/loop_over_bdir-5uTk_j/App-RecordStream-3.7.3-4vgJdJ/lib/App/RecordStream/Operation.pm line 11.
BEGIN failed--compilation aborted at /tmp/loop_over_bdir-5uTk_j/App-RecordStream-3.7.3-4vgJdJ/lib/App/RecordStream/Operation.pm line 11.
Compilation failed in require at /tmp/loop_over_bdir-5uTk_j/App-RecordStream-3.7.3-4vgJdJ/tests/../bin/recs-chain line 6.
BEGIN failed--compilation aborted at /tmp/loop_over_bdir-5uTk_j/App-RecordStream-3.7.3-4vgJdJ/tests/../bin/recs-chain line 6.
# Failed test 'Complex chain matched output'
# at /tmp/loop_over_bdir-5uTk_j/App-RecordStream-3.7.3-4vgJdJ/tests/RecordStream/Operation/chain.t line 67.
# got: ''
# expected: 'zoo
# ---
# 11
# 10
# 9
# 8
# 8
# 6
# 5
# 4
# 3
# 2
# 1
# '
# Looks like you failed 2 tests of 5.
/tmp/loop_over_bdir-5uTk_j/App-RecordStream-3.7.3-4vgJdJ/tests/RecordStream/Operation/chain.t ...............
Dubious, test returned 2 (wstat 512, 0x200)
Failed 2/5 subtests
/tmp/loop_over_bdir-5uTk_j/App-RecordStream-3.7.3-4vgJdJ/tests/RecordStream/Operation/collate-clumper.t ..... ok
/tmp/loop_over_bdir-5uTk_j/App-RecordStream-3.7.3-4vgJdJ/tests/RecordStream/Operation/collate.t ............. ok
/tmp/loop_over_bdir-5uTk_j/App-RecordStream-3.7.3-4vgJdJ/tests/RecordStream/Operation/decollate.t ........... ok
/tmp/loop_over_bdir-5uTk_j/App-RecordStream-3.7.3-4vgJdJ/tests/RecordStream/Operation/delta.t ............... ok
/tmp/loop_over_bdir-5uTk_j/App-RecordStream-3.7.3-4vgJdJ/tests/RecordStream/Operation/eval.t ................ ok
/tmp/loop_over_bdir-5uTk_j/App-RecordStream-3.7.3-4vgJdJ/tests/RecordStream/Operation/flatten.t ............. ok
/tmp/loop_over_bdir-5uTk_j/App-RecordStream-3.7.3-4vgJdJ/tests/RecordStream/Operation/fromatomfeed.t ........ ok
/tmp/loop_over_bdir-5uTk_j/App-RecordStream-3.7.3-4vgJdJ/tests/RecordStream/Operation/fromcsv.t ............. ok
/tmp/loop_over_bdir-5uTk_j/App-RecordStream-3.7.3-4vgJdJ/tests/RecordStream/Operation/fromdb.t .............. ok
/tmp/loop_over_bdir-5uTk_j/App-RecordStream-3.7.3-4vgJdJ/tests/RecordStream/Operation/fromkv.t .............. ok
/tmp/loop_over_bdir-5uTk_j/App-RecordStream-3.7.3-4vgJdJ/tests/RecordStream/Operation/frommultire.t ......... ok
/tmp/loop_over_bdir-5uTk_j/App-RecordStream-3.7.3-4vgJdJ/tests/RecordStream/Operation/fromps.t .............. skipped: Missing Proc::ProcessTable Modules!
/tmp/loop_over_bdir-5uTk_j/App-RecordStream-3.7.3-4vgJdJ/tests/RecordStream/Operation/fromre.t .............. ok
/tmp/loop_over_bdir-5uTk_j/App-RecordStream-3.7.3-4vgJdJ/tests/RecordStream/Operation/fromsplit.t ........... ok
/tmp/loop_over_bdir-5uTk_j/App-RecordStream-3.7.3-4vgJdJ/tests/RecordStream/Operation/fromtcpdump.t ......... skipped: Missing Modules!
/tmp/loop_over_bdir-5uTk_j/App-RecordStream-3.7.3-4vgJdJ/tests/RecordStream/Operation/fromxml.t ............. ok
/tmp/loop_over_bdir-5uTk_j/App-RecordStream-3.7.3-4vgJdJ/tests/RecordStream/Operation/generate.t ............ ok
/tmp/loop_over_bdir-5uTk_j/App-RecordStream-3.7.3-4vgJdJ/tests/RecordStream/Operation/grep.t ................ ok
/tmp/loop_over_bdir-5uTk_j/App-RecordStream-3.7.3-4vgJdJ/tests/RecordStream/Operation/join.t ................ ok
/tmp/loop_over_bdir-5uTk_j/App-RecordStream-3.7.3-4vgJdJ/tests/RecordStream/Operation/normalizetime.t ....... ok
/tmp/loop_over_bdir-5uTk_j/App-RecordStream-3.7.3-4vgJdJ/tests/RecordStream/Operation/sort.t ................ ok
/tmp/loop_over_bdir-5uTk_j/App-RecordStream-3.7.3-4vgJdJ/tests/RecordStream/Operation/stream2table.t ........ ok
/tmp/loop_over_bdir-5uTk_j/App-RecordStream-3.7.3-4vgJdJ/tests/RecordStream/Operation/tocsv.t ............... ok
/tmp/loop_over_bdir-5uTk_j/App-RecordStream-3.7.3-4vgJdJ/tests/RecordStream/Operation/togdgraph.t ........... skipped: Missing GD::Graph!
/tmp/loop_over_bdir-5uTk_j/App-RecordStream-3.7.3-4vgJdJ/tests/RecordStream/Operation/tognuplot.t ........... ok
/tmp/loop_over_bdir-5uTk_j/App-RecordStream-3.7.3-4vgJdJ/tests/RecordStream/Operation/tohtml.t .............. ok
/tmp/loop_over_bdir-5uTk_j/App-RecordStream-3.7.3-4vgJdJ/tests/RecordStream/Operation/topn.t ................ ok
/tmp/loop_over_bdir-5uTk_j/App-RecordStream-3.7.3-4vgJdJ/tests/RecordStream/Operation/toprettyprint.t ....... ok
/tmp/loop_over_bdir-5uTk_j/App-RecordStream-3.7.3-4vgJdJ/tests/RecordStream/Operation/toptable.t ............ ok
/tmp/loop_over_bdir-5uTk_j/App-RecordStream-3.7.3-4vgJdJ/tests/RecordStream/Operation/totable.t ............. ok
/tmp/loop_over_bdir-5uTk_j/App-RecordStream-3.7.3-4vgJdJ/tests/RecordStream/Operation/xform.t ............... ok
/tmp/loop_over_bdir-5uTk_j/App-RecordStream-3.7.3-4vgJdJ/tests/RecordStream/OptionalRequire.t ............... ok
/tmp/loop_over_bdir-5uTk_j/App-RecordStream-3.7.3-4vgJdJ/tests/RecordStream/OutputStream.t .................. ok
/tmp/loop_over_bdir-5uTk_j/App-RecordStream-3.7.3-4vgJdJ/tests/RecordStream/Record.t ........................ ok
Test Summary Report
-------------------
/tmp/loop_over_bdir-5uTk_j/App-RecordStream-3.7.3-4vgJdJ/tests/RecordStream/DomainLanguage.t (Wstat: 512 Tests: 98 Failed: 2)
Failed tests: 60-61
Non-zero exit status: 2
/tmp/loop_over_bdir-5uTk_j/App-RecordStream-3.7.3-4vgJdJ/tests/RecordStream/Operation/chain.t (Wstat: 512 Tests: 5 Failed: 2)
Failed tests: 4-5
Non-zero exit status: 2
Files=64, Tests=1210, 11 wallclock secs ( 0.25 usr 0.05 sys + 5.05 cusr 0.77 csys = 6.12 CPU)
Result: FAIL
Failed 2/64 test programs. 4/1210 subtests failed.
make: *** [test_dynamic] Error 255
------------------------------
PREREQUISITES
------------------------------
Prerequisite modules loaded:
requires:
Module Need Have
------------------- ---- --------
Carp 0 1.25
Data::Dumper 0 2.135_06
Date::Manip 0 6.31
DBI 0 1.618
File::Temp 0 0.22
FindBin 0 1.51
Getopt::Long 0 2.38
HTTP::Request 0 6.00
IO::String 0 1.08
JSON 0 2.53
LWP::UserAgent 0 6.04
Scalar::Util 0 1.23
Term::ReadKey 0 2.30
Test::More 0 0.98
Text::Autoformat 0 1.669002
Text::CSV 0 1.21
Tie::Array 0 1.05
Tie::Hash 0 1.04
Tie::IxHash 0 1.22
XML::Simple 0 2.18
build_requires:
Module Need Have
------------------- ---- --------
ExtUtils::MakeMaker 0 6.63_02
configure_requires:
Module Need Have
------------------- ---- --------
ExtUtils::MakeMaker 0 6.63_02
------------------------------
ENVIRONMENT AND OTHER CONTEXT
------------------------------
Environment variables:
AUTOMATED_TESTING = 1
LANG = en_US.UTF-8
LANGUAGE = en_US:en
PATH = /home/sand/bin:/usr/local/bin:/usr/bin:/bin:/usr/bin/X11:/usr/games:/usr/local/perl/bin:/usr/X11/bin:/sbin:/usr/sbin
PERL5LIB =
PERL5OPT =
PERL5_CPANPLUS_IS_RUNNING = 8719
PERL5_CPAN_IS_RUNNING = 8719
PERL_MM_USE_DEFAULT = 1
SHELL = /usr/bin/zsh
TERM = screen
Perl special variables (and OS-specific diagnostics, for MSWin32):
$^X = /home/sand/src/perl/repoperls/installed-perls/perl/v5.15.9-89-geade715/127e/bin/perl
$UID/$EUID = 1005 / 1005
$GID = 1005 123 1005
$EGID = 1005 123 1005
Perl module toolchain versions installed:
Module Have
------------------- --------
CPAN 1.9800
CPAN::Meta 2.120630
Cwd 3.39_02
ExtUtils::CBuilder 0.280206
ExtUtils::Command 1.17
ExtUtils::Install 1.58
ExtUtils::MakeMaker 6.63_02
ExtUtils::Manifest 1.61
ExtUtils::ParseXS 3.16
File::Spec 3.39_02
JSON 2.53
JSON::PP 2.27200
Module::Build 0.40
Module::Signature 0.68
Parse::CPAN::Meta 1.4404
Test::Harness 3.23
Test::More 0.98
YAML 0.80
YAML::Syck 1.20
version 0.96
--
Summary of my perl5 (revision 5 version 15 subversion 9) configuration:
Commit id: eade71555e37e053d1aa5b29a45a0f06b3a3458f
Platform:
osname=linux, osvers=3.2.0-2-amd64, archname=x86_64-linux-ld
uname='linux k83 3.2.0-2-amd64 #1 smp tue mar 13 16:54:04 utc 2012 x86_64 gnulinux '
config_args='-Dprefix=/home/src/perl/repoperls/installed-perls/perl/v5.15.9-89-geade715/127e -Dmyhostname=k83 -Dinstallusrbinperl=n -Uversiononly -Dusedevel -des -Ui_db -Uuseithreads -Duselongdouble -DDEBUGGING=-g'
hint=recommended, useposix=true, d_sigaction=define
useithreads=undef, usemultiplicity=undef
useperlio=define, d_sfio=undef, uselargefiles=define, usesocks=undef
use64bitint=define, use64bitall=define, uselongdouble=define
usemymalloc=n, bincompat5005=undef
Compiler:
cc='cc', ccflags ='-fno-strict-aliasing -pipe -fstack-protector -I/usr/local/include -D_LARGEFILE_SOURCE -D_FILE_OFFSET_BITS=64',
optimize='-O2 -g',
cppflags='-fno-strict-aliasing -pipe -fstack-protector -I/usr/local/include'
ccversion='', gccversion='4.6.3', gccosandvers=''
intsize=4, longsize=8, ptrsize=8, doublesize=8, byteorder=12345678
d_longlong=define, longlongsize=8, d_longdbl=define, longdblsize=16
ivtype='long', ivsize=8, nvtype='long double', nvsize=16, Off_t='off_t', lseeksize=8
alignbytes=16, prototype=define
Linker and Libraries:
ld='cc', ldflags =' -fstack-protector -L/usr/local/lib'
libpth=/usr/local/lib /lib/x86_64-linux-gnu /lib/../lib /usr/lib/x86_64-linux-gnu /usr/lib/../lib /lib /usr/lib
libs=-lnsl -ldb -ldl -lm -lcrypt -lutil -lc
perllibs=-lnsl -ldl -lm -lcrypt -lutil -lc
libc=, so=so, useshrplib=false, libperl=libperl.a
gnulibc_version='2.13'
Dynamic Linking:
dlsrc=dl_dlopen.xs, dlext=so, d_dlsymun=undef, ccdlflags='-Wl,-E'
cccdlflags='-fPIC', lddlflags='-shared -O2 -g -L/usr/local/lib -fstack-protector'
Characteristics of this binary (from libperl):
Compile-time options: HAS_TIMES PERLIO_LAYERS PERL_DONT_CREATE_GVSV
PERL_MALLOC_WRAP PERL_PRESERVE_IVUV PERL_USE_DEVEL
USE_64_BIT_ALL USE_64_BIT_INT USE_LARGE_FILES
USE_LOCALE USE_LOCALE_COLLATE USE_LOCALE_CTYPE
USE_LOCALE_NUMERIC USE_LONG_DOUBLE USE_PERLIO
USE_PERL_ATOF
Built under linux
Compiled at Apr 7 2012 07:27:32
%ENV:
PERL5LIB=""
PERL5OPT=""
PERL5_CPANPLUS_IS_RUNNING="8719"
PERL5_CPAN_IS_RUNNING="8719"
PERL_MM_USE_DEFAULT="1"
@INC:
/home/src/perl/repoperls/installed-perls/perl/v5.15.9-89-geade715/127e/lib/site_perl/5.15.9/x86_64-linux-ld
/home/src/perl/repoperls/installed-perls/perl/v5.15.9-89-geade715/127e/lib/site_perl/5.15.9
/home/src/perl/repoperls/installed-perls/perl/v5.15.9-89-geade715/127e/lib/5.15.9/x86_64-linux-ld
/home/src/perl/repoperls/installed-perls/perl/v5.15.9-89-geade715/127e/lib/5.15.9
.