Back
From: metabase:user:31d414ea-2aae-11df-837a-5e0a49663a4f
Subject: FAIL Pod-POM-0.28 v5.16.3 GNU/Linux
Date: 2013-08-05T12:25:35Z
This distribution has been tested as part of the CPAN Testers
project, supporting the Perl programming language. See
http://wiki.cpantesters.org/ for more information or email
questions to cpan-testers-discuss@perl.org
--
Dear Andrew Ford,
This is a computer-generated report for Pod-POM-0.28
on perl 5.16.3, created by CPAN-Reporter-1.2009.
Thank you for uploading your work to CPAN. However, there was a problem
testing your distribution.
If you think this report is invalid, please consult the CPAN Testers Wiki
for suggestions on how to avoid getting FAIL reports for missing library
or binary dependencies, unsupported operating systems, and so on:
http://wiki.cpantesters.org/wiki/CPANAuthorNotes
Sections of this report:
* Tester comments
* Program output
* Prerequisites
* Environment and other context
------------------------------
TESTER COMMENTS
------------------------------
Additional comments from tester:
this report is from an automated smoke testing program
and was not reviewed by a human for accuracy
------------------------------
PROGRAM OUTPUT
------------------------------
Output from '/usr/bin/make test':
PERL_DL_NONLAZY=1 /home/david/cpantesting/perl-5.16.3/bin/perl "-MExtUtils::Command::MM" "-e" "test_harness(0, 'inc', 'blib/lib', 'blib/arch')" t/*.t
t/00-use-modules.t ............. ok
t/10-parser.t .................. ok
t/11-view-pod.t ................ ok
t/12-view-text.t ............... ok
t/13-view-html.t ............... ok
# checking [rt.cpan.org #48812]
t/30-seq-delimiter-warnings.t .. ok
t/90-pod.t ..................... skipped: pod not yet complete
t/91-pod-coverage.t ............ skipped: pod not yet complete
t/92-perlcritic.t .............. skipped: Author test. Set $ENV{TEST_AUTHOR} to a true value to run.
These tests should not be running unless AUTHOR_TESTING=1 and/or RELEASE_TESTING=1!
# Failed test 'portable_filenames'
# at t/93-kwalitee.t line 10.
# Error: This distribution has at least one file with non-portable characters in its filename, which may cause problems under some environments.
# Details: blib/man3/Pod::POM::Node::Head3.3
# blib/man3/Pod::POM::View.3
# blib/man3/Pod::POM::Node::Head1.3
# blib/man3/Pod::POM::Nodes.3
# blib/man3/Pod::POM::View::Pod.3
# blib/man3/Pod::POM::Node.3
# blib/man3/Pod::POM::Node::For.3
# blib/man3/Pod::POM::Node::Head4.3
# blib/man3/Pod::POM::Node::Content.3
# blib/man3/Pod::POM::Node::Sequence.3
# blib/man3/Pod::POM::Node::Head2.3
# blib/man3/Pod::POM::View::HTML.3
# blib/man3/Pod::POM::Node::Pod.3
# blib/man3/Pod::POM::Node::Begin.3
# blib/man3/Pod::POM::Node::Code.3
# blib/man3/Pod::POM.3
# blib/man3/Pod::POM::Node::Over.3
# blib/man3/Pod::POM::Node::Verbatim.3
# blib/man3/Pod::POM::Node::Text.3
# blib/man3/Pod::POM::Node::Item.3
# blib/man3/Pod::POM::Constants.3
# blib/man3/Pod::POM::View::Text.3
# Remedy: Rename those files with alphanumerical characters, or maybe remove them because in many cases they are automatically generated for local installation.
# Looks like you failed 1 test of 17.
t/93-kwalitee.t ................
Dubious, test returned 1 (wstat 256, 0x100)
Failed 1/17 subtests
t/94-distribution.t ............ skipped: not yet ready for distribution testing
t/code.t ....................... ok
t/complete.t ................... ok
t/head.t ....................... ok
t/htmlescp.t ................... ok
t/htmllist.t ................... ok
t/htmlview.t ................... ok
t/list.t ....................... ok
t/meta.t ....................... ok
t/text.t ....................... ok
t/textview.t ................... ok
t/view.t ....................... ok
t/warn.t ....................... ok
t/wrap.t ....................... ok
Test Summary Report
-------------------
t/93-kwalitee.t (Wstat: 256 Tests: 17 Failed: 1)
Failed test: 12
Non-zero exit status: 1
Files=24, Tests=156, 4 wallclock secs ( 0.05 usr 0.11 sys + 1.56 cusr 0.27 csys = 1.99 CPU)
Result: FAIL
Failed 1/24 test programs. 1/156 subtests failed.
make: *** [test_dynamic] Error 255
------------------------------
PREREQUISITES
------------------------------
Prerequisite modules loaded:
requires:
Module Need Have
------------------- --------- ---------
Encode 0 2.44_01
parent 0 0.225
perl 5.006 5.016003
Text::Wrap 2001.0929 2009.0305
build_requires:
Module Need Have
------------------- --------- ---------
ExtUtils::MakeMaker 6.6302 6.63_02
File::Slurp 0 9999.19
Test::More 0 0.98
configure_requires:
Module Need Have
------------------- --------- ---------
ExtUtils::MakeMaker 6.62 6.63_02
------------------------------
ENVIRONMENT AND OTHER CONTEXT
------------------------------
Environment variables:
AUTOMATED_TESTING = 1
PATH = /usr/local/bin:/usr/bin:/bin:/usr/games
PERL = 5.16.3
PERL5LIB =
PERL5OPT =
PERL5_CPANPLUS_IS_RUNNING = 14327
PERL5_CPAN_IS_RUNNING = 14327
PERLVER = 5.16.3
PERL_INLINE_DIRECTORY = /home/david/.Inline-5.16.3
PERL_MM_USE_DEFAULT = 1
SHELL = /bin/bash
TERM = screen
Perl special variables (and OS-specific diagnostics, for MSWin32):
$^X = /home/david/cpantesting/perl-5.16.3/bin/perl
$UID/$EUID = 1000 / 1000
$GID = 1000 1000
$EGID = 1000 1000
Perl module toolchain versions installed:
Module Have
------------------- --------
CPAN 1.9800
CPAN::Meta 2.132140
Cwd 3.40
ExtUtils::CBuilder 0.280206
ExtUtils::Command 1.17
ExtUtils::Install 1.58
ExtUtils::MakeMaker 6.63_02
ExtUtils::Manifest 1.61
ExtUtils::ParseXS 3.16
File::Spec 3.40
JSON 2.53
JSON::PP 2.27200
Module::Build 0.4007
Module::Signature n/a
Parse::CPAN::Meta 1.4405
Test::Harness 3.23
Test::More 0.98
YAML 0.84
YAML::Syck 1.27
version 0.9902
--
Summary of my perl5 (revision 5 version 16 subversion 3) configuration:
Platform:
osname=linux, osvers=3.2.0-4-amd64, archname=x86_64-linux-thread-multi
uname='linux pigsty.barnyard.co.uk 3.2.0-4-amd64 #1 smp debian 3.2.35-2 x86_64 gnulinux '
config_args='-de -Dprefix=/home/david/cpantesting/perl-5.16.3 -Dusethreads -Duse64bitall'
hint=recommended, useposix=true, d_sigaction=define
useithreads=define, usemultiplicity=define
useperlio=define, d_sfio=undef, uselargefiles=define, usesocks=undef
use64bitint=define, use64bitall=define, uselongdouble=undef
usemymalloc=n, bincompat5005=undef
Compiler:
cc='cc', ccflags ='-D_REENTRANT -D_GNU_SOURCE -fno-strict-aliasing -pipe -fstack-protector -I/usr/local/include -D_LARGEFILE_SOURCE -D_FILE_OFFSET_BITS=64',
optimize='-O2',
cppflags='-D_REENTRANT -D_GNU_SOURCE -fno-strict-aliasing -pipe -fstack-protector -I/usr/local/include'
ccversion='', gccversion='4.1.2 20061115 (prerelease) (Debian 4.1.1-21)', gccosandvers=''
intsize=4, longsize=8, ptrsize=8, doublesize=8, byteorder=12345678
d_longlong=define, longlongsize=8, d_longdbl=define, longdblsize=16
ivtype='long', ivsize=8, nvtype='double', nvsize=8, Off_t='off_t', lseeksize=8
alignbytes=8, prototype=define
Linker and Libraries:
ld='cc', ldflags =' -fstack-protector -L/usr/local/lib'
libpth=/usr/local/lib /lib /usr/lib /lib64 /usr/lib64
libs=-lnsl -lgdbm -ldb -ldl -lm -lcrypt -lutil -lpthread -lc -lgdbm_compat
perllibs=-lnsl -ldl -lm -lcrypt -lutil -lpthread -lc
libc=/lib/libc-2.3.6.so, so=so, useshrplib=false, libperl=libperl.a
gnulibc_version='2.3.6'
Dynamic Linking:
dlsrc=dl_dlopen.xs, dlext=so, d_dlsymun=undef, ccdlflags='-Wl,-E'
cccdlflags='-fPIC', lddlflags='-shared -O2 -L/usr/local/lib -fstack-protector'
Characteristics of this binary (from libperl):
Compile-time options: HAS_TIMES MULTIPLICITY PERLIO_LAYERS
PERL_DONT_CREATE_GVSV PERL_IMPLICIT_CONTEXT
PERL_MALLOC_WRAP PERL_PRESERVE_IVUV USE_64_BIT_ALL
USE_64_BIT_INT USE_ITHREADS USE_LARGE_FILES
USE_LOCALE USE_LOCALE_COLLATE USE_LOCALE_CTYPE
USE_LOCALE_NUMERIC USE_PERLIO USE_PERL_ATOF
USE_REENTRANT_API
Built under linux
Compiled at Mar 22 2013 21:25:26
%ENV:
PERL="5.16.3"
PERL5LIB=""
PERL5OPT=""
PERL5_CPANPLUS_IS_RUNNING="14327"
PERL5_CPAN_IS_RUNNING="14327"
PERLVER="5.16.3"
PERL_INLINE_DIRECTORY="/home/david/.Inline-5.16.3"
PERL_MM_USE_DEFAULT="1"
@INC:
/home/david/cpantesting/perl-5.16.3/lib/site_perl/5.16.3/x86_64-linux-thread-multi
/home/david/cpantesting/perl-5.16.3/lib/site_perl/5.16.3
/home/david/cpantesting/perl-5.16.3/lib/5.16.3/x86_64-linux-thread-multi
/home/david/cpantesting/perl-5.16.3/lib/5.16.3
.