Back
From: metabase:user:8f3c76d2-8066-11e4-ad97-0a9b41983e00
Subject: FAIL Mojolicious-5.68 v5.16.3 FreeBSD
Date: 2014-12-10T12:29:04Z
This distribution has been tested as part of the CPAN Testers
project, supporting the Perl programming language. See
http://wiki.cpantesters.org/ for more information or email
questions to cpan-testers-discuss@perl.org
--
Dear Sebastian Riedel,
This is a computer-generated report for Mojolicious-5.68
on perl 5.16.3, created by CPAN-Reporter-1.2011.
Thank you for uploading your work to CPAN. However, there was a problem
testing your distribution.
If you think this report is invalid, please consult the CPAN Testers Wiki
for suggestions on how to avoid getting FAIL reports for missing library
or binary dependencies, unsupported operating systems, and so on:
http://wiki.cpantesters.org/wiki/CPANAuthorNotes
Sections of this report:
* Tester comments
* Program output
* Prerequisites
* Environment and other context
------------------------------
TESTER COMMENTS
------------------------------
Additional comments from tester:
this report is from an automated smoke testing program
and was not reviewed by a human for accuracy
------------------------------
PROGRAM OUTPUT
------------------------------
Output from '/usr/bin/make test':
PERL_DL_NONLAZY=1 "/usr/local/bin/perl5" "-MExtUtils::Command::MM" "-MTest::Harness" "-e" "undef *Test::Harness::Switches; test_harness(0, 'blib/lib', 'blib/arch')" t/*.t t/*/*.t
t/mojo/asset.t ............................. ok
t/mojo/base.t .............................. ok
Undefined subroutine &Sub::Util::set_subname called at /home/cpan/.cpan/build/Mojolicious-5.68-GkKv1R/blib/lib/Mojo/Util.pm line 127, <DATA> line 2231.
Compilation failed in require at t/mojo/bytestream.t line 7, <DATA> line 2231.
BEGIN failed--compilation aborted at t/mojo/bytestream.t line 7, <DATA> line 2231.
t/mojo/bytestream.t ........................
Dubious, test returned 255 (wstat 65280, 0xff00)
No subtests run
t/mojo/cache.t ............................. ok
Undefined subroutine &Sub::Util::set_subname called at /home/cpan/.cpan/build/Mojolicious-5.68-GkKv1R/blib/lib/Mojo/Util.pm line 127, <DATA> line 2231.
Compilation failed in require at /home/cpan/.cpan/build/Mojolicious-5.68-GkKv1R/blib/lib/Mojo/Content.pm line 6, <DATA> line 2231.
BEGIN failed--compilation aborted at /home/cpan/.cpan/build/Mojolicious-5.68-GkKv1R/blib/lib/Mojo/Content.pm line 6, <DATA> line 2231.
Compilation failed in require at /home/cpan/.cpan/build/Mojolicious-5.68-GkKv1R/blib/lib/Mojo/Base.pm line 30, <DATA> line 2231.
BEGIN failed--compilation aborted at /home/cpan/.cpan/build/Mojolicious-5.68-GkKv1R/blib/lib/Mojo/Content/Single.pm line 2, <DATA> line 2231.
Compilation failed in require at /home/cpan/.cpan/build/Mojolicious-5.68-GkKv1R/blib/lib/Mojo/Message.pm line 6, <DATA> line 2231.
BEGIN failed--compilation aborted at /home/cpan/.cpan/build/Mojolicious-5.68-GkKv1R/blib/lib/Mojo/Message.pm line 6, <DATA> line 2231.
Compilation failed in require at /home/cpan/.cpan/build/Mojolicious-5.68-GkKv1R/blib/lib/Mojo/Base.pm line 30, <DATA> line 2231.
BEGIN failed--compilation aborted at /home/cpan/.cpan/build/Mojolicious-5.68-GkKv1R/blib/lib/Mojo/Message/Response.pm line 2, <DATA> line 2231.
Compilation failed in require at t/mojo/cgi.t line 4, <DATA> line 2231.
BEGIN failed--compilation aborted at t/mojo/cgi.t line 4, <DATA> line 2231.
t/mojo/cgi.t ...............................
Dubious, test returned 255 (wstat 65280, 0xff00)
No subtests run
Undefined subroutine &Sub::Util::set_subname called at /home/cpan/.cpan/build/Mojolicious-5.68-GkKv1R/blib/lib/Mojo/Util.pm line 127, <DATA> line 2231.
Compilation failed in require at t/mojo/collection.t line 4, <DATA> line 2231.
BEGIN failed--compilation aborted at t/mojo/collection.t line 4, <DATA> line 2231.
t/mojo/collection.t ........................
Dubious, test returned 255 (wstat 65280, 0xff00)
No subtests run
Undefined subroutine &Sub::Util::set_subname called at /home/cpan/.cpan/build/Mojolicious-5.68-GkKv1R/blib/lib/Mojo/Util.pm line 127, <DATA> line 2231.
Compilation failed in require at /home/cpan/.cpan/build/Mojolicious-5.68-GkKv1R/blib/lib/Mojo/Content.pm line 6, <DATA> line 2231.
BEGIN failed--compilation aborted at /home/cpan/.cpan/build/Mojolicious-5.68-GkKv1R/blib/lib/Mojo/Content.pm line 6, <DATA> line 2231.
Compilation failed in require at /home/cpan/.cpan/build/Mojolicious-5.68-GkKv1R/blib/lib/Mojo/Base.pm line 30, <DATA> line 2231.
BEGIN failed--compilation aborted at /home/cpan/.cpan/build/Mojolicious-5.68-GkKv1R/blib/lib/Mojo/Content/MultiPart.pm line 2, <DATA> line 2231.
Compilation failed in require at t/mojo/content.t line 4, <DATA> line 2231.
BEGIN failed--compilation aborted at t/mojo/content.t line 4, <DATA> line 2231.
t/mojo/content.t ...........................
Dubious, test returned 255 (wstat 65280, 0xff00)
No subtests run
t/mojo/cookie.t ............................ ok
Undefined subroutine &Sub::Util::set_subname called at /home/cpan/.cpan/build/Mojolicious-5.68-GkKv1R/blib/lib/Mojo/Util.pm line 127, <DATA> line 2231.
Compilation failed in require at /home/cpan/.cpan/build/Mojolicious-5.68-GkKv1R/blib/lib/Mojo/Content.pm line 6, <DATA> line 2231.
BEGIN failed--compilation aborted at /home/cpan/.cpan/build/Mojolicious-5.68-GkKv1R/blib/lib/Mojo/Content.pm line 6, <DATA> line 2231.
Compilation failed in require at /home/cpan/.cpan/build/Mojolicious-5.68-GkKv1R/blib/lib/Mojo/Base.pm line 30, <DATA> line 2231.
BEGIN failed--compilation aborted at /home/cpan/.cpan/build/Mojolicious-5.68-GkKv1R/blib/lib/Mojo/Content/Single.pm line 2, <DATA> line 2231.
Compilation failed in require at /home/cpan/.cpan/build/Mojolicious-5.68-GkKv1R/blib/lib/Mojo/Message.pm line 6, <DATA> line 2231.
BEGIN failed--compilation aborted at /home/cpan/.cpan/build/Mojolicious-5.68-GkKv1R/blib/lib/Mojo/Message.pm line 6, <DATA> line 2231.
Compilation failed in require at /home/cpan/.cpan/build/Mojolicious-5.68-GkKv1R/blib/lib/Mojo/Base.pm line 30, <DATA> line 2231.
BEGIN failed--compilation aborted at /home/cpan/.cpan/build/Mojolicious-5.68-GkKv1R/blib/lib/Mojo/Message/Request.pm line 2, <DATA> line 2231.
Compilation failed in require at /home/cpan/.cpan/build/Mojolicious-5.68-GkKv1R/blib/lib/Mojo/Transaction.pm line 5, <DATA> line 2231.
BEGIN failed--compilation aborted at /home/cpan/.cpan/build/Mojolicious-5.68-GkKv1R/blib/lib/Mojo/Transaction.pm line 5, <DATA> line 2231.
Compilation failed in require at /home/cpan/.cpan/build/Mojolicious-5.68-GkKv1R/blib/lib/Mojo/Base.pm line 30, <DATA> line 2231.
BEGIN failed--compilation aborted at /home/cpan/.cpan/build/Mojolicious-5.68-GkKv1R/blib/lib/Mojo/Transaction/HTTP.pm line 2, <DATA> line 2231.
Compilation failed in require at t/mojo/cookiejar.t line 5, <DATA> line 2231.
BEGIN failed--compilation aborted at t/mojo/cookiejar.t line 5, <DATA> line 2231.
t/mojo/cookiejar.t .........................
Dubious, test returned 255 (wstat 65280, 0xff00)
No subtests run
Undefined subroutine &Sub::Util::set_subname called at /home/cpan/.cpan/build/Mojolicious-5.68-GkKv1R/blib/lib/Mojo/Util.pm line 127, <DATA> line 2231.
Compilation failed in require at /home/cpan/.cpan/build/Mojolicious-5.68-GkKv1R/blib/lib/Mojo/Content.pm line 6, <DATA> line 2231.
BEGIN failed--compilation aborted at /home/cpan/.cpan/build/Mojolicious-5.68-GkKv1R/blib/lib/Mojo/Content.pm line 6, <DATA> line 2231.
Compilation failed in require at /home/cpan/.cpan/build/Mojolicious-5.68-GkKv1R/blib/lib/Mojo/Base.pm line 30, <DATA> line 2231.
BEGIN failed--compilation aborted at /home/cpan/.cpan/build/Mojolicious-5.68-GkKv1R/blib/lib/Mojo/Content/Single.pm line 2, <DATA> line 2231.
Compilation failed in require at /home/cpan/.cpan/build/Mojolicious-5.68-GkKv1R/blib/lib/Mojo/Message.pm line 6, <DATA> line 2231.
BEGIN failed--compilation aborted at /home/cpan/.cpan/build/Mojolicious-5.68-GkKv1R/blib/lib/Mojo/Message.pm line 6, <DATA> line 2231.
Compilation failed in require at /home/cpan/.cpan/build/Mojolicious-5.68-GkKv1R/blib/lib/Mojo/Base.pm line 30, <DATA> line 2231.
BEGIN failed--compilation aborted at /home/cpan/.cpan/build/Mojolicious-5.68-GkKv1R/blib/lib/Mojo/Message/Request.pm line 2, <DATA> line 2231.
Compilation failed in require at /home/cpan/.cpan/build/Mojolicious-5.68-GkKv1R/blib/lib/Mojo/Transaction.pm line 5, <DATA> line 2231.
BEGIN failed--compilation aborted at /home/cpan/.cpan/build/Mojolicious-5.68-GkKv1R/blib/lib/Mojo/Transaction.pm line 5, <DATA> line 2231.
Compilation failed in require at /home/cpan/.cpan/build/Mojolicious-5.68-GkKv1R/blib/lib/Mojo/Base.pm line 30, <DATA> line 2231.
BEGIN failed--compilation aborted at /home/cpan/.cpan/build/Mojolicious-5.68-GkKv1R/blib/lib/Mojo/Transaction/HTTP.pm line 2, <DATA> line 2231.
Compilation failed in require at /home/cpan/.cpan/build/Mojolicious-5.68-GkKv1R/blib/lib/Mojo.pm line 9, <DATA> line 2231.
BEGIN failed--compilation aborted at /home/cpan/.cpan/build/Mojolicious-5.68-GkKv1R/blib/lib/Mojo.pm line 9, <DATA> line 2231.
Compilation failed in require at t/mojo/daemon.t line 9, <DATA> line 2231.
BEGIN failed--compilation aborted at t/mojo/daemon.t line 9, <DATA> line 2231.
t/mojo/daemon.t ............................
Dubious, test returned 255 (wstat 65280, 0xff00)
No subtests run
t/mojo/date.t .............................. ok
t/mojo/delay.t ............................. ok
Undefined subroutine &Sub::Util::set_subname called at /home/cpan/.cpan/build/Mojolicious-5.68-GkKv1R/blib/lib/Mojo/Util.pm line 127, <DATA> line 2231.
Compilation failed in require at /home/cpan/.cpan/build/Mojolicious-5.68-GkKv1R/blib/lib/Mojo/Collection.pm line 7, <DATA> line 2231.
BEGIN failed--compilation aborted at /home/cpan/.cpan/build/Mojolicious-5.68-GkKv1R/blib/lib/Mojo/Collection.pm line 7, <DATA> line 2231.
Compilation failed in require at /home/cpan/.cpan/build/Mojolicious-5.68-GkKv1R/blib/lib/Mojo/DOM.pm line 14, <DATA> line 2231.
BEGIN failed--compilation aborted at /home/cpan/.cpan/build/Mojolicious-5.68-GkKv1R/blib/lib/Mojo/DOM.pm line 14, <DATA> line 2231.
Compilation failed in require at t/mojo/dom.t line 4, <DATA> line 2231.
BEGIN failed--compilation aborted at t/mojo/dom.t line 4, <DATA> line 2231.
t/mojo/dom.t ...............................
Dubious, test returned 255 (wstat 65280, 0xff00)
No subtests run
t/mojo/eventemitter.t ...................... ok
Undefined subroutine &Sub::Util::set_subname called at /home/cpan/.cpan/build/Mojolicious-5.68-GkKv1R/blib/lib/Mojo/Util.pm line 127, <DATA> line 2231.
Compilation failed in require at t/mojo/headers.t line 4, <DATA> line 2231.
BEGIN failed--compilation aborted at t/mojo/headers.t line 4, <DATA> line 2231.
t/mojo/headers.t ...........................
Dubious, test returned 255 (wstat 65280, 0xff00)
No subtests run
Undefined subroutine &Sub::Util::set_subname called at /home/cpan/.cpan/build/Mojolicious-5.68-GkKv1R/blib/lib/Mojo/Util.pm line 127, <DATA> line 2231.
Compilation failed in require at /home/cpan/.cpan/build/Mojolicious-5.68-GkKv1R/blib/lib/Mojo/Content.pm line 6, <DATA> line 2231.
BEGIN failed--compilation aborted at /home/cpan/.cpan/build/Mojolicious-5.68-GkKv1R/blib/lib/Mojo/Content.pm line 6, <DATA> line 2231.
Compilation failed in require at /home/cpan/.cpan/build/Mojolicious-5.68-GkKv1R/blib/lib/Mojo/Base.pm line 30, <DATA> line 2231.
BEGIN failed--compilation aborted at /home/cpan/.cpan/build/Mojolicious-5.68-GkKv1R/blib/lib/Mojo/Content/Single.pm line 2, <DATA> line 2231.
Compilation failed in require at /home/cpan/.cpan/build/Mojolicious-5.68-GkKv1R/blib/lib/Mojo/Message.pm line 6, <DATA> line 2231.
BEGIN failed--compilation aborted at /home/cpan/.cpan/build/Mojolicious-5.68-GkKv1R/blib/lib/Mojo/Message.pm line 6, <DATA> line 2231.
Compilation failed in require at /home/cpan/.cpan/build/Mojolicious-5.68-GkKv1R/blib/lib/Mojo/Base.pm line 30, <DATA> line 2231.
BEGIN failed--compilation aborted at /home/cpan/.cpan/build/Mojolicious-5.68-GkKv1R/blib/lib/Mojo/Message/Request.pm line 2, <DATA> line 2231.
Compilation failed in require at /home/cpan/.cpan/build/Mojolicious-5.68-GkKv1R/blib/lib/Mojo/Transaction.pm line 5, <DATA> line 2231.
BEGIN failed--compilation aborted at /home/cpan/.cpan/build/Mojolicious-5.68-GkKv1R/blib/lib/Mojo/Transaction.pm line 5, <DATA> line 2231.
Compilation failed in require at /home/cpan/.cpan/build/Mojolicious-5.68-GkKv1R/blib/lib/Mojo/Base.pm line 30, <DATA> line 2231.
BEGIN failed--compilation aborted at /home/cpan/.cpan/build/Mojolicious-5.68-GkKv1R/blib/lib/Mojo/Transaction/HTTP.pm line 2, <DATA> line 2231.
Compilation failed in require at /home/cpan/.cpan/build/Mojolicious-5.68-GkKv1R/blib/lib/Mojo.pm line 9, <DATA> line 2231.
BEGIN failed--compilation aborted at /home/cpan/.cpan/build/Mojolicious-5.68-GkKv1R/blib/lib/Mojo.pm line 9, <DATA> line 2231.
Compilation failed in require at /home/cpan/.cpan/build/Mojolicious-5.68-GkKv1R/blib/lib/Mojo/Base.pm line 30, <DATA> line 2231.
BEGIN failed--compilation aborted at /home/cpan/.cpan/build/Mojolicious-5.68-GkKv1R/blib/lib/Mojolicious.pm line 2, <DATA> line 2231.
Compilation failed in require at /home/cpan/.cpan/build/Mojolicious-5.68-GkKv1R/blib/lib/Mojo/Base.pm line 30, <DATA> line 2231.
BEGIN failed--compilation aborted at /home/cpan/.cpan/build/Mojolicious-5.68-GkKv1R/blib/lib/Mojolicious/Lite.pm line 2, <DATA> line 2231.
Compilation failed in require at /home/cpan/.cpan/build/Mojolicious-5.68-GkKv1R/blib/lib/Mojo/HelloWorld.pm line 2, <DATA> line 2231.
BEGIN failed--compilation aborted at /home/cpan/.cpan/build/Mojolicious-5.68-GkKv1R/blib/lib/Mojo/HelloWorld.pm line 2, <DATA> line 2231.
Compilation failed in require at t/mojo/home.t line 10, <DATA> line 2231.
BEGIN failed--compilation aborted at t/mojo/home.t line 10, <DATA> line 2231.
t/mojo/home.t ..............................
Dubious, test returned 255 (wstat 65280, 0xff00)
No subtests run
Undefined subroutine &Sub::Util::set_subname called at /home/cpan/.cpan/build/Mojolicious-5.68-GkKv1R/blib/lib/Mojo/Util.pm line 127, <DATA> line 2231.
Compilation failed in require at /home/cpan/.cpan/build/Mojolicious-5.68-GkKv1R/blib/lib/Mojo/Content.pm line 6, <DATA> line 2231.
BEGIN failed--compilation aborted at /home/cpan/.cpan/build/Mojolicious-5.68-GkKv1R/blib/lib/Mojo/Content.pm line 6, <DATA> line 2231.
Compilation failed in require at /home/cpan/.cpan/build/Mojolicious-5.68-GkKv1R/blib/lib/Mojo/Base.pm line 30, <DATA> line 2231.
BEGIN failed--compilation aborted at /home/cpan/.cpan/build/Mojolicious-5.68-GkKv1R/blib/lib/Mojo/Content/MultiPart.pm line 2, <DATA> line 2231.
Compilation failed in require at /home/cpan/.cpan/build/Mojolicious-5.68-GkKv1R/blib/lib/Mojo/UserAgent/Transactor.pm line 7, <DATA> line 2231.
BEGIN failed--compilation aborted at /home/cpan/.cpan/build/Mojolicious-5.68-GkKv1R/blib/lib/Mojo/UserAgent/Transactor.pm line 7, <DATA> line 2231.
Compilation failed in require at /home/cpan/.cpan/build/Mojolicious-5.68-GkKv1R/blib/lib/Mojo/UserAgent.pm line 11, <DATA> line 2231.
BEGIN failed--compilation aborted at /home/cpan/.cpan/build/Mojolicious-5.68-GkKv1R/blib/lib/Mojo/UserAgent.pm line 11, <DATA> line 2231.
Compilation failed in require at t/mojo/hypnotoad.t line 16, <DATA> line 2231.
BEGIN failed--compilation aborted at t/mojo/hypnotoad.t line 16, <DATA> line 2231.
t/mojo/hypnotoad.t .........................
Dubious, test returned 255 (wstat 65280, 0xff00)
No subtests run
t/mojo/ioloop.t ............................ ok
t/mojo/ioloop_ipv6.t ....................... skipped: set TEST_IPV6 to enable this test (developer only!)
t/mojo/ioloop_tls.t ........................ skipped: set TEST_TLS to enable this test (developer only!)
Undefined subroutine &Sub::Util::set_subname called at /home/cpan/.cpan/build/Mojolicious-5.68-GkKv1R/blib/lib/Mojo/Util.pm line 127, <DATA> line 2231.
Compilation failed in require at t/mojo/json.t line 12, <DATA> line 2231.
BEGIN failed--compilation aborted at t/mojo/json.t line 12, <DATA> line 2231.
t/mojo/json.t ..............................
Dubious, test returned 255 (wstat 65280, 0xff00)
No subtests run
t/mojo/json_pointer.t ...................... ok
# Failed test 'loaded successfully'
# at t/mojo/loader.t line 82.
# got: 'Undefined subroutine &Sub::Util::set_subname called at /home/cpan/.cpan/build/Mojolicious-5.68-GkKv1R/blib/lib/Mojo/Util.pm line 127.
# Compilation failed in require at /home/cpan/.cpan/build/Mojolicious-5.68-GkKv1R/blib/lib/Mojo/Content.pm line 6.
# BEGIN failed--compilation aborted at /home/cpan/.cpan/build/Mojolicious-5.68-GkKv1R/blib/lib/Mojo/Content.pm line 6.
# Compilation failed in require at /home/cpan/.cpan/build/Mojolicious-5.68-GkKv1R/blib/lib/Mojo/Base.pm line 30.
# BEGIN failed--compilation aborted at /home/cpan/.cpan/build/Mojolicious-5.68-GkKv1R/blib/lib/Mojo/Content/Single.pm line 2.
# Compilation failed in require at /home/cpan/.cpan/build/Mojolicious-5.68-GkKv1R/blib/lib/Mojo/Message.pm line 6.
# BEGIN failed--compilation aborted at /home/cpan/.cpan/build/Mojolicious-5.68-GkKv1R/blib/lib/Mojo/Message.pm line 6.
# Compilation failed in require at /home/cpan/.cpan/build/Mojolicious-5.68-GkKv1R/blib/lib/Mojo/Base.pm line 30.
# BEGIN failed--compilation aborted at /home/cpan/.cpan/build/Mojolicious-5.68-GkKv1R/blib/lib/Mojo/Message/Request.pm line 2.
# Compilation failed in require at /home/cpan/.cpan/build/Mojolicious-5.68-GkKv1R/blib/lib/Mojo/Transaction.pm line 5.
# BEGIN failed--compilation aborted at /home/cpan/.cpan/build/Mojolicious-5.68-GkKv1R/blib/lib/Mojo/Transaction.pm line 5.
# Compilation failed in require at /home/cpan/.cpan/build/Mojolicious-5.68-GkKv1R/blib/lib/Mojo/Base.pm line 30.
# BEGIN failed--compilation aborted at /home/cpan/.cpan/build/Mojolicious-5.68-GkKv1R/blib/lib/Mojo/Transaction/HTTP.pm line 2.
# Compilation failed in require at /home/cpan/.cpan/build/Mojolicious-5.68-GkKv1R/blib/lib/Mojo.pm line 9.
# BEGIN failed--compilation aborted at /home/cpan/.cpan/build/Mojolicious-5.68-GkKv1R/blib/lib/Mojo.pm line 9.
# Compilation failed in require at /home/cpan/.cpan/build/Mojolicious-5.68-GkKv1R/blib/lib/Mojo/Base.pm line 30.
# BEGIN failed--compilation aborted at /home/cpan/.cpan/build/Mojolicious-5.68-GkKv1R/blib/lib/Mojolicious.pm line 2.
# Compilation failed in require at /home/cpan/.cpan/build/Mojolicious-5.68-GkKv1R/blib/lib/Mojo/Base.pm line 30.
# BEGIN failed--compilation aborted at /home/cpan/.cpan/build/Mojolicious-5.68-GkKv1R/blib/lib/Mojolicious/Lite.pm line 2.
# Compilation failed in require at (eval 66) line 1.
# '
# expected: undef
# Looks like you failed 1 test of 62.
t/mojo/loader.t ............................
Dubious, test returned 1 (wstat 256, 0x100)
Failed 1/62 subtests
t/mojo/log.t ............................... ok
Undefined subroutine &Sub::Util::set_subname called at /home/cpan/.cpan/build/Mojolicious-5.68-GkKv1R/blib/lib/Mojo/Util.pm line 127, <DATA> line 2231.
Compilation failed in require at /home/cpan/.cpan/build/Mojolicious-5.68-GkKv1R/blib/lib/Mojo/Content.pm line 6, <DATA> line 2231.
BEGIN failed--compilation aborted at /home/cpan/.cpan/build/Mojolicious-5.68-GkKv1R/blib/lib/Mojo/Content.pm line 6, <DATA> line 2231.
Compilation failed in require at /home/cpan/.cpan/build/Mojolicious-5.68-GkKv1R/blib/lib/Mojo/Base.pm line 30, <DATA> line 2231.
BEGIN failed--compilation aborted at /home/cpan/.cpan/build/Mojolicious-5.68-GkKv1R/blib/lib/Mojo/Content/MultiPart.pm line 2, <DATA> line 2231.
Compilation failed in require at /home/cpan/.cpan/build/Mojolicious-5.68-GkKv1R/blib/lib/Mojo/UserAgent/Transactor.pm line 7, <DATA> line 2231.
BEGIN failed--compilation aborted at /home/cpan/.cpan/build/Mojolicious-5.68-GkKv1R/blib/lib/Mojo/UserAgent/Transactor.pm line 7, <DATA> line 2231.
Compilation failed in require at /home/cpan/.cpan/build/Mojolicious-5.68-GkKv1R/blib/lib/Mojo/UserAgent.pm line 11, <DATA> line 2231.
BEGIN failed--compilation aborted at /home/cpan/.cpan/build/Mojolicious-5.68-GkKv1R/blib/lib/Mojo/UserAgent.pm line 11, <DATA> line 2231.
Compilation failed in require at t/mojo/morbo.t line 17, <DATA> line 2231.
BEGIN failed--compilation aborted at t/mojo/morbo.t line 17, <DATA> line 2231.
t/mojo/morbo.t .............................
Dubious, test returned 255 (wstat 65280, 0xff00)
No subtests run
t/mojo/parameters.t ........................ ok
t/mojo/path.t .............................. ok
Undefined subroutine &Sub::Util::set_subname called at /home/cpan/.cpan/build/Mojolicious-5.68-GkKv1R/blib/lib/Mojo/Util.pm line 127, <DATA> line 2231.
Compilation failed in require at /home/cpan/.cpan/build/Mojolicious-5.68-GkKv1R/blib/lib/Mojo/Content.pm line 6, <DATA> line 2231.
BEGIN failed--compilation aborted at /home/cpan/.cpan/build/Mojolicious-5.68-GkKv1R/blib/lib/Mojo/Content.pm line 6, <DATA> line 2231.
Compilation failed in require at /home/cpan/.cpan/build/Mojolicious-5.68-GkKv1R/blib/lib/Mojo/Base.pm line 30, <DATA> line 2231.
BEGIN failed--compilation aborted at /home/cpan/.cpan/build/Mojolicious-5.68-GkKv1R/blib/lib/Mojo/Content/MultiPart.pm line 2, <DATA> line 2231.
Compilation failed in require at /home/cpan/.cpan/build/Mojolicious-5.68-GkKv1R/blib/lib/Mojo/UserAgent/Transactor.pm line 7, <DATA> line 2231.
BEGIN failed--compilation aborted at /home/cpan/.cpan/build/Mojolicious-5.68-GkKv1R/blib/lib/Mojo/UserAgent/Transactor.pm line 7, <DATA> line 2231.
Compilation failed in require at /home/cpan/.cpan/build/Mojolicious-5.68-GkKv1R/blib/lib/Mojo/UserAgent.pm line 11, <DATA> line 2231.
BEGIN failed--compilation aborted at /home/cpan/.cpan/build/Mojolicious-5.68-GkKv1R/blib/lib/Mojo/UserAgent.pm line 11, <DATA> line 2231.
Compilation failed in require at t/mojo/prefork.t line 12, <DATA> line 2231.
BEGIN failed--compilation aborted at t/mojo/prefork.t line 12, <DATA> line 2231.
t/mojo/prefork.t ...........................
Dubious, test returned 255 (wstat 65280, 0xff00)
No subtests run
t/mojo/proxy.t ............................. ok
Undefined subroutine &Sub::Util::set_subname called at /home/cpan/.cpan/build/Mojolicious-5.68-GkKv1R/blib/lib/Mojo/Util.pm line 127, <DATA> line 2231.
Compilation failed in require at /home/cpan/.cpan/build/Mojolicious-5.68-GkKv1R/blib/lib/Mojo/Template.pm line 5, <DATA> line 2231.
BEGIN failed--compilation aborted at /home/cpan/.cpan/build/Mojolicious-5.68-GkKv1R/blib/lib/Mojo/Template.pm line 5, <DATA> line 2231.
Compilation failed in require at /home/cpan/.cpan/build/Mojolicious-5.68-GkKv1R/blib/lib/Mojolicious/Command.pm line 11, <DATA> line 2231.
BEGIN failed--compilation aborted at /home/cpan/.cpan/build/Mojolicious-5.68-GkKv1R/blib/lib/Mojolicious/Command.pm line 11, <DATA> line 2231.
Compilation failed in require at /home/cpan/.cpan/build/Mojolicious-5.68-GkKv1R/blib/lib/Mojo/Base.pm line 30, <DATA> line 2231.
BEGIN failed--compilation aborted at /home/cpan/.cpan/build/Mojolicious-5.68-GkKv1R/blib/lib/Mojolicious/Command/psgi.pm line 2, <DATA> line 2231.
Compilation failed in require at t/mojo/psgi.t line 6, <DATA> line 2231.
BEGIN failed--compilation aborted at t/mojo/psgi.t line 6, <DATA> line 2231.
t/mojo/psgi.t ..............................
Dubious, test returned 255 (wstat 65280, 0xff00)
No subtests run
t/mojo/reactor_ev.t ........................ skipped: set TEST_EV to enable this test (developer only!)
t/mojo/reactor_poll.t ...................... ok
Undefined subroutine &Sub::Util::set_subname called at /home/cpan/.cpan/build/Mojolicious-5.68-GkKv1R/blib/lib/Mojo/Util.pm line 127, <DATA> line 2231.
Compilation failed in require at /home/cpan/.cpan/build/Mojolicious-5.68-GkKv1R/blib/lib/Mojo/Content.pm line 6, <DATA> line 2231.
BEGIN failed--compilation aborted at /home/cpan/.cpan/build/Mojolicious-5.68-GkKv1R/blib/lib/Mojo/Content.pm line 6, <DATA> line 2231.
Compilation failed in require at /home/cpan/.cpan/build/Mojolicious-5.68-GkKv1R/blib/lib/Mojo/Base.pm line 30, <DATA> line 2231.
BEGIN failed--compilation aborted at /home/cpan/.cpan/build/Mojolicious-5.68-GkKv1R/blib/lib/Mojo/Content/Single.pm line 2, <DATA> line 2231.
Compilation failed in require at t/mojo/request.t line 7, <DATA> line 2231.
BEGIN failed--compilation aborted at t/mojo/request.t line 7, <DATA> line 2231.
t/mojo/request.t ...........................
Dubious, test returned 255 (wstat 65280, 0xff00)
No subtests run
Undefined subroutine &Sub::Util::set_subname called at /home/cpan/.cpan/build/Mojolicious-5.68-GkKv1R/blib/lib/Mojo/Util.pm line 127, <DATA> line 2231.
Compilation failed in require at /home/cpan/.cpan/build/Mojolicious-5.68-GkKv1R/blib/lib/Mojo/Content.pm line 6, <DATA> line 2231.
BEGIN failed--compilation aborted at /home/cpan/.cpan/build/Mojolicious-5.68-GkKv1R/blib/lib/Mojo/Content.pm line 6, <DATA> line 2231.
Compilation failed in require at /home/cpan/.cpan/build/Mojolicious-5.68-GkKv1R/blib/lib/Mojo/Base.pm line 30, <DATA> line 2231.
BEGIN failed--compilation aborted at /home/cpan/.cpan/build/Mojolicious-5.68-GkKv1R/blib/lib/Mojo/Content/Single.pm line 2, <DATA> line 2231.
Compilation failed in require at /home/cpan/.cpan/build/Mojolicious-5.68-GkKv1R/blib/lib/Mojo/Message.pm line 6, <DATA> line 2231.
BEGIN failed--compilation aborted at /home/cpan/.cpan/build/Mojolicious-5.68-GkKv1R/blib/lib/Mojo/Message.pm line 6, <DATA> line 2231.
Compilation failed in require at /home/cpan/.cpan/build/Mojolicious-5.68-GkKv1R/blib/lib/Mojo/Base.pm line 30, <DATA> line 2231.
BEGIN failed--compilation aborted at /home/cpan/.cpan/build/Mojolicious-5.68-GkKv1R/blib/lib/Mojo/Message/Request.pm line 2, <DATA> line 2231.
Compilation failed in require at t/mojo/request_cgi.t line 4, <DATA> line 2231.
BEGIN failed--compilation aborted at t/mojo/request_cgi.t line 4, <DATA> line 2231.
t/mojo/request_cgi.t .......................
Dubious, test returned 255 (wstat 65280, 0xff00)
No subtests run
Undefined subroutine &Sub::Util::set_subname called at /home/cpan/.cpan/build/Mojolicious-5.68-GkKv1R/blib/lib/Mojo/Util.pm line 127, <DATA> line 2231.
Compilation failed in require at /home/cpan/.cpan/build/Mojolicious-5.68-GkKv1R/blib/lib/Mojo/Content.pm line 6, <DATA> line 2231.
BEGIN failed--compilation aborted at /home/cpan/.cpan/build/Mojolicious-5.68-GkKv1R/blib/lib/Mojo/Content.pm line 6, <DATA> line 2231.
Compilation failed in require at /home/cpan/.cpan/build/Mojolicious-5.68-GkKv1R/blib/lib/Mojo/Base.pm line 30, <DATA> line 2231.
BEGIN failed--compilation aborted at /home/cpan/.cpan/build/Mojolicious-5.68-GkKv1R/blib/lib/Mojo/Content/Single.pm line 2, <DATA> line 2231.
Compilation failed in require at t/mojo/response.t line 6, <DATA> line 2231.
BEGIN failed--compilation aborted at t/mojo/response.t line 6, <DATA> line 2231.
t/mojo/response.t ..........................
Dubious, test returned 255 (wstat 65280, 0xff00)
No subtests run
Undefined subroutine &Sub::Util::set_subname called at /home/cpan/.cpan/build/Mojolicious-5.68-GkKv1R/blib/lib/Mojo/Util.pm line 127, <DATA> line 2231.
Compilation failed in require at /home/cpan/.cpan/build/Mojolicious-5.68-GkKv1R/blib/lib/Mojo/Template.pm line 5, <DATA> line 2231.
BEGIN failed--compilation aborted at /home/cpan/.cpan/build/Mojolicious-5.68-GkKv1R/blib/lib/Mojo/Template.pm line 5, <DATA> line 2231.
Compilation failed in require at t/mojo/template.t line 22, <DATA> line 2231.
BEGIN failed--compilation aborted at t/mojo/template.t line 22, <DATA> line 2231.
t/mojo/template.t ..........................
Dubious, test returned 255 (wstat 65280, 0xff00)
No subtests run
Undefined subroutine &Sub::Util::set_subname called at /home/cpan/.cpan/build/Mojolicious-5.68-GkKv1R/blib/lib/Mojo/Util.pm line 127, <DATA> line 2231.
Compilation failed in require at /home/cpan/.cpan/build/Mojolicious-5.68-GkKv1R/blib/lib/Mojo/Content.pm line 6, <DATA> line 2231.
BEGIN failed--compilation aborted at /home/cpan/.cpan/build/Mojolicious-5.68-GkKv1R/blib/lib/Mojo/Content.pm line 6, <DATA> line 2231.
Compilation failed in require at /home/cpan/.cpan/build/Mojolicious-5.68-GkKv1R/blib/lib/Mojo/Base.pm line 30, <DATA> line 2231.
BEGIN failed--compilation aborted at /home/cpan/.cpan/build/Mojolicious-5.68-GkKv1R/blib/lib/Mojo/Content/Single.pm line 2, <DATA> line 2231.
Compilation failed in require at /home/cpan/.cpan/build/Mojolicious-5.68-GkKv1R/blib/lib/Mojo/Message.pm line 6, <DATA> line 2231.
BEGIN failed--compilation aborted at /home/cpan/.cpan/build/Mojolicious-5.68-GkKv1R/blib/lib/Mojo/Message.pm line 6, <DATA> line 2231.
Compilation failed in require at /home/cpan/.cpan/build/Mojolicious-5.68-GkKv1R/blib/lib/Mojo/Base.pm line 30, <DATA> line 2231.
BEGIN failed--compilation aborted at /home/cpan/.cpan/build/Mojolicious-5.68-GkKv1R/blib/lib/Mojo/Message/Request.pm line 2, <DATA> line 2231.
Compilation failed in require at /home/cpan/.cpan/build/Mojolicious-5.68-GkKv1R/blib/lib/Mojo/Transaction.pm line 5, <DATA> line 2231.
BEGIN failed--compilation aborted at /home/cpan/.cpan/build/Mojolicious-5.68-GkKv1R/blib/lib/Mojo/Transaction.pm line 5, <DATA> line 2231.
Compilation failed in require at /home/cpan/.cpan/build/Mojolicious-5.68-GkKv1R/blib/lib/Mojo/Base.pm line 30, <DATA> line 2231.
BEGIN failed--compilation aborted at /home/cpan/.cpan/build/Mojolicious-5.68-GkKv1R/blib/lib/Mojo/Transaction/WebSocket.pm line 2, <DATA> line 2231.
Compilation failed in require at t/mojo/transactor.t line 6, <DATA> line 2231.
BEGIN failed--compilation aborted at t/mojo/transactor.t line 6, <DATA> line 2231.
t/mojo/transactor.t ........................
Dubious, test returned 255 (wstat 65280, 0xff00)
No subtests run
t/mojo/url.t ............................... ok
Undefined subroutine &Sub::Util::set_subname called at /home/cpan/.cpan/build/Mojolicious-5.68-GkKv1R/blib/lib/Mojo/Util.pm line 127, <DATA> line 2231.
Compilation failed in require at /home/cpan/.cpan/build/Mojolicious-5.68-GkKv1R/blib/lib/Mojo/Content.pm line 6, <DATA> line 2231.
BEGIN failed--compilation aborted at /home/cpan/.cpan/build/Mojolicious-5.68-GkKv1R/blib/lib/Mojo/Content.pm line 6, <DATA> line 2231.
Compilation failed in require at /home/cpan/.cpan/build/Mojolicious-5.68-GkKv1R/blib/lib/Mojo/Base.pm line 30, <DATA> line 2231.
BEGIN failed--compilation aborted at /home/cpan/.cpan/build/Mojolicious-5.68-GkKv1R/blib/lib/Mojo/Content/Single.pm line 2, <DATA> line 2231.
Compilation failed in require at /home/cpan/.cpan/build/Mojolicious-5.68-GkKv1R/blib/lib/Mojo/Message.pm line 6, <DATA> line 2231.
BEGIN failed--compilation aborted at /home/cpan/.cpan/build/Mojolicious-5.68-GkKv1R/blib/lib/Mojo/Message.pm line 6, <DATA> line 2231.
Compilation failed in require at /home/cpan/.cpan/build/Mojolicious-5.68-GkKv1R/blib/lib/Mojo/Base.pm line 30, <DATA> line 2231.
BEGIN failed--compilation aborted at /home/cpan/.cpan/build/Mojolicious-5.68-GkKv1R/blib/lib/Mojo/Message/Request.pm line 2, <DATA> line 2231.
Compilation failed in require at t/mojo/user_agent.t line 11, <DATA> line 2231.
BEGIN failed--compilation aborted at t/mojo/user_agent.t line 11, <DATA> line 2231.
t/mojo/user_agent.t ........................
Dubious, test returned 255 (wstat 65280, 0xff00)
No subtests run
Undefined subroutine &Sub::Util::set_subname called at /home/cpan/.cpan/build/Mojolicious-5.68-GkKv1R/blib/lib/Mojo/Util.pm line 127, <DATA> line 2231.
Compilation failed in require at /home/cpan/.cpan/build/Mojolicious-5.68-GkKv1R/blib/lib/Mojo/Content.pm line 6, <DATA> line 2231.
BEGIN failed--compilation aborted at /home/cpan/.cpan/build/Mojolicious-5.68-GkKv1R/blib/lib/Mojo/Content.pm line 6, <DATA> line 2231.
Compilation failed in require at /home/cpan/.cpan/build/Mojolicious-5.68-GkKv1R/blib/lib/Mojo/Base.pm line 30, <DATA> line 2231.
BEGIN failed--compilation aborted at /home/cpan/.cpan/build/Mojolicious-5.68-GkKv1R/blib/lib/Mojo/Content/Single.pm line 2, <DATA> line 2231.
Compilation failed in require at /home/cpan/.cpan/build/Mojolicious-5.68-GkKv1R/blib/lib/Mojo/Message.pm line 6, <DATA> line 2231.
BEGIN failed--compilation aborted at /home/cpan/.cpan/build/Mojolicious-5.68-GkKv1R/blib/lib/Mojo/Message.pm line 6, <DATA> line 2231.
Compilation failed in require at /home/cpan/.cpan/build/Mojolicious-5.68-GkKv1R/blib/lib/Mojo/Base.pm line 30, <DATA> line 2231.
BEGIN failed--compilation aborted at /home/cpan/.cpan/build/Mojolicious-5.68-GkKv1R/blib/lib/Mojo/Message/Request.pm line 2, <DATA> line 2231.
Compilation failed in require at /home/cpan/.cpan/build/Mojolicious-5.68-GkKv1R/blib/lib/Mojo/Transaction.pm line 5, <DATA> line 2231.
BEGIN failed--compilation aborted at /home/cpan/.cpan/build/Mojolicious-5.68-GkKv1R/blib/lib/Mojo/Transaction.pm line 5, <DATA> line 2231.
Compilation failed in require at /home/cpan/.cpan/build/Mojolicious-5.68-GkKv1R/blib/lib/Mojo/Base.pm line 30, <DATA> line 2231.
BEGIN failed--compilation aborted at /home/cpan/.cpan/build/Mojolicious-5.68-GkKv1R/blib/lib/Mojo/Transaction/HTTP.pm line 2, <DATA> line 2231.
Compilation failed in require at t/mojo/user_agent_online.t line 18, <DATA> line 2231.
BEGIN failed--compilation aborted at t/mojo/user_agent_online.t line 18, <DATA> line 2231.
t/mojo/user_agent_online.t .................
Dubious, test returned 255 (wstat 65280, 0xff00)
No subtests run
Undefined subroutine &Sub::Util::set_subname called at /home/cpan/.cpan/build/Mojolicious-5.68-GkKv1R/blib/lib/Mojo/Util.pm line 127, <DATA> line 2231.
Compilation failed in require at /home/cpan/.cpan/build/Mojolicious-5.68-GkKv1R/blib/lib/Mojo/Content.pm line 6, <DATA> line 2231.
BEGIN failed--compilation aborted at /home/cpan/.cpan/build/Mojolicious-5.68-GkKv1R/blib/lib/Mojo/Content.pm line 6, <DATA> line 2231.
Compilation failed in require at /home/cpan/.cpan/build/Mojolicious-5.68-GkKv1R/blib/lib/Mojo/Base.pm line 30, <DATA> line 2231.
BEGIN failed--compilation aborted at /home/cpan/.cpan/build/Mojolicious-5.68-GkKv1R/blib/lib/Mojo/Content/MultiPart.pm line 2, <DATA> line 2231.
Compilation failed in require at /home/cpan/.cpan/build/Mojolicious-5.68-GkKv1R/blib/lib/Mojo/UserAgent/Transactor.pm line 7, <DATA> line 2231.
BEGIN failed--compilation aborted at /home/cpan/.cpan/build/Mojolicious-5.68-GkKv1R/blib/lib/Mojo/UserAgent/Transactor.pm line 7, <DATA> line 2231.
Compilation failed in require at /home/cpan/.cpan/build/Mojolicious-5.68-GkKv1R/blib/lib/Mojo/UserAgent.pm line 11, <DATA> line 2231.
BEGIN failed--compilation aborted at /home/cpan/.cpan/build/Mojolicious-5.68-GkKv1R/blib/lib/Mojo/UserAgent.pm line 11, <DATA> line 2231.
Compilation failed in require at t/mojo/user_agent_socks.t line 18, <DATA> line 2231.
BEGIN failed--compilation aborted at t/mojo/user_agent_socks.t line 18, <DATA> line 2231.
t/mojo/user_agent_socks.t ..................
Dubious, test returned 255 (wstat 65280, 0xff00)
No subtests run
Undefined subroutine &Sub::Util::set_subname called at /home/cpan/.cpan/build/Mojolicious-5.68-GkKv1R/blib/lib/Mojo/Util.pm line 127, <DATA> line 2231.
Compilation failed in require at /home/cpan/.cpan/build/Mojolicious-5.68-GkKv1R/blib/lib/Mojo/Content.pm line 6, <DATA> line 2231.
BEGIN failed--compilation aborted at /home/cpan/.cpan/build/Mojolicious-5.68-GkKv1R/blib/lib/Mojo/Content.pm line 6, <DATA> line 2231.
Compilation failed in require at /home/cpan/.cpan/build/Mojolicious-5.68-GkKv1R/blib/lib/Mojo/Base.pm line 30, <DATA> line 2231.
BEGIN failed--compilation aborted at /home/cpan/.cpan/build/Mojolicious-5.68-GkKv1R/blib/lib/Mojo/Content/MultiPart.pm line 2, <DATA> line 2231.
Compilation failed in require at /home/cpan/.cpan/build/Mojolicious-5.68-GkKv1R/blib/lib/Mojo/UserAgent/Transactor.pm line 7, <DATA> line 2231.
BEGIN failed--compilation aborted at /home/cpan/.cpan/build/Mojolicious-5.68-GkKv1R/blib/lib/Mojo/UserAgent/Transactor.pm line 7, <DATA> line 2231.
Compilation failed in require at /home/cpan/.cpan/build/Mojolicious-5.68-GkKv1R/blib/lib/Mojo/UserAgent.pm line 11, <DATA> line 2231.
BEGIN failed--compilation aborted at /home/cpan/.cpan/build/Mojolicious-5.68-GkKv1R/blib/lib/Mojo/UserAgent.pm line 11, <DATA> line 2231.
Compilation failed in require at t/mojo/user_agent_tls.t line 15, <DATA> line 2231.
BEGIN failed--compilation aborted at t/mojo/user_agent_tls.t line 15, <DATA> line 2231.
t/mojo/user_agent_tls.t ....................
Dubious, test returned 255 (wstat 65280, 0xff00)
No subtests run
Undefined subroutine &Sub::Util::set_subname called at /home/cpan/.cpan/build/Mojolicious-5.68-GkKv1R/blib/lib/Mojo/Util.pm line 127, <DATA> line 2231.
Compilation failed in require at t/mojo/util.t line 9, <DATA> line 2231.
BEGIN failed--compilation aborted at t/mojo/util.t line 9, <DATA> line 2231.
t/mojo/util.t ..............................
Dubious, test returned 255 (wstat 65280, 0xff00)
No subtests run
Undefined subroutine &Sub::Util::set_subname called at /home/cpan/.cpan/build/Mojolicious-5.68-GkKv1R/blib/lib/Mojo/Util.pm line 127, <DATA> line 2231.
Compilation failed in require at t/mojo/websocket.t line 7, <DATA> line 2231.
BEGIN failed--compilation aborted at t/mojo/websocket.t line 7, <DATA> line 2231.
t/mojo/websocket.t .........................
Dubious, test returned 255 (wstat 65280, 0xff00)
No subtests run
Undefined subroutine &Sub::Util::set_subname called at /home/cpan/.cpan/build/Mojolicious-5.68-GkKv1R/blib/lib/Mojo/Util.pm line 127, <DATA> line 2231.
Compilation failed in require at /home/cpan/.cpan/build/Mojolicious-5.68-GkKv1R/blib/lib/Mojo/Content.pm line 6, <DATA> line 2231.
BEGIN failed--compilation aborted at /home/cpan/.cpan/build/Mojolicious-5.68-GkKv1R/blib/lib/Mojo/Content.pm line 6, <DATA> line 2231.
Compilation failed in require at /home/cpan/.cpan/build/Mojolicious-5.68-GkKv1R/blib/lib/Mojo/Base.pm line 30, <DATA> line 2231.
BEGIN failed--compilation aborted at /home/cpan/.cpan/build/Mojolicious-5.68-GkKv1R/blib/lib/Mojo/Content/Single.pm line 2, <DATA> line 2231.
Compilation failed in require at /home/cpan/.cpan/build/Mojolicious-5.68-GkKv1R/blib/lib/Mojo/Message.pm line 6, <DATA> line 2231.
BEGIN failed--compilation aborted at /home/cpan/.cpan/build/Mojolicious-5.68-GkKv1R/blib/lib/Mojo/Message.pm line 6, <DATA> line 2231.
Compilation failed in require at /home/cpan/.cpan/build/Mojolicious-5.68-GkKv1R/blib/lib/Mojo/Base.pm line 30, <DATA> line 2231.
BEGIN failed--compilation aborted at /home/cpan/.cpan/build/Mojolicious-5.68-GkKv1R/blib/lib/Mojo/Message/Request.pm line 2, <DATA> line 2231.
Compilation failed in require at /home/cpan/.cpan/build/Mojolicious-5.68-GkKv1R/blib/lib/Mojo/Transaction.pm line 5, <DATA> line 2231.
BEGIN failed--compilation aborted at /home/cpan/.cpan/build/Mojolicious-5.68-GkKv1R/blib/lib/Mojo/Transaction.pm line 5, <DATA> line 2231.
Compilation failed in require at /home/cpan/.cpan/build/Mojolicious-5.68-GkKv1R/blib/lib/Mojo/Base.pm line 30, <DATA> line 2231.
BEGIN failed--compilation aborted at /home/cpan/.cpan/build/Mojolicious-5.68-GkKv1R/blib/lib/Mojo/Transaction/WebSocket.pm line 2, <DATA> line 2231.
Compilation failed in require at t/mojo/websocket_frames.t line 4, <DATA> line 2231.
BEGIN failed--compilation aborted at t/mojo/websocket_frames.t line 4, <DATA> line 2231.
t/mojo/websocket_frames.t ..................
Dubious, test returned 255 (wstat 65280, 0xff00)
No subtests run
Undefined subroutine &Sub::Util::set_subname called at /home/cpan/.cpan/build/Mojolicious-5.68-GkKv1R/blib/lib/Mojo/Util.pm line 127, <DATA> line 2231.
Compilation failed in require at /home/cpan/.cpan/build/Mojolicious-5.68-GkKv1R/blib/lib/Mojo/Content.pm line 6, <DATA> line 2231.
BEGIN failed--compilation aborted at /home/cpan/.cpan/build/Mojolicious-5.68-GkKv1R/blib/lib/Mojo/Content.pm line 6, <DATA> line 2231.
Compilation failed in require at /home/cpan/.cpan/build/Mojolicious-5.68-GkKv1R/blib/lib/Mojo/Base.pm line 30, <DATA> line 2231.
BEGIN failed--compilation aborted at /home/cpan/.cpan/build/Mojolicious-5.68-GkKv1R/blib/lib/Mojo/Content/MultiPart.pm line 2, <DATA> line 2231.
Compilation failed in require at /home/cpan/.cpan/build/Mojolicious-5.68-GkKv1R/blib/lib/Mojo/UserAgent/Transactor.pm line 7, <DATA> line 2231.
BEGIN failed--compilation aborted at /home/cpan/.cpan/build/Mojolicious-5.68-GkKv1R/blib/lib/Mojo/UserAgent/Transactor.pm line 7, <DATA> line 2231.
Compilation failed in require at /home/cpan/.cpan/build/Mojolicious-5.68-GkKv1R/blib/lib/Mojo/UserAgent.pm line 11, <DATA> line 2231.
BEGIN failed--compilation aborted at /home/cpan/.cpan/build/Mojolicious-5.68-GkKv1R/blib/lib/Mojo/UserAgent.pm line 11, <DATA> line 2231.
Compilation failed in require at t/mojo/websocket_proxy.t line 8, <DATA> line 2231.
BEGIN failed--compilation aborted at t/mojo/websocket_proxy.t line 8, <DATA> line 2231.
t/mojo/websocket_proxy.t ...................
Dubious, test returned 255 (wstat 65280, 0xff00)
No subtests run
Undefined subroutine &Sub::Util::set_subname called at /home/cpan/.cpan/build/Mojolicious-5.68-GkKv1R/blib/lib/Mojo/Util.pm line 127, <DATA> line 2231.
Compilation failed in require at /home/cpan/.cpan/build/Mojolicious-5.68-GkKv1R/blib/lib/Mojo/Content.pm line 6, <DATA> line 2231.
BEGIN failed--compilation aborted at /home/cpan/.cpan/build/Mojolicious-5.68-GkKv1R/blib/lib/Mojo/Content.pm line 6, <DATA> line 2231.
Compilation failed in require at /home/cpan/.cpan/build/Mojolicious-5.68-GkKv1R/blib/lib/Mojo/Base.pm line 30, <DATA> line 2231.
BEGIN failed--compilation aborted at /home/cpan/.cpan/build/Mojolicious-5.68-GkKv1R/blib/lib/Mojo/Content/MultiPart.pm line 2, <DATA> line 2231.
Compilation failed in require at /home/cpan/.cpan/build/Mojolicious-5.68-GkKv1R/blib/lib/Mojo/UserAgent/Transactor.pm line 7, <DATA> line 2231.
BEGIN failed--compilation aborted at /home/cpan/.cpan/build/Mojolicious-5.68-GkKv1R/blib/lib/Mojo/UserAgent/Transactor.pm line 7, <DATA> line 2231.
Compilation failed in require at /home/cpan/.cpan/build/Mojolicious-5.68-GkKv1R/blib/lib/Mojo/UserAgent.pm line 11, <DATA> line 2231.
BEGIN failed--compilation aborted at /home/cpan/.cpan/build/Mojolicious-5.68-GkKv1R/blib/lib/Mojo/UserAgent.pm line 11, <DATA> line 2231.
Compilation failed in require at t/mojo/websocket_proxy_tls.t line 15, <DATA> line 2231.
BEGIN failed--compilation aborted at t/mojo/websocket_proxy_tls.t line 15, <DATA> line 2231.
t/mojo/websocket_proxy_tls.t ...............
Dubious, test returned 255 (wstat 65280, 0xff00)
No subtests run
Undefined subroutine &Sub::Util::set_subname called at /home/cpan/.cpan/build/Mojolicious-5.68-GkKv1R/blib/lib/Mojo/Util.pm line 127, <DATA> line 2231.
Compilation failed in require at /home/cpan/.cpan/build/Mojolicious-5.68-GkKv1R/blib/lib/Mojo/Content.pm line 6, <DATA> line 2231.
BEGIN failed--compilation aborted at /home/cpan/.cpan/build/Mojolicious-5.68-GkKv1R/blib/lib/Mojo/Content.pm line 6, <DATA> line 2231.
Compilation failed in require at /home/cpan/.cpan/build/Mojolicious-5.68-GkKv1R/blib/lib/Mojo/Base.pm line 30, <DATA> line 2231.
BEGIN failed--compilation aborted at /home/cpan/.cpan/build/Mojolicious-5.68-GkKv1R/blib/lib/Mojo/Content/Single.pm line 2, <DATA> line 2231.
Compilation failed in require at /home/cpan/.cpan/build/Mojolicious-5.68-GkKv1R/blib/lib/Mojo/Message.pm line 6, <DATA> line 2231.
BEGIN failed--compilation aborted at /home/cpan/.cpan/build/Mojolicious-5.68-GkKv1R/blib/lib/Mojo/Message.pm line 6, <DATA> line 2231.
Compilation failed in require at /home/cpan/.cpan/build/Mojolicious-5.68-GkKv1R/blib/lib/Mojo/Base.pm line 30, <DATA> line 2231.
BEGIN failed--compilation aborted at /home/cpan/.cpan/build/Mojolicious-5.68-GkKv1R/blib/lib/Mojo/Message/Request.pm line 2, <DATA> line 2231.
Compilation failed in require at /home/cpan/.cpan/build/Mojolicious-5.68-GkKv1R/blib/lib/Mojo/Transaction.pm line 5, <DATA> line 2231.
BEGIN failed--compilation aborted at /home/cpan/.cpan/build/Mojolicious-5.68-GkKv1R/blib/lib/Mojo/Transaction.pm line 5, <DATA> line 2231.
Compilation failed in require at /home/cpan/.cpan/build/Mojolicious-5.68-GkKv1R/blib/lib/Mojo/Base.pm line 30, <DATA> line 2231.
BEGIN failed--compilation aborted at /home/cpan/.cpan/build/Mojolicious-5.68-GkKv1R/blib/lib/Mojo/Transaction/HTTP.pm line 2, <DATA> line 2231.
Compilation failed in require at /home/cpan/.cpan/build/Mojolicious-5.68-GkKv1R/blib/lib/Mojo.pm line 9, <DATA> line 2231.
BEGIN failed--compilation aborted at /home/cpan/.cpan/build/Mojolicious-5.68-GkKv1R/blib/lib/Mojo.pm line 9, <DATA> line 2231.
Compilation failed in require at /home/cpan/.cpan/build/Mojolicious-5.68-GkKv1R/blib/lib/Mojo/Base.pm line 30, <DATA> line 2231.
BEGIN failed--compilation aborted at /home/cpan/.cpan/build/Mojolicious-5.68-GkKv1R/blib/lib/Mojolicious.pm line 2, <DATA> line 2231.
Compilation failed in require at t/mojolicious/app.t line 16, <DATA> line 2231.
BEGIN failed--compilation aborted at t/mojolicious/app.t line 16, <DATA> line 2231.
t/mojolicious/app.t ........................
Dubious, test returned 255 (wstat 65280, 0xff00)
No subtests run
Undefined subroutine &Sub::Util::set_subname called at /home/cpan/.cpan/build/Mojolicious-5.68-GkKv1R/blib/lib/Mojo/Util.pm line 127, <DATA> line 2231.
Compilation failed in require at t/mojolicious/charset_lite_app.t line 6, <DATA> line 2231.
BEGIN failed--compilation aborted at t/mojolicious/charset_lite_app.t line 6, <DATA> line 2231.
t/mojolicious/charset_lite_app.t ...........
Dubious, test returned 255 (wstat 65280, 0xff00)
No subtests run
Undefined subroutine &Sub::Util::set_subname called at /home/cpan/.cpan/build/Mojolicious-5.68-GkKv1R/blib/lib/Mojo/Util.pm line 127, <DATA> line 2231.
Compilation failed in require at /home/cpan/.cpan/build/Mojolicious-5.68-GkKv1R/blib/lib/Mojo/Template.pm line 5, <DATA> line 2231.
BEGIN failed--compilation aborted at /home/cpan/.cpan/build/Mojolicious-5.68-GkKv1R/blib/lib/Mojo/Template.pm line 5, <DATA> line 2231.
Compilation failed in require at /home/cpan/.cpan/build/Mojolicious-5.68-GkKv1R/blib/lib/Mojolicious/Command.pm line 11, <DATA> line 2231.
BEGIN failed--compilation aborted at /home/cpan/.cpan/build/Mojolicious-5.68-GkKv1R/blib/lib/Mojolicious/Command.pm line 11, <DATA> line 2231.
Compilation failed in require at t/mojolicious/command.t line 9, <DATA> line 2231.
BEGIN failed--compilation aborted at t/mojolicious/command.t line 9, <DATA> line 2231.
t/mojolicious/command.t ....................
Dubious, test returned 255 (wstat 65280, 0xff00)
No subtests run
Undefined subroutine &Sub::Util::set_subname called at /home/cpan/.cpan/build/Mojolicious-5.68-GkKv1R/blib/lib/Mojo/Util.pm line 127, <DATA> line 2231.
Compilation failed in require at /home/cpan/.cpan/build/Mojolicious-5.68-GkKv1R/blib/lib/Mojo/Template.pm line 5, <DATA> line 2231.
BEGIN failed--compilation aborted at /home/cpan/.cpan/build/Mojolicious-5.68-GkKv1R/blib/lib/Mojo/Template.pm line 5, <DATA> line 2231.
Compilation failed in require at /home/cpan/.cpan/build/Mojolicious-5.68-GkKv1R/blib/lib/Mojolicious/Command.pm line 11, <DATA> line 2231.
BEGIN failed--compilation aborted at /home/cpan/.cpan/build/Mojolicious-5.68-GkKv1R/blib/lib/Mojolicious/Command.pm line 11, <DATA> line 2231.
Compilation failed in require at /home/cpan/.cpan/build/Mojolicious-5.68-GkKv1R/blib/lib/Mojo/Base.pm line 30, <DATA> line 2231.
BEGIN failed--compilation aborted at /home/cpan/.cpan/build/Mojolicious-5.68-GkKv1R/blib/lib/Mojolicious/Commands.pm line 2, <DATA> line 2231.
Compilation failed in require at t/mojolicious/commands.t line 17, <DATA> line 2231.
t/mojolicious/commands.t ...................
Dubious, test returned 255 (wstat 65280, 0xff00)
No subtests run
Undefined subroutine &Sub::Util::set_subname called at /home/cpan/.cpan/build/Mojolicious-5.68-GkKv1R/blib/lib/Mojo/Util.pm line 127, <DATA> line 2231.
Compilation failed in require at /home/cpan/.cpan/build/Mojolicious-5.68-GkKv1R/blib/lib/Mojolicious/Controller.pm line 6, <DATA> line 2231.
BEGIN failed--compilation aborted at /home/cpan/.cpan/build/Mojolicious-5.68-GkKv1R/blib/lib/Mojolicious/Controller.pm line 6, <DATA> line 2231.
Compilation failed in require at /home/cpan/.cpan/build/Mojolicious-5.68-GkKv1R/blib/lib/Mojo/Base.pm line 30, <DATA> line 2231.
BEGIN failed--compilation aborted at t/mojolicious/dispatch.t line 2, <DATA> line 2231.
t/mojolicious/dispatch.t ...................
Dubious, test returned 255 (wstat 65280, 0xff00)
No subtests run
Undefined subroutine &Sub::Util::set_subname called at /home/cpan/.cpan/build/Mojolicious-5.68-GkKv1R/blib/lib/Mojo/Util.pm line 127, <DATA> line 2231.
Compilation failed in require at /home/cpan/.cpan/build/Mojolicious-5.68-GkKv1R/blib/lib/Mojo/Content.pm line 6, <DATA> line 2231.
BEGIN failed--compilation aborted at /home/cpan/.cpan/build/Mojolicious-5.68-GkKv1R/blib/lib/Mojo/Content.pm line 6, <DATA> line 2231.
Compilation failed in require at /home/cpan/.cpan/build/Mojolicious-5.68-GkKv1R/blib/lib/Mojo/Base.pm line 30, <DATA> line 2231.
BEGIN failed--compilation aborted at /home/cpan/.cpan/build/Mojolicious-5.68-GkKv1R/blib/lib/Mojo/Content/Single.pm line 2, <DATA> line 2231.
Compilation failed in require at /home/cpan/.cpan/build/Mojolicious-5.68-GkKv1R/blib/lib/Mojo/Message.pm line 6, <DATA> line 2231.
BEGIN failed--compilation aborted at /home/cpan/.cpan/build/Mojolicious-5.68-GkKv1R/blib/lib/Mojo/Message.pm line 6, <DATA> line 2231.
Compilation failed in require at /home/cpan/.cpan/build/Mojolicious-5.68-GkKv1R/blib/lib/Mojo/Base.pm line 30, <DATA> line 2231.
BEGIN failed--compilation aborted at /home/cpan/.cpan/build/Mojolicious-5.68-GkKv1R/blib/lib/Mojo/Message/Response.pm line 2, <DATA> line 2231.
Compilation failed in require at t/mojolicious/dispatcher_lite_app.t line 10, <DATA> line 2231.
BEGIN failed--compilation aborted at t/mojolicious/dispatcher_lite_app.t line 10, <DATA> line 2231.
t/mojolicious/dispatcher_lite_app.t ........
Dubious, test returned 255 (wstat 65280, 0xff00)
No subtests run
Undefined subroutine &Sub::Util::set_subname called at /home/cpan/.cpan/build/Mojolicious-5.68-GkKv1R/blib/lib/Mojo/Util.pm line 127, <DATA> line 2231.
Compilation failed in require at /home/cpan/.cpan/build/Mojolicious-5.68-GkKv1R/blib/lib/Mojo/Content.pm line 6, <DATA> line 2231.
BEGIN failed--compilation aborted at /home/cpan/.cpan/build/Mojolicious-5.68-GkKv1R/blib/lib/Mojo/Content.pm line 6, <DATA> line 2231.
Compilation failed in require at /home/cpan/.cpan/build/Mojolicious-5.68-GkKv1R/blib/lib/Mojo/Base.pm line 30, <DATA> line 2231.
BEGIN failed--compilation aborted at /home/cpan/.cpan/build/Mojolicious-5.68-GkKv1R/blib/lib/Mojo/Content/Single.pm line 2, <DATA> line 2231.
Compilation failed in require at /home/cpan/.cpan/build/Mojolicious-5.68-GkKv1R/blib/lib/Mojo/Message.pm line 6, <DATA> line 2231.
BEGIN failed--compilation aborted at /home/cpan/.cpan/build/Mojolicious-5.68-GkKv1R/blib/lib/Mojo/Message.pm line 6, <DATA> line 2231.
Compilation failed in require at /home/cpan/.cpan/build/Mojolicious-5.68-GkKv1R/blib/lib/Mojo/Base.pm line 30, <DATA> line 2231.
BEGIN failed--compilation aborted at /home/cpan/.cpan/build/Mojolicious-5.68-GkKv1R/blib/lib/Mojo/Message/Request.pm line 2, <DATA> line 2231.
Compilation failed in require at /home/cpan/.cpan/build/Mojolicious-5.68-GkKv1R/blib/lib/Mojo/Transaction.pm line 5, <DATA> line 2231.
BEGIN failed--compilation aborted at /home/cpan/.cpan/build/Mojolicious-5.68-GkKv1R/blib/lib/Mojo/Transaction.pm line 5, <DATA> line 2231.
Compilation failed in require at /home/cpan/.cpan/build/Mojolicious-5.68-GkKv1R/blib/lib/Mojo/Base.pm line 30, <DATA> line 2231.
BEGIN failed--compilation aborted at /home/cpan/.cpan/build/Mojolicious-5.68-GkKv1R/blib/lib/Mojo/Transaction/HTTP.pm line 2, <DATA> line 2231.
Compilation failed in require at /home/cpan/.cpan/build/Mojolicious-5.68-GkKv1R/blib/lib/Mojo.pm line 9, <DATA> line 2231.
BEGIN failed--compilation aborted at /home/cpan/.cpan/build/Mojolicious-5.68-GkKv1R/blib/lib/Mojo.pm line 9, <DATA> line 2231.
Compilation failed in require at /home/cpan/.cpan/build/Mojolicious-5.68-GkKv1R/blib/lib/Mojo/Base.pm line 30, <DATA> line 2231.
BEGIN failed--compilation aborted at /home/cpan/.cpan/build/Mojolicious-5.68-GkKv1R/blib/lib/Mojolicious.pm line 2, <DATA> line 2231.
Compilation failed in require at /home/cpan/.cpan/build/Mojolicious-5.68-GkKv1R/blib/lib/Mojo/Base.pm line 30, <DATA> line 2231.
BEGIN failed--compilation aborted at /home/cpan/.cpan/build/Mojolicious-5.68-GkKv1R/blib/lib/Mojolicious/Lite.pm line 2, <DATA> line 2231.
Compilation failed in require at t/mojolicious/embedded_app.t line 9, <DATA> line 2231.
BEGIN failed--compilation aborted at t/mojolicious/embedded_app.t line 9, <DATA> line 2231.
t/mojolicious/embedded_app.t ...............
Dubious, test returned 255 (wstat 65280, 0xff00)
No subtests run
Undefined subroutine &Sub::Util::set_subname called at /home/cpan/.cpan/build/Mojolicious-5.68-GkKv1R/blib/lib/Mojo/Util.pm line 127, <DATA> line 2231.
Compilation failed in require at /home/cpan/.cpan/build/Mojolicious-5.68-GkKv1R/blib/lib/Mojo/Content.pm line 6, <DATA> line 2231.
BEGIN failed--compilation aborted at /home/cpan/.cpan/build/Mojolicious-5.68-GkKv1R/blib/lib/Mojo/Content.pm line 6, <DATA> line 2231.
Compilation failed in require at /home/cpan/.cpan/build/Mojolicious-5.68-GkKv1R/blib/lib/Mojo/Base.pm line 30, <DATA> line 2231.
BEGIN failed--compilation aborted at /home/cpan/.cpan/build/Mojolicious-5.68-GkKv1R/blib/lib/Mojo/Content/Single.pm line 2, <DATA> line 2231.
Compilation failed in require at /home/cpan/.cpan/build/Mojolicious-5.68-GkKv1R/blib/lib/Mojo/Message.pm line 6, <DATA> line 2231.
BEGIN failed--compilation aborted at /home/cpan/.cpan/build/Mojolicious-5.68-GkKv1R/blib/lib/Mojo/Message.pm line 6, <DATA> line 2231.
Compilation failed in require at /home/cpan/.cpan/build/Mojolicious-5.68-GkKv1R/blib/lib/Mojo/Base.pm line 30, <DATA> line 2231.
BEGIN failed--compilation aborted at /home/cpan/.cpan/build/Mojolicious-5.68-GkKv1R/blib/lib/Mojo/Message/Request.pm line 2, <DATA> line 2231.
Compilation failed in require at /home/cpan/.cpan/build/Mojolicious-5.68-GkKv1R/blib/lib/Mojo/Transaction.pm line 5, <DATA> line 2231.
BEGIN failed--compilation aborted at /home/cpan/.cpan/build/Mojolicious-5.68-GkKv1R/blib/lib/Mojo/Transaction.pm line 5, <DATA> line 2231.
Compilation failed in require at /home/cpan/.cpan/build/Mojolicious-5.68-GkKv1R/blib/lib/Mojo/Base.pm line 30, <DATA> line 2231.
BEGIN failed--compilation aborted at /home/cpan/.cpan/build/Mojolicious-5.68-GkKv1R/blib/lib/Mojo/Transaction/HTTP.pm line 2, <DATA> line 2231.
Compilation failed in require at /home/cpan/.cpan/build/Mojolicious-5.68-GkKv1R/blib/lib/Mojo.pm line 9, <DATA> line 2231.
BEGIN failed--compilation aborted at /home/cpan/.cpan/build/Mojolicious-5.68-GkKv1R/blib/lib/Mojo.pm line 9, <DATA> line 2231.
Compilation failed in require at /home/cpan/.cpan/build/Mojolicious-5.68-GkKv1R/blib/lib/Mojo/Base.pm line 30, <DATA> line 2231.
BEGIN failed--compilation aborted at /home/cpan/.cpan/build/Mojolicious-5.68-GkKv1R/blib/lib/Mojolicious.pm line 2, <DATA> line 2231.
Compilation failed in require at /home/cpan/.cpan/build/Mojolicious-5.68-GkKv1R/blib/lib/Mojo/Base.pm line 30, <DATA> line 2231.
BEGIN failed--compilation aborted at /home/cpan/.cpan/build/Mojolicious-5.68-GkKv1R/blib/lib/Mojolicious/Lite.pm line 2, <DATA> line 2231.
Compilation failed in require at t/mojolicious/embedded_lite_app.t line 13, <DATA> line 2231.
BEGIN failed--compilation aborted at t/mojolicious/embedded_lite_app.t line 13, <DATA> line 2231.
t/mojolicious/embedded_lite_app.t ..........
Dubious, test returned 255 (wstat 65280, 0xff00)
No subtests run
Undefined subroutine &Sub::Util::set_subname called at /home/cpan/.cpan/build/Mojolicious-5.68-GkKv1R/blib/lib/Mojo/Util.pm line 127, <DATA> line 2231.
Compilation failed in require at /home/cpan/.cpan/build/Mojolicious-5.68-GkKv1R/blib/lib/Mojo/Content.pm line 6, <DATA> line 2231.
BEGIN failed--compilation aborted at /home/cpan/.cpan/build/Mojolicious-5.68-GkKv1R/blib/lib/Mojo/Content.pm line 6, <DATA> line 2231.
Compilation failed in require at /home/cpan/.cpan/build/Mojolicious-5.68-GkKv1R/blib/lib/Mojo/Base.pm line 30, <DATA> line 2231.
BEGIN failed--compilation aborted at /home/cpan/.cpan/build/Mojolicious-5.68-GkKv1R/blib/lib/Mojo/Content/Single.pm line 2, <DATA> line 2231.
Compilation failed in require at /home/cpan/.cpan/build/Mojolicious-5.68-GkKv1R/blib/lib/Mojo/Message.pm line 6, <DATA> line 2231.
BEGIN failed--compilation aborted at /home/cpan/.cpan/build/Mojolicious-5.68-GkKv1R/blib/lib/Mojo/Message.pm line 6, <DATA> line 2231.
Compilation failed in require at /home/cpan/.cpan/build/Mojolicious-5.68-GkKv1R/blib/lib/Mojo/Base.pm line 30, <DATA> line 2231.
BEGIN failed--compilation aborted at /home/cpan/.cpan/build/Mojolicious-5.68-GkKv1R/blib/lib/Mojo/Message/Request.pm line 2, <DATA> line 2231.
Compilation failed in require at /home/cpan/.cpan/build/Mojolicious-5.68-GkKv1R/blib/lib/Mojo/Transaction.pm line 5, <DATA> line 2231.
BEGIN failed--compilation aborted at /home/cpan/.cpan/build/Mojolicious-5.68-GkKv1R/blib/lib/Mojo/Transaction.pm line 5, <DATA> line 2231.
Compilation failed in require at /home/cpan/.cpan/build/Mojolicious-5.68-GkKv1R/blib/lib/Mojo/Base.pm line 30, <DATA> line 2231.
BEGIN failed--compilation aborted at /home/cpan/.cpan/build/Mojolicious-5.68-GkKv1R/blib/lib/Mojo/Transaction/HTTP.pm line 2, <DATA> line 2231.
Compilation failed in require at /home/cpan/.cpan/build/Mojolicious-5.68-GkKv1R/blib/lib/Mojo.pm line 9, <DATA> line 2231.
BEGIN failed--compilation aborted at /home/cpan/.cpan/build/Mojolicious-5.68-GkKv1R/blib/lib/Mojo.pm line 9, <DATA> line 2231.
Compilation failed in require at /home/cpan/.cpan/build/Mojolicious-5.68-GkKv1R/blib/lib/Mojo/Base.pm line 30, <DATA> line 2231.
BEGIN failed--compilation aborted at /home/cpan/.cpan/build/Mojolicious-5.68-GkKv1R/blib/lib/Mojolicious.pm line 2, <DATA> line 2231.
Compilation failed in require at /home/cpan/.cpan/build/Mojolicious-5.68-GkKv1R/blib/lib/Mojo/Base.pm line 30, <DATA> line 2231.
BEGIN failed--compilation aborted at /home/cpan/.cpan/build/Mojolicious-5.68-GkKv1R/blib/lib/Mojolicious/Lite.pm line 2, <DATA> line 2231.
Compilation failed in require at t/mojolicious/exception_lite_app.t line 9, <DATA> line 2231.
BEGIN failed--compilation aborted at t/mojolicious/exception_lite_app.t line 9, <DATA> line 2231.
t/mojolicious/exception_lite_app.t .........
Dubious, test returned 255 (wstat 65280, 0xff00)
No subtests run
Undefined subroutine &Sub::Util::set_subname called at /home/cpan/.cpan/build/Mojolicious-5.68-GkKv1R/blib/lib/Mojo/Util.pm line 127, <DATA> line 2231.
Compilation failed in require at /home/cpan/.cpan/build/Mojolicious-5.68-GkKv1R/blib/lib/Mojo/Content.pm line 6, <DATA> line 2231.
BEGIN failed--compilation aborted at /home/cpan/.cpan/build/Mojolicious-5.68-GkKv1R/blib/lib/Mojo/Content.pm line 6, <DATA> line 2231.
Compilation failed in require at /home/cpan/.cpan/build/Mojolicious-5.68-GkKv1R/blib/lib/Mojo/Base.pm line 30, <DATA> line 2231.
BEGIN failed--compilation aborted at /home/cpan/.cpan/build/Mojolicious-5.68-GkKv1R/blib/lib/Mojo/Content/MultiPart.pm line 2, <DATA> line 2231.
Compilation failed in require at /home/cpan/.cpan/build/Mojolicious-5.68-GkKv1R/blib/lib/Mojo/UserAgent/Transactor.pm line 7, <DATA> line 2231.
BEGIN failed--compilation aborted at /home/cpan/.cpan/build/Mojolicious-5.68-GkKv1R/blib/lib/Mojo/UserAgent/Transactor.pm line 7, <DATA> line 2231.
Compilation failed in require at /home/cpan/.cpan/build/Mojolicious-5.68-GkKv1R/blib/lib/Mojo/UserAgent.pm line 11, <DATA> line 2231.
BEGIN failed--compilation aborted at /home/cpan/.cpan/build/Mojolicious-5.68-GkKv1R/blib/lib/Mojo/UserAgent.pm line 11, <DATA> line 2231.
Compilation failed in require at /home/cpan/.cpan/build/Mojolicious-5.68-GkKv1R/blib/lib/Test/Mojo.pm line 15, <DATA> line 2231.
BEGIN failed--compilation aborted at /home/cpan/.cpan/build/Mojolicious-5.68-GkKv1R/blib/lib/Test/Mojo.pm line 15, <DATA> line 2231.
Compilation failed in require at t/mojolicious/external_app.t line 13, <DATA> line 2231.
BEGIN failed--compilation aborted at t/mojolicious/external_app.t line 13, <DATA> line 2231.
t/mojolicious/external_app.t ...............
Dubious, test returned 255 (wstat 65280, 0xff00)
No subtests run
Undefined subroutine &Sub::Util::set_subname called at /home/cpan/.cpan/build/Mojolicious-5.68-GkKv1R/blib/lib/Mojo/Util.pm line 127, <DATA> line 2231.
Compilation failed in require at /home/cpan/.cpan/build/Mojolicious-5.68-GkKv1R/blib/lib/Mojo/Content.pm line 6, <DATA> line 2231.
BEGIN failed--compilation aborted at /home/cpan/.cpan/build/Mojolicious-5.68-GkKv1R/blib/lib/Mojo/Content.pm line 6, <DATA> line 2231.
Compilation failed in require at /home/cpan/.cpan/build/Mojolicious-5.68-GkKv1R/blib/lib/Mojo/Base.pm line 30, <DATA> line 2231.
BEGIN failed--compilation aborted at /home/cpan/.cpan/build/Mojolicious-5.68-GkKv1R/blib/lib/Mojo/Content/MultiPart.pm line 2, <DATA> line 2231.
Compilation failed in require at /home/cpan/.cpan/build/Mojolicious-5.68-GkKv1R/blib/lib/Mojo/UserAgent/Transactor.pm line 7, <DATA> line 2231.
BEGIN failed--compilation aborted at /home/cpan/.cpan/build/Mojolicious-5.68-GkKv1R/blib/lib/Mojo/UserAgent/Transactor.pm line 7, <DATA> line 2231.
Compilation failed in require at /home/cpan/.cpan/build/Mojolicious-5.68-GkKv1R/blib/lib/Mojo/UserAgent.pm line 11, <DATA> line 2231.
BEGIN failed--compilation aborted at /home/cpan/.cpan/build/Mojolicious-5.68-GkKv1R/blib/lib/Mojo/UserAgent.pm line 11, <DATA> line 2231.
Compilation failed in require at /home/cpan/.cpan/build/Mojolicious-5.68-GkKv1R/blib/lib/Test/Mojo.pm line 15, <DATA> line 2231.
BEGIN failed--compilation aborted at /home/cpan/.cpan/build/Mojolicious-5.68-GkKv1R/blib/lib/Test/Mojo.pm line 15, <DATA> line 2231.
Compilation failed in require at t/mojolicious/external_lite_app.t line 13, <DATA> line 2231.
BEGIN failed--compilation aborted at t/mojolicious/external_lite_app.t line 13, <DATA> line 2231.
t/mojolicious/external_lite_app.t ..........
Dubious, test returned 255 (wstat 65280, 0xff00)
No subtests run
Undefined subroutine &Sub::Util::set_subname called at /home/cpan/.cpan/build/Mojolicious-5.68-GkKv1R/blib/lib/Mojo/Util.pm line 127, <DATA> line 2231.
Compilation failed in require at t/mojolicious/group_lite_app.t line 6, <DATA> line 2231.
BEGIN failed--compilation aborted at t/mojolicious/group_lite_app.t line 6, <DATA> line 2231.
t/mojolicious/group_lite_app.t .............
Dubious, test returned 255 (wstat 65280, 0xff00)
No subtests run
Undefined subroutine &Sub::Util::set_subname called at /home/cpan/.cpan/build/Mojolicious-5.68-GkKv1R/blib/lib/Mojo/Util.pm line 127, <DATA> line 2231.
Compilation failed in require at /home/cpan/.cpan/build/Mojolicious-5.68-GkKv1R/blib/lib/Mojo/Content.pm line 6, <DATA> line 2231.
BEGIN failed--compilation aborted at /home/cpan/.cpan/build/Mojolicious-5.68-GkKv1R/blib/lib/Mojo/Content.pm line 6, <DATA> line 2231.
Compilation failed in require at /home/cpan/.cpan/build/Mojolicious-5.68-GkKv1R/blib/lib/Mojo/Base.pm line 30, <DATA> line 2231.
BEGIN failed--compilation aborted at /home/cpan/.cpan/build/Mojolicious-5.68-GkKv1R/blib/lib/Mojo/Content/Single.pm line 2, <DATA> line 2231.
Compilation failed in require at /home/cpan/.cpan/build/Mojolicious-5.68-GkKv1R/blib/lib/Mojo/Message.pm line 6, <DATA> line 2231.
BEGIN failed--compilation aborted at /home/cpan/.cpan/build/Mojolicious-5.68-GkKv1R/blib/lib/Mojo/Message.pm line 6, <DATA> line 2231.
Compilation failed in require at /home/cpan/.cpan/build/Mojolicious-5.68-GkKv1R/blib/lib/Mojo/Base.pm line 30, <DATA> line 2231.
BEGIN failed--compilation aborted at /home/cpan/.cpan/build/Mojolicious-5.68-GkKv1R/blib/lib/Mojo/Message/Request.pm line 2, <DATA> line 2231.
Compilation failed in require at /home/cpan/.cpan/build/Mojolicious-5.68-GkKv1R/blib/lib/Mojo/Transaction.pm line 5, <DATA> line 2231.
BEGIN failed--compilation aborted at /home/cpan/.cpan/build/Mojolicious-5.68-GkKv1R/blib/lib/Mojo/Transaction.pm line 5, <DATA> line 2231.
Compilation failed in require at /home/cpan/.cpan/build/Mojolicious-5.68-GkKv1R/blib/lib/Mojo/Base.pm line 30, <DATA> line 2231.
BEGIN failed--compilation aborted at /home/cpan/.cpan/build/Mojolicious-5.68-GkKv1R/blib/lib/Mojo/Transaction/HTTP.pm line 2, <DATA> line 2231.
Compilation failed in require at /home/cpan/.cpan/build/Mojolicious-5.68-GkKv1R/blib/lib/Mojo.pm line 9, <DATA> line 2231.
BEGIN failed--compilation aborted at /home/cpan/.cpan/build/Mojolicious-5.68-GkKv1R/blib/lib/Mojo.pm line 9, <DATA> line 2231.
Compilation failed in require at /home/cpan/.cpan/build/Mojolicious-5.68-GkKv1R/blib/lib/Mojo/Base.pm line 30, <DATA> line 2231.
BEGIN failed--compilation aborted at /home/cpan/.cpan/build/Mojolicious-5.68-GkKv1R/blib/lib/Mojolicious.pm line 2, <DATA> line 2231.
Compilation failed in require at /home/cpan/.cpan/build/Mojolicious-5.68-GkKv1R/blib/lib/Mojo/Base.pm line 30, <DATA> line 2231.
BEGIN failed--compilation aborted at /home/cpan/.cpan/build/Mojolicious-5.68-GkKv1R/blib/lib/Mojolicious/Lite.pm line 2, <DATA> line 2231.
Compilation failed in require at t/mojolicious/json_config_lite_app.t line 12, <DATA> line 2231.
BEGIN failed--compilation aborted at t/mojolicious/json_config_lite_app.t line 12, <DATA> line 2231.
t/mojolicious/json_config_lite_app.t .......
Dubious, test returned 255 (wstat 65280, 0xff00)
No subtests run
Undefined subroutine &Sub::Util::set_subname called at /home/cpan/.cpan/build/Mojolicious-5.68-GkKv1R/blib/lib/Mojo/Util.pm line 127, <DATA> line 2231.
Compilation failed in require at /home/cpan/.cpan/build/Mojolicious-5.68-GkKv1R/blib/lib/Mojo/Content.pm line 6, <DATA> line 2231.
BEGIN failed--compilation aborted at /home/cpan/.cpan/build/Mojolicious-5.68-GkKv1R/blib/lib/Mojo/Content.pm line 6, <DATA> line 2231.
Compilation failed in require at /home/cpan/.cpan/build/Mojolicious-5.68-GkKv1R/blib/lib/Mojo/Base.pm line 30, <DATA> line 2231.
BEGIN failed--compilation aborted at /home/cpan/.cpan/build/Mojolicious-5.68-GkKv1R/blib/lib/Mojo/Content/Single.pm line 2, <DATA> line 2231.
Compilation failed in require at /home/cpan/.cpan/build/Mojolicious-5.68-GkKv1R/blib/lib/Mojo/Message.pm line 6, <DATA> line 2231.
BEGIN failed--compilation aborted at /home/cpan/.cpan/build/Mojolicious-5.68-GkKv1R/blib/lib/Mojo/Message.pm line 6, <DATA> line 2231.
Compilation failed in require at /home/cpan/.cpan/build/Mojolicious-5.68-GkKv1R/blib/lib/Mojo/Base.pm line 30, <DATA> line 2231.
BEGIN failed--compilation aborted at /home/cpan/.cpan/build/Mojolicious-5.68-GkKv1R/blib/lib/Mojo/Message/Request.pm line 2, <DATA> line 2231.
Compilation failed in require at /home/cpan/.cpan/build/Mojolicious-5.68-GkKv1R/blib/lib/Mojo/Transaction.pm line 5, <DATA> line 2231.
BEGIN failed--compilation aborted at /home/cpan/.cpan/build/Mojolicious-5.68-GkKv1R/blib/lib/Mojo/Transaction.pm line 5, <DATA> line 2231.
Compilation failed in require at /home/cpan/.cpan/build/Mojolicious-5.68-GkKv1R/blib/lib/Mojo/Base.pm line 30, <DATA> line 2231.
BEGIN failed--compilation aborted at /home/cpan/.cpan/build/Mojolicious-5.68-GkKv1R/blib/lib/Mojo/Transaction/HTTP.pm line 2, <DATA> line 2231.
Compilation failed in require at /home/cpan/.cpan/build/Mojolicious-5.68-GkKv1R/blib/lib/Mojo.pm line 9, <DATA> line 2231.
BEGIN failed--compilation aborted at /home/cpan/.cpan/build/Mojolicious-5.68-GkKv1R/blib/lib/Mojo.pm line 9, <DATA> line 2231.
Compilation failed in require at /home/cpan/.cpan/build/Mojolicious-5.68-GkKv1R/blib/lib/Mojo/Base.pm line 30, <DATA> line 2231.
BEGIN failed--compilation aborted at /home/cpan/.cpan/build/Mojolicious-5.68-GkKv1R/blib/lib/Mojolicious.pm line 2, <DATA> line 2231.
Compilation failed in require at /home/cpan/.cpan/build/Mojolicious-5.68-GkKv1R/blib/lib/Mojo/Base.pm line 30, <DATA> line 2231.
BEGIN failed--compilation aborted at /home/cpan/.cpan/build/Mojolicious-5.68-GkKv1R/blib/lib/Mojolicious/Lite.pm line 2, <DATA> line 2231.
Compilation failed in require at t/mojolicious/json_config_mode_lite_app.t line 9, <DATA> line 2231.
BEGIN failed--compilation aborted at t/mojolicious/json_config_mode_lite_app.t line 9, <DATA> line 2231.
t/mojolicious/json_config_mode_lite_app.t ..
Dubious, test returned 255 (wstat 65280, 0xff00)
No subtests run
Undefined subroutine &Sub::Util::set_subname called at /home/cpan/.cpan/build/Mojolicious-5.68-GkKv1R/blib/lib/Mojo/Util.pm line 127, <DATA> line 2231.
Compilation failed in require at /home/cpan/.cpan/build/Mojolicious-5.68-GkKv1R/blib/lib/Mojo/Content.pm line 6, <DATA> line 2231.
BEGIN failed--compilation aborted at /home/cpan/.cpan/build/Mojolicious-5.68-GkKv1R/blib/lib/Mojo/Content.pm line 6, <DATA> line 2231.
Compilation failed in require at /home/cpan/.cpan/build/Mojolicious-5.68-GkKv1R/blib/lib/Mojo/Base.pm line 30, <DATA> line 2231.
BEGIN failed--compilation aborted at /home/cpan/.cpan/build/Mojolicious-5.68-GkKv1R/blib/lib/Mojo/Content/Single.pm line 2, <DATA> line 2231.
Compilation failed in require at /home/cpan/.cpan/build/Mojolicious-5.68-GkKv1R/blib/lib/Mojo/Message.pm line 6, <DATA> line 2231.
BEGIN failed--compilation aborted at /home/cpan/.cpan/build/Mojolicious-5.68-GkKv1R/blib/lib/Mojo/Message.pm line 6, <DATA> line 2231.
Compilation failed in require at /home/cpan/.cpan/build/Mojolicious-5.68-GkKv1R/blib/lib/Mojo/Base.pm line 30, <DATA> line 2231.
BEGIN failed--compilation aborted at /home/cpan/.cpan/build/Mojolicious-5.68-GkKv1R/blib/lib/Mojo/Message/Request.pm line 2, <DATA> line 2231.
Compilation failed in require at /home/cpan/.cpan/build/Mojolicious-5.68-GkKv1R/blib/lib/Mojo/Transaction.pm line 5, <DATA> line 2231.
BEGIN failed--compilation aborted at /home/cpan/.cpan/build/Mojolicious-5.68-GkKv1R/blib/lib/Mojo/Transaction.pm line 5, <DATA> line 2231.
Compilation failed in require at /home/cpan/.cpan/build/Mojolicious-5.68-GkKv1R/blib/lib/Mojo/Base.pm line 30, <DATA> line 2231.
BEGIN failed--compilation aborted at /home/cpan/.cpan/build/Mojolicious-5.68-GkKv1R/blib/lib/Mojo/Transaction/HTTP.pm line 2, <DATA> line 2231.
Compilation failed in require at /home/cpan/.cpan/build/Mojolicious-5.68-GkKv1R/blib/lib/Mojo.pm line 9, <DATA> line 2231.
BEGIN failed--compilation aborted at /home/cpan/.cpan/build/Mojolicious-5.68-GkKv1R/blib/lib/Mojo.pm line 9, <DATA> line 2231.
Compilation failed in require at /home/cpan/.cpan/build/Mojolicious-5.68-GkKv1R/blib/lib/Mojo/Base.pm line 30, <DATA> line 2231.
BEGIN failed--compilation aborted at /home/cpan/.cpan/build/Mojolicious-5.68-GkKv1R/blib/lib/Mojolicious.pm line 2, <DATA> line 2231.
Compilation failed in require at /home/cpan/.cpan/build/Mojolicious-5.68-GkKv1R/blib/lib/Mojo/Base.pm line 30, <DATA> line 2231.
BEGIN failed--compilation aborted at /home/cpan/.cpan/build/Mojolicious-5.68-GkKv1R/blib/lib/Mojolicious/Lite.pm line 2, <DATA> line 2231.
Compilation failed in require at t/mojolicious/layouted_lite_app.t line 10, <DATA> line 2231.
BEGIN failed--compilation aborted at t/mojolicious/layouted_lite_app.t line 10, <DATA> line 2231.
t/mojolicious/layouted_lite_app.t ..........
Dubious, test returned 255 (wstat 65280, 0xff00)
No subtests run
Undefined subroutine &Sub::Util::set_subname called at /home/cpan/.cpan/build/Mojolicious-5.68-GkKv1R/blib/lib/Mojo/Util.pm line 127, <DATA> line 2231.
Compilation failed in require at t/mojolicious/lite_app.t line 9, <DATA> line 2231.
BEGIN failed--compilation aborted at t/mojolicious/lite_app.t line 9, <DATA> line 2231.
t/mojolicious/lite_app.t ...................
Dubious, test returned 255 (wstat 65280, 0xff00)
No subtests run
Undefined subroutine &Sub::Util::set_subname called at /home/cpan/.cpan/build/Mojolicious-5.68-GkKv1R/blib/lib/Mojo/Util.pm line 127, <DATA> line 2231.
Compilation failed in require at /home/cpan/.cpan/build/Mojolicious-5.68-GkKv1R/blib/lib/Mojo/Content.pm line 6, <DATA> line 2231.
BEGIN failed--compilation aborted at /home/cpan/.cpan/build/Mojolicious-5.68-GkKv1R/blib/lib/Mojo/Content.pm line 6, <DATA> line 2231.
Compilation failed in require at /home/cpan/.cpan/build/Mojolicious-5.68-GkKv1R/blib/lib/Mojo/Base.pm line 30, <DATA> line 2231.
BEGIN failed--compilation aborted at /home/cpan/.cpan/build/Mojolicious-5.68-GkKv1R/blib/lib/Mojo/Content/Single.pm line 2, <DATA> line 2231.
Compilation failed in require at /home/cpan/.cpan/build/Mojolicious-5.68-GkKv1R/blib/lib/Mojo/Message.pm line 6, <DATA> line 2231.
BEGIN failed--compilation aborted at /home/cpan/.cpan/build/Mojolicious-5.68-GkKv1R/blib/lib/Mojo/Message.pm line 6, <DATA> line 2231.
Compilation failed in require at /home/cpan/.cpan/build/Mojolicious-5.68-GkKv1R/blib/lib/Mojo/Base.pm line 30, <DATA> line 2231.
BEGIN failed--compilation aborted at /home/cpan/.cpan/build/Mojolicious-5.68-GkKv1R/blib/lib/Mojo/Message/Request.pm line 2, <DATA> line 2231.
Compilation failed in require at /home/cpan/.cpan/build/Mojolicious-5.68-GkKv1R/blib/lib/Mojo/Transaction.pm line 5, <DATA> line 2231.
BEGIN failed--compilation aborted at /home/cpan/.cpan/build/Mojolicious-5.68-GkKv1R/blib/lib/Mojo/Transaction.pm line 5, <DATA> line 2231.
Compilation failed in require at /home/cpan/.cpan/build/Mojolicious-5.68-GkKv1R/blib/lib/Mojo/Base.pm line 30, <DATA> line 2231.
BEGIN failed--compilation aborted at /home/cpan/.cpan/build/Mojolicious-5.68-GkKv1R/blib/lib/Mojo/Transaction/HTTP.pm line 2, <DATA> line 2231.
Compilation failed in require at /home/cpan/.cpan/build/Mojolicious-5.68-GkKv1R/blib/lib/Mojo.pm line 9, <DATA> line 2231.
BEGIN failed--compilation aborted at /home/cpan/.cpan/build/Mojolicious-5.68-GkKv1R/blib/lib/Mojo.pm line 9, <DATA> line 2231.
Compilation failed in require at /home/cpan/.cpan/build/Mojolicious-5.68-GkKv1R/blib/lib/Mojo/Base.pm line 30, <DATA> line 2231.
BEGIN failed--compilation aborted at /home/cpan/.cpan/build/Mojolicious-5.68-GkKv1R/blib/lib/Mojolicious.pm line 2, <DATA> line 2231.
Compilation failed in require at /home/cpan/.cpan/build/Mojolicious-5.68-GkKv1R/blib/lib/Mojo/Base.pm line 30, <DATA> line 2231.
BEGIN failed--compilation aborted at /home/cpan/.cpan/build/Mojolicious-5.68-GkKv1R/blib/lib/Mojolicious/Lite.pm line 2, <DATA> line 2231.
Compilation failed in require at t/mojolicious/longpolling_lite_app.t line 7, <DATA> line 2231.
BEGIN failed--compilation aborted at t/mojolicious/longpolling_lite_app.t line 7, <DATA> line 2231.
t/mojolicious/longpolling_lite_app.t .......
Dubious, test returned 255 (wstat 65280, 0xff00)
No subtests run
Undefined subroutine &Sub::Util::set_subname called at /home/cpan/.cpan/build/Mojolicious-5.68-GkKv1R/blib/lib/Mojo/Util.pm line 127, <DATA> line 2231.
Compilation failed in require at /home/cpan/.cpan/build/Mojolicious-5.68-GkKv1R/blib/lib/Mojo/Content.pm line 6, <DATA> line 2231.
BEGIN failed--compilation aborted at /home/cpan/.cpan/build/Mojolicious-5.68-GkKv1R/blib/lib/Mojo/Content.pm line 6, <DATA> line 2231.
Compilation failed in require at /home/cpan/.cpan/build/Mojolicious-5.68-GkKv1R/blib/lib/Mojo/Base.pm line 30, <DATA> line 2231.
BEGIN failed--compilation aborted at /home/cpan/.cpan/build/Mojolicious-5.68-GkKv1R/blib/lib/Mojo/Content/Single.pm line 2, <DATA> line 2231.
Compilation failed in require at /home/cpan/.cpan/build/Mojolicious-5.68-GkKv1R/blib/lib/Mojo/Message.pm line 6, <DATA> line 2231.
BEGIN failed--compilation aborted at /home/cpan/.cpan/build/Mojolicious-5.68-GkKv1R/blib/lib/Mojo/Message.pm line 6, <DATA> line 2231.
Compilation failed in require at /home/cpan/.cpan/build/Mojolicious-5.68-GkKv1R/blib/lib/Mojo/Base.pm line 30, <DATA> line 2231.
BEGIN failed--compilation aborted at /home/cpan/.cpan/build/Mojolicious-5.68-GkKv1R/blib/lib/Mojo/Message/Request.pm line 2, <DATA> line 2231.
Compilation failed in require at /home/cpan/.cpan/build/Mojolicious-5.68-GkKv1R/blib/lib/Mojo/Transaction.pm line 5, <DATA> line 2231.
BEGIN failed--compilation aborted at /home/cpan/.cpan/build/Mojolicious-5.68-GkKv1R/blib/lib/Mojo/Transaction.pm line 5, <DATA> line 2231.
Compilation failed in require at /home/cpan/.cpan/build/Mojolicious-5.68-GkKv1R/blib/lib/Mojo/Base.pm line 30, <DATA> line 2231.
BEGIN failed--compilation aborted at /home/cpan/.cpan/build/Mojolicious-5.68-GkKv1R/blib/lib/Mojo/Transaction/HTTP.pm line 2, <DATA> line 2231.
Compilation failed in require at /home/cpan/.cpan/build/Mojolicious-5.68-GkKv1R/blib/lib/Mojo.pm line 9, <DATA> line 2231.
BEGIN failed--compilation aborted at /home/cpan/.cpan/build/Mojolicious-5.68-GkKv1R/blib/lib/Mojo.pm line 9, <DATA> line 2231.
Compilation failed in require at /home/cpan/.cpan/build/Mojolicious-5.68-GkKv1R/blib/lib/Mojo/Base.pm line 30, <DATA> line 2231.
BEGIN failed--compilation aborted at /home/cpan/.cpan/build/Mojolicious-5.68-GkKv1R/blib/lib/Mojolicious.pm line 2, <DATA> line 2231.
Compilation failed in require at /home/cpan/.cpan/build/Mojolicious-5.68-GkKv1R/blib/lib/Mojo/Base.pm line 30, <DATA> line 2231.
BEGIN failed--compilation aborted at /home/cpan/.cpan/build/Mojolicious-5.68-GkKv1R/blib/lib/Mojolicious/Lite.pm line 2, <DATA> line 2231.
Compilation failed in require at t/mojolicious/multipath_lite_app.t line 6, <DATA> line 2231.
BEGIN failed--compilation aborted at t/mojolicious/multipath_lite_app.t line 6, <DATA> line 2231.
t/mojolicious/multipath_lite_app.t .........
Dubious, test returned 255 (wstat 65280, 0xff00)
No subtests run
Undefined subroutine &Sub::Util::set_subname called at /home/cpan/.cpan/build/Mojolicious-5.68-GkKv1R/blib/lib/Mojo/Util.pm line 127, <DATA> line 2231.
Compilation failed in require at /home/cpan/.cpan/build/Mojolicious-5.68-GkKv1R/blib/lib/ojo.pm line 5, <DATA> line 2231.
BEGIN failed--compilation aborted at /home/cpan/.cpan/build/Mojolicious-5.68-GkKv1R/blib/lib/ojo.pm line 5, <DATA> line 2231.
Compilation failed in require at t/mojolicious/ojo.t line 10, <DATA> line 2231.
BEGIN failed--compilation aborted at t/mojolicious/ojo.t line 10, <DATA> line 2231.
t/mojolicious/ojo.t ........................
Dubious, test returned 255 (wstat 65280, 0xff00)
No subtests run
Undefined subroutine &Sub::Util::set_subname called at /home/cpan/.cpan/build/Mojolicious-5.68-GkKv1R/blib/lib/Mojo/Util.pm line 127, <DATA> line 2231.
Compilation failed in require at t/mojolicious/pattern.t line 4, <DATA> line 2231.
BEGIN failed--compilation aborted at t/mojolicious/pattern.t line 4, <DATA> line 2231.
t/mojolicious/pattern.t ....................
Dubious, test returned 255 (wstat 65280, 0xff00)
No subtests run
Undefined subroutine &Sub::Util::set_subname called at /home/cpan/.cpan/build/Mojolicious-5.68-GkKv1R/blib/lib/Mojo/Util.pm line 127, <DATA> line 2231.
Compilation failed in require at /home/cpan/.cpan/build/Mojolicious-5.68-GkKv1R/blib/lib/Mojo/Content.pm line 6, <DATA> line 2231.
BEGIN failed--compilation aborted at /home/cpan/.cpan/build/Mojolicious-5.68-GkKv1R/blib/lib/Mojo/Content.pm line 6, <DATA> line 2231.
Compilation failed in require at /home/cpan/.cpan/build/Mojolicious-5.68-GkKv1R/blib/lib/Mojo/Base.pm line 30, <DATA> line 2231.
BEGIN failed--compilation aborted at /home/cpan/.cpan/build/Mojolicious-5.68-GkKv1R/blib/lib/Mojo/Content/Single.pm line 2, <DATA> line 2231.
Compilation failed in require at /home/cpan/.cpan/build/Mojolicious-5.68-GkKv1R/blib/lib/Mojo/Message.pm line 6, <DATA> line 2231.
BEGIN failed--compilation aborted at /home/cpan/.cpan/build/Mojolicious-5.68-GkKv1R/blib/lib/Mojo/Message.pm line 6, <DATA> line 2231.
Compilation failed in require at /home/cpan/.cpan/build/Mojolicious-5.68-GkKv1R/blib/lib/Mojo/Base.pm line 30, <DATA> line 2231.
BEGIN failed--compilation aborted at /home/cpan/.cpan/build/Mojolicious-5.68-GkKv1R/blib/lib/Mojo/Message/Request.pm line 2, <DATA> line 2231.
Compilation failed in require at /home/cpan/.cpan/build/Mojolicious-5.68-GkKv1R/blib/lib/Mojo/Transaction.pm line 5, <DATA> line 2231.
BEGIN failed--compilation aborted at /home/cpan/.cpan/build/Mojolicious-5.68-GkKv1R/blib/lib/Mojo/Transaction.pm line 5, <DATA> line 2231.
Compilation failed in require at /home/cpan/.cpan/build/Mojolicious-5.68-GkKv1R/blib/lib/Mojo/Base.pm line 30, <DATA> line 2231.
BEGIN failed--compilation aborted at /home/cpan/.cpan/build/Mojolicious-5.68-GkKv1R/blib/lib/Mojo/Transaction/HTTP.pm line 2, <DATA> line 2231.
Compilation failed in require at /home/cpan/.cpan/build/Mojolicious-5.68-GkKv1R/blib/lib/Mojo.pm line 9, <DATA> line 2231.
BEGIN failed--compilation aborted at /home/cpan/.cpan/build/Mojolicious-5.68-GkKv1R/blib/lib/Mojo.pm line 9, <DATA> line 2231.
Compilation failed in require at /home/cpan/.cpan/build/Mojolicious-5.68-GkKv1R/blib/lib/Mojo/Base.pm line 30, <DATA> line 2231.
BEGIN failed--compilation aborted at /home/cpan/.cpan/build/Mojolicious-5.68-GkKv1R/blib/lib/Mojolicious.pm line 2, <DATA> line 2231.
Compilation failed in require at /home/cpan/.cpan/build/Mojolicious-5.68-GkKv1R/blib/lib/Mojo/Base.pm line 30, <DATA> line 2231.
BEGIN failed--compilation aborted at /home/cpan/.cpan/build/Mojolicious-5.68-GkKv1R/blib/lib/Mojolicious/Lite.pm line 2, <DATA> line 2231.
Compilation failed in require at t/mojolicious/pod_renderer_lite_app.t line 6, <DATA> line 2231.
BEGIN failed--compilation aborted at t/mojolicious/pod_renderer_lite_app.t line 6, <DATA> line 2231.
t/mojolicious/pod_renderer_lite_app.t ......
Dubious, test returned 255 (wstat 65280, 0xff00)
No subtests run
Undefined subroutine &Sub::Util::set_subname called at /home/cpan/.cpan/build/Mojolicious-5.68-GkKv1R/blib/lib/Mojo/Util.pm line 127, <DATA> line 2231.
Compilation failed in require at /home/cpan/.cpan/build/Mojolicious-5.68-GkKv1R/blib/lib/Mojo/Content.pm line 6, <DATA> line 2231.
BEGIN failed--compilation aborted at /home/cpan/.cpan/build/Mojolicious-5.68-GkKv1R/blib/lib/Mojo/Content.pm line 6, <DATA> line 2231.
Compilation failed in require at /home/cpan/.cpan/build/Mojolicious-5.68-GkKv1R/blib/lib/Mojo/Base.pm line 30, <DATA> line 2231.
BEGIN failed--compilation aborted at /home/cpan/.cpan/build/Mojolicious-5.68-GkKv1R/blib/lib/Mojo/Content/MultiPart.pm line 2, <DATA> line 2231.
Compilation failed in require at /home/cpan/.cpan/build/Mojolicious-5.68-GkKv1R/blib/lib/Mojo/UserAgent/Transactor.pm line 7, <DATA> line 2231.
BEGIN failed--compilation aborted at /home/cpan/.cpan/build/Mojolicious-5.68-GkKv1R/blib/lib/Mojo/UserAgent/Transactor.pm line 7, <DATA> line 2231.
Compilation failed in require at /home/cpan/.cpan/build/Mojolicious-5.68-GkKv1R/blib/lib/Mojo/UserAgent.pm line 11, <DATA> line 2231.
BEGIN failed--compilation aborted at /home/cpan/.cpan/build/Mojolicious-5.68-GkKv1R/blib/lib/Mojo/UserAgent.pm line 11, <DATA> line 2231.
Compilation failed in require at /home/cpan/.cpan/build/Mojolicious-5.68-GkKv1R/blib/lib/Test/Mojo.pm line 15, <DATA> line 2231.
BEGIN failed--compilation aborted at /home/cpan/.cpan/build/Mojolicious-5.68-GkKv1R/blib/lib/Test/Mojo.pm line 15, <DATA> line 2231.
Compilation failed in require at t/mojolicious/production_app.t line 13, <DATA> line 2231.
BEGIN failed--compilation aborted at t/mojolicious/production_app.t line 13, <DATA> line 2231.
t/mojolicious/production_app.t .............
Dubious, test returned 255 (wstat 65280, 0xff00)
No subtests run
Undefined subroutine &Sub::Util::set_subname called at /home/cpan/.cpan/build/Mojolicious-5.68-GkKv1R/blib/lib/Mojo/Util.pm line 127, <DATA> line 2231.
Compilation failed in require at /home/cpan/.cpan/build/Mojolicious-5.68-GkKv1R/blib/lib/Mojo/Content.pm line 6, <DATA> line 2231.
BEGIN failed--compilation aborted at /home/cpan/.cpan/build/Mojolicious-5.68-GkKv1R/blib/lib/Mojo/Content.pm line 6, <DATA> line 2231.
Compilation failed in require at /home/cpan/.cpan/build/Mojolicious-5.68-GkKv1R/blib/lib/Mojo/Base.pm line 30, <DATA> line 2231.
BEGIN failed--compilation aborted at /home/cpan/.cpan/build/Mojolicious-5.68-GkKv1R/blib/lib/Mojo/Content/Single.pm line 2, <DATA> line 2231.
Compilation failed in require at /home/cpan/.cpan/build/Mojolicious-5.68-GkKv1R/blib/lib/Mojo/Message.pm line 6, <DATA> line 2231.
BEGIN failed--compilation aborted at /home/cpan/.cpan/build/Mojolicious-5.68-GkKv1R/blib/lib/Mojo/Message.pm line 6, <DATA> line 2231.
Compilation failed in require at /home/cpan/.cpan/build/Mojolicious-5.68-GkKv1R/blib/lib/Mojo/Base.pm line 30, <DATA> line 2231.
BEGIN failed--compilation aborted at /home/cpan/.cpan/build/Mojolicious-5.68-GkKv1R/blib/lib/Mojo/Message/Request.pm line 2, <DATA> line 2231.
Compilation failed in require at /home/cpan/.cpan/build/Mojolicious-5.68-GkKv1R/blib/lib/Mojo/Transaction.pm line 5, <DATA> line 2231.
BEGIN failed--compilation aborted at /home/cpan/.cpan/build/Mojolicious-5.68-GkKv1R/blib/lib/Mojo/Transaction.pm line 5, <DATA> line 2231.
Compilation failed in require at /home/cpan/.cpan/build/Mojolicious-5.68-GkKv1R/blib/lib/Mojo/Base.pm line 30, <DATA> line 2231.
BEGIN failed--compilation aborted at /home/cpan/.cpan/build/Mojolicious-5.68-GkKv1R/blib/lib/Mojo/Transaction/HTTP.pm line 2, <DATA> line 2231.
Compilation failed in require at /home/cpan/.cpan/build/Mojolicious-5.68-GkKv1R/blib/lib/Mojo.pm line 9, <DATA> line 2231.
BEGIN failed--compilation aborted at /home/cpan/.cpan/build/Mojolicious-5.68-GkKv1R/blib/lib/Mojo.pm line 9, <DATA> line 2231.
Compilation failed in require at /home/cpan/.cpan/build/Mojolicious-5.68-GkKv1R/blib/lib/Mojo/Base.pm line 30, <DATA> line 2231.
BEGIN failed--compilation aborted at /home/cpan/.cpan/build/Mojolicious-5.68-GkKv1R/blib/lib/Mojolicious.pm line 2, <DATA> line 2231.
Compilation failed in require at /home/cpan/.cpan/build/Mojolicious-5.68-GkKv1R/blib/lib/Mojo/Base.pm line 30, <DATA> line 2231.
BEGIN failed--compilation aborted at /home/cpan/.cpan/build/Mojolicious-5.68-GkKv1R/blib/lib/Mojolicious/Lite.pm line 2, <DATA> line 2231.
Compilation failed in require at t/mojolicious/rebased_lite_app.t line 7, <DATA> line 2231.
BEGIN failed--compilation aborted at t/mojolicious/rebased_lite_app.t line 7, <DATA> line 2231.
t/mojolicious/rebased_lite_app.t ...........
Dubious, test returned 255 (wstat 65280, 0xff00)
No subtests run
Undefined subroutine &Sub::Util::set_subname called at /home/cpan/.cpan/build/Mojolicious-5.68-GkKv1R/blib/lib/Mojo/Util.pm line 127, <DATA> line 2231.
Compilation failed in require at /home/cpan/.cpan/build/Mojolicious-5.68-GkKv1R/blib/lib/Mojolicious/Controller.pm line 6, <DATA> line 2231.
BEGIN failed--compilation aborted at /home/cpan/.cpan/build/Mojolicious-5.68-GkKv1R/blib/lib/Mojolicious/Controller.pm line 6, <DATA> line 2231.
Compilation failed in require at t/mojolicious/renderer.t line 5, <DATA> line 2231.
BEGIN failed--compilation aborted at t/mojolicious/renderer.t line 5, <DATA> line 2231.
t/mojolicious/renderer.t ...................
Dubious, test returned 255 (wstat 65280, 0xff00)
No subtests run
Undefined subroutine &Sub::Util::set_subname called at /home/cpan/.cpan/build/Mojolicious-5.68-GkKv1R/blib/lib/Mojo/Util.pm line 127, <DATA> line 2231.
Compilation failed in require at /home/cpan/.cpan/build/Mojolicious-5.68-GkKv1R/blib/lib/Mojo/Content.pm line 6, <DATA> line 2231.
BEGIN failed--compilation aborted at /home/cpan/.cpan/build/Mojolicious-5.68-GkKv1R/blib/lib/Mojo/Content.pm line 6, <DATA> line 2231.
Compilation failed in require at /home/cpan/.cpan/build/Mojolicious-5.68-GkKv1R/blib/lib/Mojo/Base.pm line 30, <DATA> line 2231.
BEGIN failed--compilation aborted at /home/cpan/.cpan/build/Mojolicious-5.68-GkKv1R/blib/lib/Mojo/Content/Single.pm line 2, <DATA> line 2231.
Compilation failed in require at /home/cpan/.cpan/build/Mojolicious-5.68-GkKv1R/blib/lib/Mojo/Message.pm line 6, <DATA> line 2231.
BEGIN failed--compilation aborted at /home/cpan/.cpan/build/Mojolicious-5.68-GkKv1R/blib/lib/Mojo/Message.pm line 6, <DATA> line 2231.
Compilation failed in require at /home/cpan/.cpan/build/Mojolicious-5.68-GkKv1R/blib/lib/Mojo/Base.pm line 30, <DATA> line 2231.
BEGIN failed--compilation aborted at /home/cpan/.cpan/build/Mojolicious-5.68-GkKv1R/blib/lib/Mojo/Message/Request.pm line 2, <DATA> line 2231.
Compilation failed in require at /home/cpan/.cpan/build/Mojolicious-5.68-GkKv1R/blib/lib/Mojo/Transaction.pm line 5, <DATA> line 2231.
BEGIN failed--compilation aborted at /home/cpan/.cpan/build/Mojolicious-5.68-GkKv1R/blib/lib/Mojo/Transaction.pm line 5, <DATA> line 2231.
Compilation failed in require at /home/cpan/.cpan/build/Mojolicious-5.68-GkKv1R/blib/lib/Mojo/Base.pm line 30, <DATA> line 2231.
BEGIN failed--compilation aborted at /home/cpan/.cpan/build/Mojolicious-5.68-GkKv1R/blib/lib/Mojo/Transaction/HTTP.pm line 2, <DATA> line 2231.
Compilation failed in require at /home/cpan/.cpan/build/Mojolicious-5.68-GkKv1R/blib/lib/Mojo.pm line 9, <DATA> line 2231.
BEGIN failed--compilation aborted at /home/cpan/.cpan/build/Mojolicious-5.68-GkKv1R/blib/lib/Mojo.pm line 9, <DATA> line 2231.
Compilation failed in require at /home/cpan/.cpan/build/Mojolicious-5.68-GkKv1R/blib/lib/Mojo/Base.pm line 30, <DATA> line 2231.
BEGIN failed--compilation aborted at /home/cpan/.cpan/build/Mojolicious-5.68-GkKv1R/blib/lib/Mojolicious.pm line 2, <DATA> line 2231.
Compilation failed in require at /home/cpan/.cpan/build/Mojolicious-5.68-GkKv1R/blib/lib/Mojo/Base.pm line 30, <DATA> line 2231.
BEGIN failed--compilation aborted at /home/cpan/.cpan/build/Mojolicious-5.68-GkKv1R/blib/lib/Mojolicious/Lite.pm line 2, <DATA> line 2231.
Compilation failed in require at t/mojolicious/restful_lite_app.t line 6, <DATA> line 2231.
BEGIN failed--compilation aborted at t/mojolicious/restful_lite_app.t line 6, <DATA> line 2231.
t/mojolicious/restful_lite_app.t ...........
Dubious, test returned 255 (wstat 65280, 0xff00)
No subtests run
Undefined subroutine &Sub::Util::set_subname called at /home/cpan/.cpan/build/Mojolicious-5.68-GkKv1R/blib/lib/Mojo/Util.pm line 127, <DATA> line 2231.
Compilation failed in require at /home/cpan/.cpan/build/Mojolicious-5.68-GkKv1R/blib/lib/Mojolicious/Controller.pm line 6, <DATA> line 2231.
BEGIN failed--compilation aborted at /home/cpan/.cpan/build/Mojolicious-5.68-GkKv1R/blib/lib/Mojolicious/Controller.pm line 6, <DATA> line 2231.
Compilation failed in require at t/mojolicious/routes.t line 4, <DATA> line 2231.
BEGIN failed--compilation aborted at t/mojolicious/routes.t line 4, <DATA> line 2231.
t/mojolicious/routes.t .....................
Dubious, test returned 255 (wstat 65280, 0xff00)
No subtests run
Undefined subroutine &Sub::Util::set_subname called at /home/cpan/.cpan/build/Mojolicious-5.68-GkKv1R/blib/lib/Mojo/Util.pm line 127, <DATA> line 2231.
Compilation failed in require at /home/cpan/.cpan/build/Mojolicious-5.68-GkKv1R/blib/lib/Mojo/Content.pm line 6, <DATA> line 2231.
BEGIN failed--compilation aborted at /home/cpan/.cpan/build/Mojolicious-5.68-GkKv1R/blib/lib/Mojo/Content.pm line 6, <DATA> line 2231.
Compilation failed in require at /home/cpan/.cpan/build/Mojolicious-5.68-GkKv1R/blib/lib/Mojo/Base.pm line 30, <DATA> line 2231.
BEGIN failed--compilation aborted at /home/cpan/.cpan/build/Mojolicious-5.68-GkKv1R/blib/lib/Mojo/Content/Single.pm line 2, <DATA> line 2231.
Compilation failed in require at /home/cpan/.cpan/build/Mojolicious-5.68-GkKv1R/blib/lib/Mojo/Message.pm line 6, <DATA> line 2231.
BEGIN failed--compilation aborted at /home/cpan/.cpan/build/Mojolicious-5.68-GkKv1R/blib/lib/Mojo/Message.pm line 6, <DATA> line 2231.
Compilation failed in require at /home/cpan/.cpan/build/Mojolicious-5.68-GkKv1R/blib/lib/Mojo/Base.pm line 30, <DATA> line 2231.
BEGIN failed--compilation aborted at /home/cpan/.cpan/build/Mojolicious-5.68-GkKv1R/blib/lib/Mojo/Message/Request.pm line 2, <DATA> line 2231.
Compilation failed in require at /home/cpan/.cpan/build/Mojolicious-5.68-GkKv1R/blib/lib/Mojo/Transaction.pm line 5, <DATA> line 2231.
BEGIN failed--compilation aborted at /home/cpan/.cpan/build/Mojolicious-5.68-GkKv1R/blib/lib/Mojo/Transaction.pm line 5, <DATA> line 2231.
Compilation failed in require at /home/cpan/.cpan/build/Mojolicious-5.68-GkKv1R/blib/lib/Mojo/Base.pm line 30, <DATA> line 2231.
BEGIN failed--compilation aborted at /home/cpan/.cpan/build/Mojolicious-5.68-GkKv1R/blib/lib/Mojo/Transaction/HTTP.pm line 2, <DATA> line 2231.
Compilation failed in require at /home/cpan/.cpan/build/Mojolicious-5.68-GkKv1R/blib/lib/Mojo.pm line 9, <DATA> line 2231.
BEGIN failed--compilation aborted at /home/cpan/.cpan/build/Mojolicious-5.68-GkKv1R/blib/lib/Mojo.pm line 9, <DATA> line 2231.
Compilation failed in require at /home/cpan/.cpan/build/Mojolicious-5.68-GkKv1R/blib/lib/Mojo/Base.pm line 30, <DATA> line 2231.
BEGIN failed--compilation aborted at /home/cpan/.cpan/build/Mojolicious-5.68-GkKv1R/blib/lib/Mojolicious.pm line 2, <DATA> line 2231.
Compilation failed in require at /home/cpan/.cpan/build/Mojolicious-5.68-GkKv1R/blib/lib/Mojo/Base.pm line 30, <DATA> line 2231.
BEGIN failed--compilation aborted at /home/cpan/.cpan/build/Mojolicious-5.68-GkKv1R/blib/lib/Mojolicious/Lite.pm line 2, <DATA> line 2231.
Compilation failed in require at t/mojolicious/static_lite_app.t line 8, <DATA> line 2231.
BEGIN failed--compilation aborted at t/mojolicious/static_lite_app.t line 8, <DATA> line 2231.
t/mojolicious/static_lite_app.t ............
Dubious, test returned 255 (wstat 65280, 0xff00)
No subtests run
Undefined subroutine &Sub::Util::set_subname called at /home/cpan/.cpan/build/Mojolicious-5.68-GkKv1R/blib/lib/Mojo/Util.pm line 127, <DATA> line 2231.
Compilation failed in require at /home/cpan/.cpan/build/Mojolicious-5.68-GkKv1R/blib/lib/Mojo/Content.pm line 6, <DATA> line 2231.
BEGIN failed--compilation aborted at /home/cpan/.cpan/build/Mojolicious-5.68-GkKv1R/blib/lib/Mojo/Content.pm line 6, <DATA> line 2231.
Compilation failed in require at /home/cpan/.cpan/build/Mojolicious-5.68-GkKv1R/blib/lib/Mojo/Base.pm line 30, <DATA> line 2231.
BEGIN failed--compilation aborted at /home/cpan/.cpan/build/Mojolicious-5.68-GkKv1R/blib/lib/Mojo/Content/Single.pm line 2, <DATA> line 2231.
Compilation failed in require at /home/cpan/.cpan/build/Mojolicious-5.68-GkKv1R/blib/lib/Mojo/Message.pm line 6, <DATA> line 2231.
BEGIN failed--compilation aborted at /home/cpan/.cpan/build/Mojolicious-5.68-GkKv1R/blib/lib/Mojo/Message.pm line 6, <DATA> line 2231.
Compilation failed in require at /home/cpan/.cpan/build/Mojolicious-5.68-GkKv1R/blib/lib/Mojo/Base.pm line 30, <DATA> line 2231.
BEGIN failed--compilation aborted at /home/cpan/.cpan/build/Mojolicious-5.68-GkKv1R/blib/lib/Mojo/Message/Request.pm line 2, <DATA> line 2231.
Compilation failed in require at /home/cpan/.cpan/build/Mojolicious-5.68-GkKv1R/blib/lib/Mojo/Transaction.pm line 5, <DATA> line 2231.
BEGIN failed--compilation aborted at /home/cpan/.cpan/build/Mojolicious-5.68-GkKv1R/blib/lib/Mojo/Transaction.pm line 5, <DATA> line 2231.
Compilation failed in require at /home/cpan/.cpan/build/Mojolicious-5.68-GkKv1R/blib/lib/Mojo/Base.pm line 30, <DATA> line 2231.
BEGIN failed--compilation aborted at /home/cpan/.cpan/build/Mojolicious-5.68-GkKv1R/blib/lib/Mojo/Transaction/HTTP.pm line 2, <DATA> line 2231.
Compilation failed in require at /home/cpan/.cpan/build/Mojolicious-5.68-GkKv1R/blib/lib/Mojo.pm line 9, <DATA> line 2231.
BEGIN failed--compilation aborted at /home/cpan/.cpan/build/Mojolicious-5.68-GkKv1R/blib/lib/Mojo.pm line 9, <DATA> line 2231.
Compilation failed in require at /home/cpan/.cpan/build/Mojolicious-5.68-GkKv1R/blib/lib/Mojo/Base.pm line 30, <DATA> line 2231.
BEGIN failed--compilation aborted at /home/cpan/.cpan/build/Mojolicious-5.68-GkKv1R/blib/lib/Mojolicious.pm line 2, <DATA> line 2231.
Compilation failed in require at /home/cpan/.cpan/build/Mojolicious-5.68-GkKv1R/blib/lib/Mojo/Base.pm line 30, <DATA> line 2231.
BEGIN failed--compilation aborted at /home/cpan/.cpan/build/Mojolicious-5.68-GkKv1R/blib/lib/Mojolicious/Lite.pm line 2, <DATA> line 2231.
Compilation failed in require at t/mojolicious/tag_helper_lite_app.t line 6, <DATA> line 2231.
BEGIN failed--compilation aborted at t/mojolicious/tag_helper_lite_app.t line 6, <DATA> line 2231.
t/mojolicious/tag_helper_lite_app.t ........
Dubious, test returned 255 (wstat 65280, 0xff00)
No subtests run
Undefined subroutine &Sub::Util::set_subname called at /home/cpan/.cpan/build/Mojolicious-5.68-GkKv1R/blib/lib/Mojo/Util.pm line 127, <DATA> line 2231.
Compilation failed in require at /home/cpan/.cpan/build/Mojolicious-5.68-GkKv1R/blib/lib/Mojo/Content.pm line 6, <DATA> line 2231.
BEGIN failed--compilation aborted at /home/cpan/.cpan/build/Mojolicious-5.68-GkKv1R/blib/lib/Mojo/Content.pm line 6, <DATA> line 2231.
Compilation failed in require at /home/cpan/.cpan/build/Mojolicious-5.68-GkKv1R/blib/lib/Mojo/Base.pm line 30, <DATA> line 2231.
BEGIN failed--compilation aborted at /home/cpan/.cpan/build/Mojolicious-5.68-GkKv1R/blib/lib/Mojo/Content/MultiPart.pm line 2, <DATA> line 2231.
Compilation failed in require at /home/cpan/.cpan/build/Mojolicious-5.68-GkKv1R/blib/lib/Mojo/UserAgent/Transactor.pm line 7, <DATA> line 2231.
BEGIN failed--compilation aborted at /home/cpan/.cpan/build/Mojolicious-5.68-GkKv1R/blib/lib/Mojo/UserAgent/Transactor.pm line 7, <DATA> line 2231.
Compilation failed in require at /home/cpan/.cpan/build/Mojolicious-5.68-GkKv1R/blib/lib/Mojo/UserAgent.pm line 11, <DATA> line 2231.
BEGIN failed--compilation aborted at /home/cpan/.cpan/build/Mojolicious-5.68-GkKv1R/blib/lib/Mojo/UserAgent.pm line 11, <DATA> line 2231.
Compilation failed in require at /home/cpan/.cpan/build/Mojolicious-5.68-GkKv1R/blib/lib/Test/Mojo.pm line 15, <DATA> line 2231.
BEGIN failed--compilation aborted at /home/cpan/.cpan/build/Mojolicious-5.68-GkKv1R/blib/lib/Test/Mojo.pm line 15, <DATA> line 2231.
Compilation failed in require at t/mojolicious/testing_app.t line 13, <DATA> line 2231.
BEGIN failed--compilation aborted at t/mojolicious/testing_app.t line 13, <DATA> line 2231.
t/mojolicious/testing_app.t ................
Dubious, test returned 255 (wstat 65280, 0xff00)
No subtests run
Undefined subroutine &Sub::Util::set_subname called at /home/cpan/.cpan/build/Mojolicious-5.68-GkKv1R/blib/lib/Mojo/Util.pm line 127, <DATA> line 2231.
Compilation failed in require at /home/cpan/.cpan/build/Mojolicious-5.68-GkKv1R/blib/lib/Mojo/Content.pm line 6, <DATA> line 2231.
BEGIN failed--compilation aborted at /home/cpan/.cpan/build/Mojolicious-5.68-GkKv1R/blib/lib/Mojo/Content.pm line 6, <DATA> line 2231.
Compilation failed in require at /home/cpan/.cpan/build/Mojolicious-5.68-GkKv1R/blib/lib/Mojo/Base.pm line 30, <DATA> line 2231.
BEGIN failed--compilation aborted at /home/cpan/.cpan/build/Mojolicious-5.68-GkKv1R/blib/lib/Mojo/Content/MultiPart.pm line 2, <DATA> line 2231.
Compilation failed in require at /home/cpan/.cpan/build/Mojolicious-5.68-GkKv1R/blib/lib/Mojo/UserAgent/Transactor.pm line 7, <DATA> line 2231.
BEGIN failed--compilation aborted at /home/cpan/.cpan/build/Mojolicious-5.68-GkKv1R/blib/lib/Mojo/UserAgent/Transactor.pm line 7, <DATA> line 2231.
Compilation failed in require at /home/cpan/.cpan/build/Mojolicious-5.68-GkKv1R/blib/lib/Mojo/UserAgent.pm line 11, <DATA> line 2231.
BEGIN failed--compilation aborted at /home/cpan/.cpan/build/Mojolicious-5.68-GkKv1R/blib/lib/Mojo/UserAgent.pm line 11, <DATA> line 2231.
Compilation failed in require at t/mojolicious/tls_lite_app.t line 14, <DATA> line 2231.
BEGIN failed--compilation aborted at t/mojolicious/tls_lite_app.t line 14, <DATA> line 2231.
t/mojolicious/tls_lite_app.t ...............
Dubious, test returned 255 (wstat 65280, 0xff00)
No subtests run
Undefined subroutine &Sub::Util::set_subname called at /home/cpan/.cpan/build/Mojolicious-5.68-GkKv1R/blib/lib/Mojo/Util.pm line 127, <DATA> line 2231.
Compilation failed in require at /home/cpan/.cpan/build/Mojolicious-5.68-GkKv1R/blib/lib/Mojo/Content.pm line 6, <DATA> line 2231.
BEGIN failed--compilation aborted at /home/cpan/.cpan/build/Mojolicious-5.68-GkKv1R/blib/lib/Mojo/Content.pm line 6, <DATA> line 2231.
Compilation failed in require at /home/cpan/.cpan/build/Mojolicious-5.68-GkKv1R/blib/lib/Mojo/Base.pm line 30, <DATA> line 2231.
BEGIN failed--compilation aborted at /home/cpan/.cpan/build/Mojolicious-5.68-GkKv1R/blib/lib/Mojo/Content/Single.pm line 2, <DATA> line 2231.
Compilation failed in require at /home/cpan/.cpan/build/Mojolicious-5.68-GkKv1R/blib/lib/Mojo/Message.pm line 6, <DATA> line 2231.
BEGIN failed--compilation aborted at /home/cpan/.cpan/build/Mojolicious-5.68-GkKv1R/blib/lib/Mojo/Message.pm line 6, <DATA> line 2231.
Compilation failed in require at /home/cpan/.cpan/build/Mojolicious-5.68-GkKv1R/blib/lib/Mojo/Base.pm line 30, <DATA> line 2231.
BEGIN failed--compilation aborted at /home/cpan/.cpan/build/Mojolicious-5.68-GkKv1R/blib/lib/Mojo/Message/Request.pm line 2, <DATA> line 2231.
Compilation failed in require at /home/cpan/.cpan/build/Mojolicious-5.68-GkKv1R/blib/lib/Mojo/Transaction.pm line 5, <DATA> line 2231.
BEGIN failed--compilation aborted at /home/cpan/.cpan/build/Mojolicious-5.68-GkKv1R/blib/lib/Mojo/Transaction.pm line 5, <DATA> line 2231.
Compilation failed in require at /home/cpan/.cpan/build/Mojolicious-5.68-GkKv1R/blib/lib/Mojo/Base.pm line 30, <DATA> line 2231.
BEGIN failed--compilation aborted at /home/cpan/.cpan/build/Mojolicious-5.68-GkKv1R/blib/lib/Mojo/Transaction/HTTP.pm line 2, <DATA> line 2231.
Compilation failed in require at /home/cpan/.cpan/build/Mojolicious-5.68-GkKv1R/blib/lib/Mojo.pm line 9, <DATA> line 2231.
BEGIN failed--compilation aborted at /home/cpan/.cpan/build/Mojolicious-5.68-GkKv1R/blib/lib/Mojo.pm line 9, <DATA> line 2231.
Compilation failed in require at /home/cpan/.cpan/build/Mojolicious-5.68-GkKv1R/blib/lib/Mojo/Base.pm line 30, <DATA> line 2231.
BEGIN failed--compilation aborted at /home/cpan/.cpan/build/Mojolicious-5.68-GkKv1R/blib/lib/Mojolicious.pm line 2, <DATA> line 2231.
Compilation failed in require at /home/cpan/.cpan/build/Mojolicious-5.68-GkKv1R/blib/lib/Mojo/Base.pm line 30, <DATA> line 2231.
BEGIN failed--compilation aborted at /home/cpan/.cpan/build/Mojolicious-5.68-GkKv1R/blib/lib/Mojolicious/Lite.pm line 2, <DATA> line 2231.
Compilation failed in require at t/mojolicious/twinkle_lite_app.t line 6, <DATA> line 2231.
BEGIN failed--compilation aborted at t/mojolicious/twinkle_lite_app.t line 6, <DATA> line 2231.
t/mojolicious/twinkle_lite_app.t ...........
Dubious, test returned 255 (wstat 65280, 0xff00)
No subtests run
t/mojolicious/types.t ...................... ok
Undefined subroutine &Sub::Util::set_subname called at /home/cpan/.cpan/build/Mojolicious-5.68-GkKv1R/blib/lib/Mojo/Util.pm line 127, <DATA> line 2231.
Compilation failed in require at /home/cpan/.cpan/build/Mojolicious-5.68-GkKv1R/blib/lib/Mojo/Content.pm line 6, <DATA> line 2231.
BEGIN failed--compilation aborted at /home/cpan/.cpan/build/Mojolicious-5.68-GkKv1R/blib/lib/Mojo/Content.pm line 6, <DATA> line 2231.
Compilation failed in require at /home/cpan/.cpan/build/Mojolicious-5.68-GkKv1R/blib/lib/Mojo/Base.pm line 30, <DATA> line 2231.
BEGIN failed--compilation aborted at /home/cpan/.cpan/build/Mojolicious-5.68-GkKv1R/blib/lib/Mojo/Content/MultiPart.pm line 2, <DATA> line 2231.
Compilation failed in require at t/mojolicious/upload_lite_app.t line 7, <DATA> line 2231.
BEGIN failed--compilation aborted at t/mojolicious/upload_lite_app.t line 7, <DATA> line 2231.
t/mojolicious/upload_lite_app.t ............
Dubious, test returned 255 (wstat 65280, 0xff00)
No subtests run
Undefined subroutine &Sub::Util::set_subname called at /home/cpan/.cpan/build/Mojolicious-5.68-GkKv1R/blib/lib/Mojo/Util.pm line 127, <DATA> line 2231.
Compilation failed in require at /home/cpan/.cpan/build/Mojolicious-5.68-GkKv1R/blib/lib/Mojo/Content.pm line 6, <DATA> line 2231.
BEGIN failed--compilation aborted at /home/cpan/.cpan/build/Mojolicious-5.68-GkKv1R/blib/lib/Mojo/Content.pm line 6, <DATA> line 2231.
Compilation failed in require at /home/cpan/.cpan/build/Mojolicious-5.68-GkKv1R/blib/lib/Mojo/Base.pm line 30, <DATA> line 2231.
BEGIN failed--compilation aborted at /home/cpan/.cpan/build/Mojolicious-5.68-GkKv1R/blib/lib/Mojo/Content/Single.pm line 2, <DATA> line 2231.
Compilation failed in require at /home/cpan/.cpan/build/Mojolicious-5.68-GkKv1R/blib/lib/Mojo/Message.pm line 6, <DATA> line 2231.
BEGIN failed--compilation aborted at /home/cpan/.cpan/build/Mojolicious-5.68-GkKv1R/blib/lib/Mojo/Message.pm line 6, <DATA> line 2231.
Compilation failed in require at /home/cpan/.cpan/build/Mojolicious-5.68-GkKv1R/blib/lib/Mojo/Base.pm line 30, <DATA> line 2231.
BEGIN failed--compilation aborted at /home/cpan/.cpan/build/Mojolicious-5.68-GkKv1R/blib/lib/Mojo/Message/Request.pm line 2, <DATA> line 2231.
Compilation failed in require at /home/cpan/.cpan/build/Mojolicious-5.68-GkKv1R/blib/lib/Mojo/Transaction.pm line 5, <DATA> line 2231.
BEGIN failed--compilation aborted at /home/cpan/.cpan/build/Mojolicious-5.68-GkKv1R/blib/lib/Mojo/Transaction.pm line 5, <DATA> line 2231.
Compilation failed in require at /home/cpan/.cpan/build/Mojolicious-5.68-GkKv1R/blib/lib/Mojo/Base.pm line 30, <DATA> line 2231.
BEGIN failed--compilation aborted at /home/cpan/.cpan/build/Mojolicious-5.68-GkKv1R/blib/lib/Mojo/Transaction/HTTP.pm line 2, <DATA> line 2231.
Compilation failed in require at /home/cpan/.cpan/build/Mojolicious-5.68-GkKv1R/blib/lib/Mojo.pm line 9, <DATA> line 2231.
BEGIN failed--compilation aborted at /home/cpan/.cpan/build/Mojolicious-5.68-GkKv1R/blib/lib/Mojo.pm line 9, <DATA> line 2231.
Compilation failed in require at /home/cpan/.cpan/build/Mojolicious-5.68-GkKv1R/blib/lib/Mojo/Base.pm line 30, <DATA> line 2231.
BEGIN failed--compilation aborted at /home/cpan/.cpan/build/Mojolicious-5.68-GkKv1R/blib/lib/Mojolicious.pm line 2, <DATA> line 2231.
Compilation failed in require at /home/cpan/.cpan/build/Mojolicious-5.68-GkKv1R/blib/lib/Mojo/Base.pm line 30, <DATA> line 2231.
BEGIN failed--compilation aborted at /home/cpan/.cpan/build/Mojolicious-5.68-GkKv1R/blib/lib/Mojolicious/Lite.pm line 2, <DATA> line 2231.
Compilation failed in require at t/mojolicious/upload_stream_lite_app.t line 6, <DATA> line 2231.
BEGIN failed--compilation aborted at t/mojolicious/upload_stream_lite_app.t line 6, <DATA> line 2231.
t/mojolicious/upload_stream_lite_app.t .....
Dubious, test returned 255 (wstat 65280, 0xff00)
No subtests run
Undefined subroutine &Sub::Util::set_subname called at /home/cpan/.cpan/build/Mojolicious-5.68-GkKv1R/blib/lib/Mojo/Util.pm line 127, <DATA> line 2231.
Compilation failed in require at /home/cpan/.cpan/build/Mojolicious-5.68-GkKv1R/blib/lib/Mojo/Content.pm line 6, <DATA> line 2231.
BEGIN failed--compilation aborted at /home/cpan/.cpan/build/Mojolicious-5.68-GkKv1R/blib/lib/Mojo/Content.pm line 6, <DATA> line 2231.
Compilation failed in require at /home/cpan/.cpan/build/Mojolicious-5.68-GkKv1R/blib/lib/Mojo/Base.pm line 30, <DATA> line 2231.
BEGIN failed--compilation aborted at /home/cpan/.cpan/build/Mojolicious-5.68-GkKv1R/blib/lib/Mojo/Content/Single.pm line 2, <DATA> line 2231.
Compilation failed in require at /home/cpan/.cpan/build/Mojolicious-5.68-GkKv1R/blib/lib/Mojo/Message.pm line 6, <DATA> line 2231.
BEGIN failed--compilation aborted at /home/cpan/.cpan/build/Mojolicious-5.68-GkKv1R/blib/lib/Mojo/Message.pm line 6, <DATA> line 2231.
Compilation failed in require at /home/cpan/.cpan/build/Mojolicious-5.68-GkKv1R/blib/lib/Mojo/Base.pm line 30, <DATA> line 2231.
BEGIN failed--compilation aborted at /home/cpan/.cpan/build/Mojolicious-5.68-GkKv1R/blib/lib/Mojo/Message/Request.pm line 2, <DATA> line 2231.
Compilation failed in require at /home/cpan/.cpan/build/Mojolicious-5.68-GkKv1R/blib/lib/Mojo/Transaction.pm line 5, <DATA> line 2231.
BEGIN failed--compilation aborted at /home/cpan/.cpan/build/Mojolicious-5.68-GkKv1R/blib/lib/Mojo/Transaction.pm line 5, <DATA> line 2231.
Compilation failed in require at /home/cpan/.cpan/build/Mojolicious-5.68-GkKv1R/blib/lib/Mojo/Base.pm line 30, <DATA> line 2231.
BEGIN failed--compilation aborted at /home/cpan/.cpan/build/Mojolicious-5.68-GkKv1R/blib/lib/Mojo/Transaction/HTTP.pm line 2, <DATA> line 2231.
Compilation failed in require at /home/cpan/.cpan/build/Mojolicious-5.68-GkKv1R/blib/lib/Mojo.pm line 9, <DATA> line 2231.
BEGIN failed--compilation aborted at /home/cpan/.cpan/build/Mojolicious-5.68-GkKv1R/blib/lib/Mojo.pm line 9, <DATA> line 2231.
Compilation failed in require at /home/cpan/.cpan/build/Mojolicious-5.68-GkKv1R/blib/lib/Mojo/Base.pm line 30, <DATA> line 2231.
BEGIN failed--compilation aborted at /home/cpan/.cpan/build/Mojolicious-5.68-GkKv1R/blib/lib/Mojolicious.pm line 2, <DATA> line 2231.
Compilation failed in require at /home/cpan/.cpan/build/Mojolicious-5.68-GkKv1R/blib/lib/Mojo/Base.pm line 30, <DATA> line 2231.
BEGIN failed--compilation aborted at /home/cpan/.cpan/build/Mojolicious-5.68-GkKv1R/blib/lib/Mojolicious/Lite.pm line 2, <DATA> line 2231.
Compilation failed in require at t/mojolicious/validation_lite_app.t line 6, <DATA> line 2231.
BEGIN failed--compilation aborted at t/mojolicious/validation_lite_app.t line 6, <DATA> line 2231.
t/mojolicious/validation_lite_app.t ........
Dubious, test returned 255 (wstat 65280, 0xff00)
No subtests run
Undefined subroutine &Sub::Util::set_subname called at /home/cpan/.cpan/build/Mojolicious-5.68-GkKv1R/blib/lib/Mojo/Util.pm line 127, <DATA> line 2231.
Compilation failed in require at t/mojolicious/websocket_lite_app.t line 6, <DATA> line 2231.
BEGIN failed--compilation aborted at t/mojolicious/websocket_lite_app.t line 6, <DATA> line 2231.
t/mojolicious/websocket_lite_app.t .........
Dubious, test returned 255 (wstat 65280, 0xff00)
No subtests run
t/pod.t .................................... skipped: set TEST_POD to enable this test (developer only!)
t/pod_coverage.t ........................... skipped: set TEST_POD to enable this test (developer only!)
Test Summary Report
-------------------
t/mojo/bytestream.t (Wstat: 65280 Tests: 0 Failed: 0)
Non-zero exit status: 255
Parse errors: No plan found in TAP output
t/mojo/cgi.t (Wstat: 65280 Tests: 0 Failed: 0)
Non-zero exit status: 255
Parse errors: No plan found in TAP output
t/mojo/collection.t (Wstat: 65280 Tests: 0 Failed: 0)
Non-zero exit status: 255
Parse errors: No plan found in TAP output
t/mojo/content.t (Wstat: 65280 Tests: 0 Failed: 0)
Non-zero exit status: 255
Parse errors: No plan found in TAP output
t/mojo/cookiejar.t (Wstat: 65280 Tests: 0 Failed: 0)
Non-zero exit status: 255
Parse errors: No plan found in TAP output
t/mojo/daemon.t (Wstat: 65280 Tests: 0 Failed: 0)
Non-zero exit status: 255
Parse errors: No plan found in TAP output
t/mojo/dom.t (Wstat: 65280 Tests: 0 Failed: 0)
Non-zero exit status: 255
Parse errors: No plan found in TAP output
t/mojo/headers.t (Wstat: 65280 Tests: 0 Failed: 0)
Non-zero exit status: 255
Parse errors: No plan found in TAP output
t/mojo/home.t (Wstat: 65280 Tests: 0 Failed: 0)
Non-zero exit status: 255
Parse errors: No plan found in TAP output
t/mojo/hypnotoad.t (Wstat: 65280 Tests: 0 Failed: 0)
Non-zero exit status: 255
Parse errors: No plan found in TAP output
t/mojo/json.t (Wstat: 65280 Tests: 0 Failed: 0)
Non-zero exit status: 255
Parse errors: No plan found in TAP output
t/mojo/loader.t (Wstat: 256 Tests: 62 Failed: 1)
Failed test: 47
Non-zero exit status: 1
t/mojo/morbo.t (Wstat: 65280 Tests: 0 Failed: 0)
Non-zero exit status: 255
Parse errors: No plan found in TAP output
t/mojo/prefork.t (Wstat: 65280 Tests: 0 Failed: 0)
Non-zero exit status: 255
Parse errors: No plan found in TAP output
t/mojo/psgi.t (Wstat: 65280 Tests: 0 Failed: 0)
Non-zero exit status: 255
Parse errors: No plan found in TAP output
t/mojo/request.t (Wstat: 65280 Tests: 0 Failed: 0)
Non-zero exit status: 255
Parse errors: No plan found in TAP output
t/mojo/request_cgi.t (Wstat: 65280 Tests: 0 Failed: 0)
Non-zero exit status: 255
Parse errors: No plan found in TAP output
t/mojo/response.t (Wstat: 65280 Tests: 0 Failed: 0)
Non-zero exit status: 255
Parse errors: No plan found in TAP output
t/mojo/template.t (Wstat: 65280 Tests: 0 Failed: 0)
Non-zero exit status: 255
Parse errors: No plan found in TAP output
t/mojo/transactor.t (Wstat: 65280 Tests: 0 Failed: 0)
Non-zero exit status: 255
Parse errors: No plan found in TAP output
t/mojo/user_agent.t (Wstat: 65280 Tests: 0 Failed: 0)
Non-zero exit status: 255
Parse errors: No plan found in TAP output
t/mojo/user_agent_online.t (Wstat: 65280 Tests: 0 Failed: 0)
Non-zero exit status: 255
Parse errors: No plan found in TAP output
t/mojo/user_agent_socks.t (Wstat: 65280 Tests: 0 Failed: 0)
Non-zero exit status: 255
Parse errors: No plan found in TAP output
t/mojo/user_agent_tls.t (Wstat: 65280 Tests: 0 Failed: 0)
Non-zero exit status: 255
Parse errors: No plan found in TAP output
t/mojo/util.t (Wstat: 65280 Tests: 0 Failed: 0)
Non-zero exit status: 255
Parse errors: No plan found in TAP output
t/mojo/websocket.t (Wstat: 65280 Tests: 0 Failed: 0)
Non-zero exit status: 255
Parse errors: No plan found in TAP output
t/mojo/websocket_frames.t (Wstat: 65280 Tests: 0 Failed: 0)
Non-zero exit status: 255
Parse errors: No plan found in TAP output
t/mojo/websocket_proxy.t (Wstat: 65280 Tests: 0 Failed: 0)
Non-zero exit status: 255
Parse errors: No plan found in TAP output
t/mojo/websocket_proxy_tls.t (Wstat: 65280 Tests: 0 Failed: 0)
Non-zero exit status: 255
Parse errors: No plan found in TAP output
t/mojolicious/app.t (Wstat: 65280 Tests: 0 Failed: 0)
Non-zero exit status: 255
Parse errors: No plan found in TAP output
t/mojolicious/charset_lite_app.t (Wstat: 65280 Tests: 0 Failed: 0)
Non-zero exit status: 255
Parse errors: No plan found in TAP output
t/mojolicious/command.t (Wstat: 65280 Tests: 0 Failed: 0)
Non-zero exit status: 255
Parse errors: No plan found in TAP output
t/mojolicious/commands.t (Wstat: 65280 Tests: 0 Failed: 0)
Non-zero exit status: 255
Parse errors: No plan found in TAP output
t/mojolicious/dispatch.t (Wstat: 65280 Tests: 0 Failed: 0)
Non-zero exit status: 255
Parse errors: No plan found in TAP output
t/mojolicious/dispatcher_lite_app.t (Wstat: 65280 Tests: 0 Failed: 0)
Non-zero exit status: 255
Parse errors: No plan found in TAP output
t/mojolicious/embedded_app.t (Wstat: 65280 Tests: 0 Failed: 0)
Non-zero exit status: 255
Parse errors: No plan found in TAP output
t/mojolicious/embedded_lite_app.t (Wstat: 65280 Tests: 0 Failed: 0)
Non-zero exit status: 255
Parse errors: No plan found in TAP output
t/mojolicious/exception_lite_app.t (Wstat: 65280 Tests: 0 Failed: 0)
Non-zero exit status: 255
Parse errors: No plan found in TAP output
t/mojolicious/external_app.t (Wstat: 65280 Tests: 0 Failed: 0)
Non-zero exit status: 255
Parse errors: No plan found in TAP output
t/mojolicious/external_lite_app.t (Wstat: 65280 Tests: 0 Failed: 0)
Non-zero exit status: 255
Parse errors: No plan found in TAP output
t/mojolicious/group_lite_app.t (Wstat: 65280 Tests: 0 Failed: 0)
Non-zero exit status: 255
Parse errors: No plan found in TAP output
t/mojolicious/json_config_lite_app.t (Wstat: 65280 Tests: 0 Failed: 0)
Non-zero exit status: 255
Parse errors: No plan found in TAP output
t/mojolicious/json_config_mode_lite_app.t (Wstat: 65280 Tests: 0 Failed: 0)
Non-zero exit status: 255
Parse errors: No plan found in TAP output
t/mojolicious/layouted_lite_app.t (Wstat: 65280 Tests: 0 Failed: 0)
Non-zero exit status: 255
Parse errors: No plan found in TAP output
t/mojolicious/lite_app.t (Wstat: 65280 Tests: 0 Failed: 0)
Non-zero exit status: 255
Parse errors: No plan found in TAP output
t/mojolicious/longpolling_lite_app.t (Wstat: 65280 Tests: 0 Failed: 0)
Non-zero exit status: 255
Parse errors: No plan found in TAP output
t/mojolicious/multipath_lite_app.t (Wstat: 65280 Tests: 0 Failed: 0)
Non-zero exit status: 255
Parse errors: No plan found in TAP output
t/mojolicious/ojo.t (Wstat: 65280 Tests: 0 Failed: 0)
Non-zero exit status: 255
Parse errors: No plan found in TAP output
t/mojolicious/pattern.t (Wstat: 65280 Tests: 0 Failed: 0)
Non-zero exit status: 255
Parse errors: No plan found in TAP output
t/mojolicious/pod_renderer_lite_app.t (Wstat: 65280 Tests: 0 Failed: 0)
Non-zero exit status: 255
Parse errors: No plan found in TAP output
t/mojolicious/production_app.t (Wstat: 65280 Tests: 0 Failed: 0)
Non-zero exit status: 255
Parse errors: No plan found in TAP output
t/mojolicious/rebased_lite_app.t (Wstat: 65280 Tests: 0 Failed: 0)
Non-zero exit status: 255
Parse errors: No plan found in TAP output
t/mojolicious/renderer.t (Wstat: 65280 Tests: 0 Failed: 0)
Non-zero exit status: 255
Parse errors: No plan found in TAP output
t/mojolicious/restful_lite_app.t (Wstat: 65280 Tests: 0 Failed: 0)
Non-zero exit status: 255
Parse errors: No plan found in TAP output
t/mojolicious/routes.t (Wstat: 65280 Tests: 0 Failed: 0)
Non-zero exit status: 255
Parse errors: No plan found in TAP output
t/mojolicious/static_lite_app.t (Wstat: 65280 Tests: 0 Failed: 0)
Non-zero exit status: 255
Parse errors: No plan found in TAP output
t/mojolicious/tag_helper_lite_app.t (Wstat: 65280 Tests: 0 Failed: 0)
Non-zero exit status: 255
Parse errors: No plan found in TAP output
t/mojolicious/testing_app.t (Wstat: 65280 Tests: 0 Failed: 0)
Non-zero exit status: 255
Parse errors: No plan found in TAP output
t/mojolicious/tls_lite_app.t (Wstat: 65280 Tests: 0 Failed: 0)
Non-zero exit status: 255
Parse errors: No plan found in TAP output
t/mojolicious/twinkle_lite_app.t (Wstat: 65280 Tests: 0 Failed: 0)
Non-zero exit status: 255
Parse errors: No plan found in TAP output
t/mojolicious/upload_lite_app.t (Wstat: 65280 Tests: 0 Failed: 0)
Non-zero exit status: 255
Parse errors: No plan found in TAP output
t/mojolicious/upload_stream_lite_app.t (Wstat: 65280 Tests: 0 Failed: 0)
Non-zero exit status: 255
Parse errors: No plan found in TAP output
t/mojolicious/validation_lite_app.t (Wstat: 65280 Tests: 0 Failed: 0)
Non-zero exit status: 255
Parse errors: No plan found in TAP output
t/mojolicious/websocket_lite_app.t (Wstat: 65280 Tests: 0 Failed: 0)
Non-zero exit status: 255
Parse errors: No plan found in TAP output
Files=85, Tests=1602, 20 wallclock secs ( 0.46 usr 0.12 sys + 13.79 cusr 1.12 csys = 15.50 CPU)
Result: FAIL
Failed 64/85 test programs. 1/1602 subtests failed.
*** Error code 255
Stop.
make: stopped in /home/cpan/.cpan/build/Mojolicious-5.68-GkKv1R
------------------------------
PREREQUISITES
------------------------------
Prerequisite modules loaded:
requires:
Module Need Have
------------------- -------- --------
IO::Socket::IP 0.26 0.33
perl 5.010001 5.016003
Pod::Simple 3.09 3.20
Time::Local 1.2 1.2000
build_requires:
Module Need Have
------------------- -------- --------
ExtUtils::MakeMaker 0 7.04
configure_requires:
Module Need Have
------------------- -------- --------
ExtUtils::MakeMaker 0 7.04
------------------------------
ENVIRONMENT AND OTHER CONTEXT
------------------------------
Environment variables:
AUTOMATED_TESTING = 1
LC_CTYPE = ja_JP.UTF-8
PATH = /home/cpan/perl5/bin:/sbin:/bin:/usr/sbin:/usr/bin:/usr/games:/usr/local/sbin:/usr/local/bin:/home/cpan/bin
PERL5LIB = /home/cpan/perl5/lib/perl5
PERL5OPT =
PERL5_CPANPLUS_IS_RUNNING = 9663
PERL5_CPAN_IS_RUNNING = 9663
PERL5_CPAN_IS_RUNNING_IN_RECURSION = 5531,9663
PERLDOC = -L ja -M Pod::PerldocJp::ToText
PERL_CR_SMOKER_CURRENT = Swagger2-0.05
PERL_EXTUTILS_AUTOINSTALL = --defaultdeps
PERL_LOCAL_LIB_ROOT = /home/cpan/perl5
PERL_MB_OPT = --install_base "/home/cpan/perl5"
PERL_MM_OPT = INSTALL_BASE=/home/cpan/perl5
PERL_MM_USE_DEFAULT = 1
SHELL = /bin/sh
TERM = xterm
Perl special variables (and OS-specific diagnostics, for MSWin32):
$^X = /usr/local/bin/perl5
$UID/$EUID = 2726 / 2726
$GID = 2726 2726
$EGID = 2726 2726
Perl module toolchain versions installed:
Module Have
------------------- --------
CPAN 2.05
CPAN::Meta 2.143240
Cwd 3.47
ExtUtils::CBuilder 0.280220
ExtUtils::Command 1.17
ExtUtils::Install 1.58
ExtUtils::MakeMaker 7.04
ExtUtils::Manifest 1.65
ExtUtils::ParseXS 3.16
File::Spec 3.47
JSON 2.90
JSON::PP 2.27203
Module::Build 0.4210
Module::Signature n/a
Parse::CPAN::Meta 1.4414
Test::Harness 3.34
Test::More 1.001009
YAML 1.13
YAML::Syck n/a
version 0.99
--
Summary of my perl5 (revision 5 version 16 subversion 3) configuration:
Platform:
osname=freebsd, osvers=10.0-stable, archname=i386-freebsd-thread-multi-64int
uname='freebsd wormhole.obuk.org 10.0-stable freebsd 10.0-stable #0 r268564: sat jul 12 20:28:44 jst 2014 obuk@wormhole.obuk.org:usrobjusrsrcsysgeneric i386 '
config_args='-sde -Dprefix=/usr/local -Dlibperl=libperl.so.5.16 -Darchlib=/usr/local/lib/perl5/5.16/mach -Dprivlib=/usr/local/lib/perl5/5.16 -Dman3dir=/usr/local/lib/perl5/5.16/perl/man/man3 -Dman1dir=/usr/local/man/man1 -Dsitearch=/usr/local/lib/perl5/site_perl/mach/5.16 -Dsitelib=/usr/local/lib/perl5/site_perl -Dscriptdir=/usr/local/bin -Dsiteman3dir=/usr/local/lib/perl5/site_perl/man/man3 -Dsiteman1dir=/usr/local/man/man1 -Dotherlibdirs=/usr/local/lib/perl5/site_perl/5.16:/usr/local/lib/perl5/site_perl/5.16/mach -Ui_malloc -Ui_iconv -Uinstallusrbinperl -Dcc=cc -Duseshrplib -Dinc_version_list=none -Dccflags=-DAPPLLIB_EXP="/usr/local/lib/perl5/5.16/BSDPAN" -Doptimize=-O2 -pipe -fstack-protector -fno-strict-aliasing -Ui_gdbm -Dusethreads=y -Dusemymalloc=n -Duse64bitint -Dusemultiplicity=n'
hint=recommended, useposix=true, d_sigaction=define
useithreads=define, usemultiplicity=define
useperlio=define, d_sfio=undef, uselargefiles=define, usesocks=undef
use64bitint=define, use64bitall=undef, uselongdouble=undef
usemymalloc=n, bincompat5005=undef
Compiler:
cc='cc', ccflags ='-DAPPLLIB_EXP="/usr/local/lib/perl5/5.16/BSDPAN" -DHAS_FPSETMASK -DHAS_FLOATINGPOINT_H -fno-strict-aliasing -pipe -fstack-protector -I/usr/local/include',
optimize='-O2 -pipe -fstack-protector -fno-strict-aliasing',
cppflags='-DAPPLLIB_EXP="/usr/local/lib/perl5/5.16/BSDPAN" -DHAS_FPSETMASK -DHAS_FLOATINGPOINT_H -fno-strict-aliasing -pipe -fstack-protector -I/usr/local/include'
ccversion='', gccversion='4.2.1 Compatible FreeBSD Clang 3.4.1 (tags/RELEASE_34/dot1-final 208032)', gccosandvers=''
intsize=4, longsize=4, ptrsize=4, doublesize=8, byteorder=12345678
d_longlong=define, longlongsize=8, d_longdbl=define, longdblsize=12
ivtype='long long', ivsize=8, nvtype='double', nvsize=8, Off_t='off_t', lseeksize=8
alignbytes=4, prototype=define
Linker and Libraries:
ld='cc', ldflags ='-pthread -Wl,-E -fstack-protector -L/usr/local/lib'
libpth=/usr/lib /usr/local/lib
libs=-lgdbm -lm -lcrypt -lutil
perllibs=-lm -lcrypt -lutil
libc=, so=so, useshrplib=true, libperl=libperl.so.5.16
gnulibc_version=''
Dynamic Linking:
dlsrc=dl_dlopen.xs, dlext=so, d_dlsymun=undef, ccdlflags=' -Wl,-R/usr/local/lib/perl5/5.16/mach/CORE'
cccdlflags='-DPIC -fPIC', lddlflags='-shared -L/usr/local/lib -fstack-protector'
Characteristics of this binary (from libperl):
Compile-time options: HAS_TIMES MULTIPLICITY PERLIO_LAYERS
PERL_DONT_CREATE_GVSV PERL_IMPLICIT_CONTEXT
PERL_MALLOC_WRAP PERL_PRESERVE_IVUV USE_64_BIT_INT
USE_ITHREADS USE_LARGE_FILES USE_LOCALE
USE_LOCALE_COLLATE USE_LOCALE_CTYPE
USE_LOCALE_NUMERIC USE_PERLIO USE_PERL_ATOF
USE_REENTRANT_API
Built under freebsd
Compiled at Dec 6 2014 03:50:59
%ENV:
PERL5LIB="/home/cpan/perl5/lib/perl5"
PERL5OPT=""
PERL5_CPANPLUS_IS_RUNNING="9663"
PERL5_CPAN_IS_RUNNING="9663"
PERL5_CPAN_IS_RUNNING_IN_RECURSION="5531,9663"
PERLDOC="-L ja -M Pod::PerldocJp::ToText"
PERL_CR_SMOKER_CURRENT="Swagger2-0.05"
PERL_EXTUTILS_AUTOINSTALL="--defaultdeps"
PERL_LOCAL_LIB_ROOT="/home/cpan/perl5"
PERL_MB_OPT="--install_base "/home/cpan/perl5""
PERL_MM_OPT="INSTALL_BASE=/home/cpan/perl5"
PERL_MM_USE_DEFAULT="1"
@INC:
/home/cpan/perl5/lib/perl5/i386-freebsd-thread-multi-64int
/home/cpan/perl5/lib/perl5
/usr/local/lib/perl5/5.16/BSDPAN
/usr/local/lib/perl5/site_perl/mach/5.16
/usr/local/lib/perl5/site_perl
/usr/local/lib/perl5/5.16/mach
/usr/local/lib/perl5/5.16
/usr/local/lib/perl5/site_perl/5.16/i386-freebsd-thread-multi-64int
/usr/local/lib/perl5/site_perl/5.16
/usr/local/lib/perl5/site_perl/5.16/mach
.