Report for CGI-Buffer-0.31

Back
From: metabase:user:320bfe00-2aae-11df-837a-5e0a49663a4f
Subject: FAIL CGI-Buffer-0.31 v5.15.6 GNU/Linux
Date: 2012-02-20T17:14:29Z

This distribution has been tested as part of the CPAN Testers
project, supporting the Perl programming language.  See
http://wiki.cpantesters.org/ for more information or email
questions to cpan-testers-discuss@perl.org


--
Dear Nigel Horne,

This is a computer-generated report for CGI-Buffer-0.31
on perl 5.15.6, created by CPAN-Reporter-1.2003.

Thank you for uploading your work to CPAN.  However, there was a problem
testing your distribution.

If you think this report is invalid, please consult the CPAN Testers Wiki
for suggestions on how to avoid getting FAIL reports for missing library
or binary dependencies, unsupported operating systems, and so on:

http://wiki.cpantesters.org/wiki/CPANAuthorNotes

Sections of this report:

    * Tester comments
    * Program output
    * Prerequisites
    * Environment and other context

------------------------------
TESTER COMMENTS
------------------------------

Additional comments from tester:

this report is from an automated smoke testing program
and was not reviewed by a human for accuracy

------------------------------
PROGRAM OUTPUT
------------------------------

Output from '/usr/bin/make test':

PERL_DL_NONLAZY=1 /home/sand/src/perl/repoperls/installed-perls/perl/v5.15.6-422-g9f71cfe/127e/bin/perl "-MExtUtils::Command::MM" "-e" "test_harness(0, 'blib/lib', 'blib/arch')" t/*.t
# Testing CGI::Buffer 0.31, Perl 5.015006, /home/sand/src/perl/repoperls/installed-perls/perl/v5.15.6-422-g9f71cfe/127e/bin/perl
t/00-load.t .... ok
t/boiler.t ..... ok
t/coverage.t ... ok
t/critic.t ..... skipped: Author tests not required for installation
t/cv.t ......... skipped: Author tests not required for installation
t/gv.t ......... skipped: Author tests not required for installation
# Using CHI 0.50
t/is_cached.t .. ok
t/kwalitee.t ... skipped: Author tests not required for installation
t/manifest.t ... skipped: Author tests not required for installation
Can't locate MD5.pm in @INC (@INC contains: blib/lib /tmp/loop_over_bdir-DmzE3P/CGI-Buffer-0.31-6QBoGQ/blib/lib /tmp/loop_over_bdir-DmzE3P/CGI-Buffer-0.31-6QBoGQ/blib/arch /etc/perl /usr/local/lib/perl/5.10.1 /usr/local/share/perl/5.10.1 /usr/lib/perl5 /usr/share/perl5 /usr/lib/perl/5.10 /usr/share/perl/5.10 /usr/local/lib/site_perl .) at blib/lib/CGI/Buffer.pm line 6.
BEGIN failed--compilation aborted at blib/lib/CGI/Buffer.pm line 6.
Compilation failed in require at /tmp/2eB1eTYKQF line 2.
BEGIN failed--compilation aborted at /tmp/2eB1eTYKQF line 2.

#   Failed test at t/output.t line 40.

#   Failed test at t/output.t line 42.
Use of uninitialized value in string eq at t/output.t line 47, <$fout> chunk 1.
Use of uninitialized value $length in string eq at t/output.t line 47, <$fout> chunk 1.
Can't locate MD5.pm in @INC (@INC contains: blib/lib /tmp/loop_over_bdir-DmzE3P/CGI-Buffer-0.31-6QBoGQ/blib/lib /tmp/loop_over_bdir-DmzE3P/CGI-Buffer-0.31-6QBoGQ/blib/arch /etc/perl /usr/local/lib/perl/5.10.1 /usr/local/share/perl/5.10.1 /usr/lib/perl5 /usr/share/perl5 /usr/lib/perl/5.10 /usr/share/perl/5.10 /usr/local/lib/site_perl .) at blib/lib/CGI/Buffer.pm line 6.
BEGIN failed--compilation aborted at blib/lib/CGI/Buffer.pm line 6.
Compilation failed in require at /tmp/m76SKn2koe line 1.
BEGIN failed--compilation aborted at /tmp/m76SKn2koe line 1.

#   Failed test at t/output.t line 65.

#   Failed test at t/output.t line 68.
Use of uninitialized value in string eq at t/output.t line 73, <$fout> chunk 2.
Use of uninitialized value $length in string eq at t/output.t line 73, <$fout> chunk 2.
Can't locate MD5.pm in @INC (@INC contains: blib/lib /tmp/loop_over_bdir-DmzE3P/CGI-Buffer-0.31-6QBoGQ/blib/lib /tmp/loop_over_bdir-DmzE3P/CGI-Buffer-0.31-6QBoGQ/blib/arch /etc/perl /usr/local/lib/perl/5.10.1 /usr/local/share/perl/5.10.1 /usr/lib/perl5 /usr/share/perl5 /usr/lib/perl/5.10 /usr/share/perl/5.10 /usr/local/lib/site_perl .) at blib/lib/CGI/Buffer.pm line 6.
BEGIN failed--compilation aborted at blib/lib/CGI/Buffer.pm line 6.
Compilation failed in require at /tmp/pHqk_KvX8C line 1.
BEGIN failed--compilation aborted at /tmp/pHqk_KvX8C line 1.

#   Failed test at t/output.t line 92.

#   Failed test at t/output.t line 96.
Use of uninitialized value in string eq at t/output.t line 100, <$fout> chunk 3.
Use of uninitialized value $length in string eq at t/output.t line 100, <$fout> chunk 3.
Can't locate MD5.pm in @INC (@INC contains: /tmp/loop_over_bdir-DmzE3P/CGI-Buffer-0.31-6QBoGQ/blib/arch /tmp/loop_over_bdir-DmzE3P/CGI-Buffer-0.31-6QBoGQ/blib/lib blib/lib /etc/perl /usr/local/lib/perl/5.10.1 /usr/local/share/perl/5.10.1 /usr/lib/perl5 /usr/share/perl5 /usr/lib/perl/5.10 /usr/share/perl/5.10 /usr/local/lib/site_perl) at /tmp/loop_over_bdir-DmzE3P/CGI-Buffer-0.31-6QBoGQ/blib/lib/CGI/Buffer.pm line 6.
BEGIN failed--compilation aborted at /tmp/loop_over_bdir-DmzE3P/CGI-Buffer-0.31-6QBoGQ/blib/lib/CGI/Buffer.pm line 6.
Compilation failed in require at /tmp/zQ6VVepZpV line 3.
BEGIN failed--compilation aborted at /tmp/zQ6VVepZpV line 3.

#   Failed test at t/output.t line 125.

#   Failed test at t/output.t line 128.

#   Failed test at t/output.t line 129.
Use of uninitialized value in string eq at t/output.t line 132, <$fout> chunk 4.
Use of uninitialized value $length in string eq at t/output.t line 132, <$fout> chunk 4.
Can't locate MD5.pm in @INC (@INC contains: /tmp/loop_over_bdir-DmzE3P/CGI-Buffer-0.31-6QBoGQ/blib/arch /tmp/loop_over_bdir-DmzE3P/CGI-Buffer-0.31-6QBoGQ/blib/lib blib/lib /etc/perl /usr/local/lib/perl/5.10.1 /usr/local/share/perl/5.10.1 /usr/lib/perl5 /usr/share/perl5 /usr/lib/perl/5.10 /usr/share/perl/5.10 /usr/local/lib/site_perl) at /tmp/loop_over_bdir-DmzE3P/CGI-Buffer-0.31-6QBoGQ/blib/lib/CGI/Buffer.pm line 6.
BEGIN failed--compilation aborted at /tmp/loop_over_bdir-DmzE3P/CGI-Buffer-0.31-6QBoGQ/blib/lib/CGI/Buffer.pm line 6.
Compilation failed in require at /tmp/pp9SihzTna line 3.
BEGIN failed--compilation aborted at /tmp/pp9SihzTna line 3.

#   Failed test at t/output.t line 161.

#   Failed test at t/output.t line 162.
Use of uninitialized value in string eq at t/output.t line 166, <$fout> chunk 5.
Use of uninitialized value $length in string eq at t/output.t line 166, <$fout> chunk 5.
Can't locate MD5.pm in @INC (@INC contains: /tmp/loop_over_bdir-DmzE3P/CGI-Buffer-0.31-6QBoGQ/blib/arch /tmp/loop_over_bdir-DmzE3P/CGI-Buffer-0.31-6QBoGQ/blib/lib blib/lib /etc/perl /usr/local/lib/perl/5.10.1 /usr/local/share/perl/5.10.1 /usr/lib/perl5 /usr/share/perl5 /usr/lib/perl/5.10 /usr/share/perl/5.10 /usr/local/lib/site_perl) at /tmp/loop_over_bdir-DmzE3P/CGI-Buffer-0.31-6QBoGQ/blib/lib/CGI/Buffer.pm line 6.
BEGIN failed--compilation aborted at /tmp/loop_over_bdir-DmzE3P/CGI-Buffer-0.31-6QBoGQ/blib/lib/CGI/Buffer.pm line 6.
Compilation failed in require at /tmp/th_b3tzpx9 line 3.
BEGIN failed--compilation aborted at /tmp/th_b3tzpx9 line 3.

#   Failed test at t/output.t line 190.

#   Failed test at t/output.t line 191.
Use of uninitialized value in string eq at t/output.t line 195, <$fout> chunk 6.
Use of uninitialized value $length in string eq at t/output.t line 195, <$fout> chunk 6.
# Looks like you failed 13 tests of 29.
t/output.t ..... 
Dubious, test returned 13 (wstat 3328, 0xd00)
Failed 13/29 subtests 
t/pod-cm.t ..... ok
t/pod.t ........ ok
t/port.t ....... ok
t/prereq.t ..... skipped: Author tests not required for installation
t/snippets.t ... skipped: Author tests not required for installation
t/spelling.t ... skipped: Author tests not required for installation
# Using CHI 0.50
t/too_late.t ... ok
t/vars.t ....... skipped: Author tests not required for installation

Test Summary Report
-------------------
t/boiler.t   (Wstat: 0 Tests: 3 Failed: 0)
  TODO passed:   1-3
t/output.t   (Wstat: 3328 Tests: 29 Failed: 13)
  Failed tests:  2-3, 7-8, 12, 14, 17, 19-20, 23-24, 27-28
  Non-zero exit status: 13
Files=18, Tests=44,  3 wallclock secs ( 0.07 usr  0.03 sys +  1.58 cusr  0.18 csys =  1.86 CPU)
Result: FAIL
Failed 1/18 test programs. 13/44 subtests failed.
make: *** [test_dynamic] Error 255

------------------------------
PREREQUISITES
------------------------------

Prerequisite modules loaded:

requires:

    Module              Need Have    
    ------------------- ---- --------
    Carp                0    1.24    
    CGI::Info           0.11 0.16    
    Compress::Zlib      0    2.048   
    CSS::Packer         0    1.002001
    HTML::Clean         0    0.8     
    HTML::Packer        0    1.004001
    IO::CaptureOutput   0    1.1102  
    IO::String          0    1.08    
    MD5                 0    2.03    
    Test::Kwalitee      0    1.01    
    Test::More          0.82 0.98    

build_requires:

    Module              Need Have    
    ------------------- ---- --------
    ExtUtils::MakeMaker 0    6.63_02 

configure_requires:

    Module              Need Have    
    ------------------- ---- --------
    ExtUtils::MakeMaker 0    6.63_02 


------------------------------
ENVIRONMENT AND OTHER CONTEXT
------------------------------

Environment variables:

    AUTOMATED_TESTING = 1
    LANG = en_US.UTF-8
    LANGUAGE = en_US:en
    PATH = /home/sand/bin:/usr/local/bin:/usr/bin:/bin:/usr/bin/X11:/usr/games:/usr/local/perl/bin:/usr/X11/bin:/sbin:/usr/sbin
    PERL5LIB = 
    PERL5OPT = 
    PERL5_CPANPLUS_IS_RUNNING = 18766
    PERL5_CPAN_IS_RUNNING = 18766
    PERL_MM_USE_DEFAULT = 1
    SHELL = /usr/bin/zsh
    TERM = screen

Perl special variables (and OS-specific diagnostics, for MSWin32):

    $^X = /home/sand/src/perl/repoperls/installed-perls/perl/v5.15.6-422-g9f71cfe/127e/bin/perl
    $UID/$EUID = 1005 / 1005
    $GID = 1005 1005
    $EGID = 1005 1005

Perl module toolchain versions installed:

    Module              Have    
    ------------------- --------
    CPAN                1.9800  
    CPAN::Meta          2.113640
    Cwd                 3.39_01 
    ExtUtils::CBuilder  0.280202
    ExtUtils::Command   1.17    
    ExtUtils::Install   1.57    
    ExtUtils::MakeMaker 6.63_02 
    ExtUtils::Manifest  1.60    
    ExtUtils::ParseXS   3.15    
    File::Spec          3.39_01 
    JSON                2.53    
    JSON::PP            2.27200 
    Module::Build       0.39_01 
    Module::Signature   0.68    
    Parse::CPAN::Meta   1.4401  
    Test::Harness       3.23    
    Test::More          0.98    
    YAML                0.78    
    YAML::Syck          1.19    
    version             0.96    


--

Summary of my perl5 (revision 5 version 15 subversion 6) configuration:
  Commit id: 9f71cfe6ef2a57e26394d4caf1bf2894802f4777
  Platform:
    osname=linux, osvers=2.6.32-5-amd64, archname=x86_64-linux-ld
    uname='linux k83 2.6.32-5-amd64 #1 smp thu nov 3 03:41:26 utc 2011 x86_64 gnulinux '
    config_args='-Dprefix=/home/src/perl/repoperls/installed-perls/perl/v5.15.6-422-g9f71cfe/127e -Dmyhostname=k83 -Dinstallusrbinperl=n -Uversiononly -Dusedevel -des -Ui_db -Uuseithreads -Duselongdouble -DDEBUGGING=-g'
    hint=recommended, useposix=true, d_sigaction=define
    useithreads=undef, usemultiplicity=undef
    useperlio=define, d_sfio=undef, uselargefiles=define, usesocks=undef
    use64bitint=define, use64bitall=define, uselongdouble=define
    usemymalloc=n, bincompat5005=undef
  Compiler:
    cc='cc', ccflags ='-fno-strict-aliasing -pipe -fstack-protector -I/usr/local/include -D_LARGEFILE_SOURCE -D_FILE_OFFSET_BITS=64',
    optimize='-O2 -g',
    cppflags='-fno-strict-aliasing -pipe -fstack-protector -I/usr/local/include'
    ccversion='', gccversion='4.4.5', gccosandvers=''
    intsize=4, longsize=8, ptrsize=8, doublesize=8, byteorder=12345678
    d_longlong=define, longlongsize=8, d_longdbl=define, longdblsize=16
    ivtype='long', ivsize=8, nvtype='long double', nvsize=16, Off_t='off_t', lseeksize=8
    alignbytes=16, prototype=define
  Linker and Libraries:
    ld='cc', ldflags =' -fstack-protector -L/usr/local/lib'
    libpth=/usr/local/lib /lib/../lib /usr/lib/../lib /lib /usr/lib /lib64 /usr/lib64
    libs=-lnsl -ldb -ldl -lm -lcrypt -lutil -lc
    perllibs=-lnsl -ldl -lm -lcrypt -lutil -lc
    libc=/lib/libc-2.11.2.so, so=so, useshrplib=false, libperl=libperl.a
    gnulibc_version='2.11.2'
  Dynamic Linking:
    dlsrc=dl_dlopen.xs, dlext=so, d_dlsymun=undef, ccdlflags='-Wl,-E'
    cccdlflags='-fPIC', lddlflags='-shared -O2 -g -L/usr/local/lib -fstack-protector'


Characteristics of this binary (from libperl): 
  Compile-time options: HAS_TIMES PERLIO_LAYERS PERL_DONT_CREATE_GVSV
                        PERL_MALLOC_WRAP PERL_PRESERVE_IVUV PERL_USE_DEVEL
                        USE_64_BIT_ALL USE_64_BIT_INT USE_LARGE_FILES
                        USE_LOCALE USE_LOCALE_COLLATE USE_LOCALE_CTYPE
                        USE_LOCALE_NUMERIC USE_LONG_DOUBLE USE_PERLIO
                        USE_PERL_ATOF
  Built under linux
  Compiled at Jan  7 2012 07:26:55
  %ENV:
    PERL5LIB=""
    PERL5OPT=""
    PERL5_CPANPLUS_IS_RUNNING="18766"
    PERL5_CPAN_IS_RUNNING="18766"
    PERL_MM_USE_DEFAULT="1"
  @INC:
    /home/src/perl/repoperls/installed-perls/perl/v5.15.6-422-g9f71cfe/127e/lib/site_perl/5.15.6/x86_64-linux-ld
    /home/src/perl/repoperls/installed-perls/perl/v5.15.6-422-g9f71cfe/127e/lib/site_perl/5.15.6
    /home/src/perl/repoperls/installed-perls/perl/v5.15.6-422-g9f71cfe/127e/lib/5.15.6/x86_64-linux-ld
    /home/src/perl/repoperls/installed-perls/perl/v5.15.6-422-g9f71cfe/127e/lib/5.15.6
    .