Back
From: metabase:user:9820532a-708b-1014-9a05-b18a96298da1
Subject: FAIL Catalyst-View-Templated-0.02 v5.10.1 GNU/Linux
Date: 2012-02-18T12:53:14Z
This distribution has been tested as part of the CPAN Testers
project, supporting the Perl programming language. See
http://wiki.cpantesters.org/ for more information or email
questions to cpan-testers-discuss@perl.org
--
Dear Jonathan Rockway,
This is a computer-generated report for Catalyst-View-Templated-0.02
on perl 5.10.1, created by CPAN-Reporter-1.2004.
Thank you for uploading your work to CPAN. However, there was a problem
testing your distribution.
If you think this report is invalid, please consult the CPAN Testers Wiki
for suggestions on how to avoid getting FAIL reports for missing library
or binary dependencies, unsupported operating systems, and so on:
http://wiki.cpantesters.org/wiki/CPANAuthorNotes
Sections of this report:
* Tester comments
* Program output
* Prerequisites
* Environment and other context
------------------------------
TESTER COMMENTS
------------------------------
Additional comments from tester:
this report is from an automated smoke testing program
and was not reviewed by a human for accuracy
------------------------------
PROGRAM OUTPUT
------------------------------
Output from '/usr/bin/make test':
PERL_DL_NONLAZY=1 /home/test/perl5/perlbrew/perls/perl-5.10.1-th/bin/perl "-MExtUtils::Command::MM" "-e" "test_harness(0, 'inc', 'blib/lib', 'blib/arch')" t/*.t
t/00-load........ok
t/basics.........ok
t/encoding.......ok
t/live...........[warn] Attempted to use view 'TestApp::View::View::Something', but does not exist
[warn] Used regexp fallback for $c->view('View::Something'), which found 'TestApp::View::Something'. Relying on regexp fallback behavior for component resolution is unreliable and unsafe. You probably meant $c->view('Something') instead of $c->view('View::Something'), but if you really wanted to search, pass in a regexp as the argument like so: $c->view(qr/View::Something/) at /home/test/.cpan/build/Catalyst-View-Templated-0.02-FERs5p/t/lib/TestApp/Controller/Root.pm line 12.
[warn] Attempted to use view 'TestApp::View::View::Something', but does not exist
[warn] Used regexp fallback for $c->view('View::Something'), which found 'TestApp::View::Something'. Relying on regexp fallback behavior for component resolution is unreliable and unsafe. You probably meant $c->view('Something') instead of $c->view('View::Something'), but if you really wanted to search, pass in a regexp as the argument like so: $c->view(qr/View::Something/) at /home/test/.cpan/build/Catalyst-View-Templated-0.02-FERs5p/t/lib/TestApp/Controller/Root.pm line 15.
[error] Couldn't render template 'hello_world': Can't store GLOB items at /home/test/perl5/perlbrew/perls/perl-5.10.1-th/lib/5.10.1/x86_64-linux-thread-multi/Storable.pm line 338, at /home/test/.cpan/build/Catalyst-View-Templated-0.02-FERs5p/t/lib/TestApp/View/Something.pm line 15.
# Failed test 'GET http://localhost/template_detach'
# at t/live.t line 18.
# 500
# Internal Server Error
Frozen string corrupt - contains characters outside 0-255 at /home/test/perl5/perlbrew/perls/perl-5.10.1-th/lib/5.10.1/x86_64-linux-thread-multi/Storable.pm line 416, at t/live.t line 21.
# Looks like you planned 4 tests but ran 1.
# Looks like you failed 1 test of 1 run.
# Looks like your test exited with 255 just after 1.
Dubious, test returned 255 (wstat 65280, 0xff00)
Failed 4/4 subtests
t/live_config....[warn] Attempted to use view 'TestApp::View::View::Something', but does not exist
[warn] Used regexp fallback for $c->view('View::Something'), which found 'TestApp::View::Something'. Relying on regexp fallback behavior for component resolution is unreliable and unsafe. You probably meant $c->view('Something') instead of $c->view('View::Something'), but if you really wanted to search, pass in a regexp as the argument like so: $c->view(qr/View::Something/) at /home/test/.cpan/build/Catalyst-View-Templated-0.02-FERs5p/t/lib/TestApp/Controller/Root.pm line 21.
[error] Couldn't render template 'action_detach.template': Can't store GLOB items at /home/test/perl5/perlbrew/perls/perl-5.10.1-th/lib/5.10.1/x86_64-linux-thread-multi/Storable.pm line 338, at /home/test/.cpan/build/Catalyst-View-Templated-0.02-FERs5p/t/lib/TestApp/View/Something.pm line 15.
# Failed test 'GET http://localhost/action_detach'
# at t/live_config.t line 19.
# 500
# Internal Server Error
Frozen string corrupt - contains characters outside 0-255 at /home/test/perl5/perlbrew/perls/perl-5.10.1-th/lib/5.10.1/x86_64-linux-thread-multi/Storable.pm line 416, at t/live_config.t line 22.
# Looks like you planned 2 tests but ran 1.
# Looks like you failed 1 test of 1 run.
# Looks like your test exited with 255 just after 1.
Dubious, test returned 255 (wstat 65280, 0xff00)
Failed 2/2 subtests
Test Summary Report
-------------------
t/live (Wstat: 65280 Tests: 1 Failed: 1)
Failed test: 1
Non-zero exit status: 255
Parse errors: Bad plan. You planned 4 tests but ran 1.
t/live_config (Wstat: 65280 Tests: 1 Failed: 1)
Failed test: 1
Non-zero exit status: 255
Parse errors: Bad plan. You planned 2 tests but ran 1.
Files=5, Tests=32, 4 wallclock secs ( 0.05 usr 0.00 sys + 3.39 cusr 0.36 csys = 3.80 CPU)
Result: FAIL
Failed 2/5 test programs. 2/32 subtests failed.
make: *** [test_dynamic] Error 255
------------------------------
PREREQUISITES
------------------------------
Prerequisite modules loaded:
requires:
Module Need Have
----------------------------------- ------ ----------
Catalyst 5.7001 5.90010
Catalyst::Component::ACCEPT_CONTEXT 0.03 0.07
Class::C3 0 0.23
ok 0 0.02
Path::Class 0 0.25
Storable 0 2.30
Test::MockObject 0 1.20110606
Test::More 0 0.98
Test::WWW::Mechanize::Catalyst 0 0.56
build_requires:
Module Need Have
----------------------------------- ------ ----------
ExtUtils::MakeMaker 0 6.62
------------------------------
ENVIRONMENT AND OTHER CONTEXT
------------------------------
Environment variables:
AUTOMATED_TESTING = 1
LANG = C
LC_ALL = C
MANPATH_WITHOUT_PERLBREW =
PATH = /home/test/perl5/perlbrew/bin:/home/test/perl5/perlbrew/perls/perl-5.10.1-th/bin:/home/test/bin:~/bin:/usr/bin:/bin
PATH_WITHOUT_PERLBREW = /home/test/bin:~/bin:/usr/bin:/bin
PERL5LIB =
PERL5OPT =
PERL5_CPANPLUS_IS_RUNNING = 13062
PERL5_CPAN_IS_RUNNING = 13062
PERL5_CPAN_IS_RUNNING_IN_RECURSION = 4049,13062
PERLBREW_BASHRC_VERSION = 0.41
PERLBREW_HOME = /home/test/.perlbrew
PERLBREW_MANPATH = /home/test/perl5/perlbrew/perls/perl-5.10.1-th/man
PERLBREW_PATH = /home/test/perl5/perlbrew/bin:/home/test/perl5/perlbrew/perls/perl-5.10.1-th/bin
PERLBREW_PERL = perl-5.10.1-th
PERLBREW_ROOT = /home/test/perl5/perlbrew
PERLBREW_VERSION = 0.41
PERL_CPANM_OPT = --prompt --mirror file:///mirrors/cpan/
PERL_CR_SMOKER_CURRENT = Catalyst-View-Template-Declare-0.04
PERL_EXTUTILS_AUTOINSTALL = --defaultdeps
PERL_MM_USE_DEFAULT = 1
SHELL = /bin/bash
TERM = linux
Perl special variables (and OS-specific diagnostics, for MSWin32):
$^X = /home/test/perl5/perlbrew/perls/perl-5.10.1-th/bin/perl
$UID/$EUID = 1001 / 1001
$GID = 1001 1001
$EGID = 1001 1001
Perl module toolchain versions installed:
Module Have
------------------- --------
CPAN 1.9800
CPAN::Meta 2.112621
Cwd 3.39_01
ExtUtils::CBuilder 0.280202
ExtUtils::Command 1.17
ExtUtils::Install 1.52
ExtUtils::MakeMaker 6.62
ExtUtils::Manifest 1.60
ExtUtils::ParseXS 3.15
File::Spec 3.39_01
JSON 2.53
JSON::PP 2.27200
Module::Build 0.39_02
Module::Signature n/a
Parse::CPAN::Meta 1.4402
Test::Harness 3.14
Test::More 0.98
YAML 0.73
YAML::Syck 1.20
version 0.96
--
Summary of my perl5 (revision 5 version 10 subversion 1) configuration:
Platform:
osname=linux, osvers=2.6.35-28-generic, archname=x86_64-linux-thread-multi
uname='linux zippy 2.6.35-28-generic #50-ubuntu smp fri mar 18 18:42:20 utc 2011 x86_64 gnulinux '
config_args='-de -Dprefix=/home/test/perl5/perlbrew/perls/perl-5.10.1-th -Dusethreads'
hint=recommended, useposix=true, d_sigaction=define
useithreads=define, usemultiplicity=define
useperlio=define, d_sfio=undef, uselargefiles=define, usesocks=undef
use64bitint=define, use64bitall=define, uselongdouble=undef
usemymalloc=n, bincompat5005=undef
Compiler:
cc='cc', ccflags ='-D_REENTRANT -D_GNU_SOURCE -fno-strict-aliasing -pipe -fstack-protector -I/usr/local/include -D_LARGEFILE_SOURCE -D_FILE_OFFSET_BITS=64',
optimize='-O2',
cppflags='-D_REENTRANT -D_GNU_SOURCE -fno-strict-aliasing -pipe -fstack-protector -I/usr/local/include'
ccversion='', gccversion='4.4.5', gccosandvers=''
intsize=4, longsize=8, ptrsize=8, doublesize=8, byteorder=12345678
d_longlong=define, longlongsize=8, d_longdbl=define, longdblsize=16
ivtype='long', ivsize=8, nvtype='double', nvsize=8, Off_t='off_t', lseeksize=8
alignbytes=8, prototype=define
Linker and Libraries:
ld='cc', ldflags =' -fstack-protector -L/usr/local/lib'
libpth=/usr/local/lib /lib/../lib /usr/lib/../lib /lib /usr/lib /usr/lib/x86_64-linux-gnu /lib64 /usr/lib64
libs=-lnsl -ldl -lm -lcrypt -lutil -lpthread -lc
perllibs=-lnsl -ldl -lm -lcrypt -lutil -lpthread -lc
libc=/lib/libc-2.12.1.so, so=so, useshrplib=false, libperl=libperl.a
gnulibc_version='2.12.1'
Dynamic Linking:
dlsrc=dl_dlopen.xs, dlext=so, d_dlsymun=undef, ccdlflags='-Wl,-E'
cccdlflags='-fPIC', lddlflags='-shared -O2 -L/usr/local/lib -fstack-protector'
Characteristics of this binary (from libperl):
Compile-time options: MULTIPLICITY PERL_DONT_CREATE_GVSV
PERL_IMPLICIT_CONTEXT PERL_MALLOC_WRAP USE_64_BIT_ALL
USE_64_BIT_INT USE_ITHREADS USE_LARGE_FILES
USE_PERLIO USE_REENTRANT_API
Built under linux
Compiled at Feb 15 2012 11:40:57
%ENV:
PERL5LIB=""
PERL5OPT=""
PERL5_CPANPLUS_IS_RUNNING="13062"
PERL5_CPAN_IS_RUNNING="13062"
PERL5_CPAN_IS_RUNNING_IN_RECURSION="4049,13062"
PERLBREW_BASHRC_VERSION="0.41"
PERLBREW_HOME="/home/test/.perlbrew"
PERLBREW_MANPATH="/home/test/perl5/perlbrew/perls/perl-5.10.1-th/man"
PERLBREW_PATH="/home/test/perl5/perlbrew/bin:/home/test/perl5/perlbrew/perls/perl-5.10.1-th/bin"
PERLBREW_PERL="perl-5.10.1-th"
PERLBREW_ROOT="/home/test/perl5/perlbrew"
PERLBREW_VERSION="0.41"
PERL_CPANM_OPT="--prompt --mirror file:///mirrors/cpan/"
PERL_CR_SMOKER_CURRENT="Catalyst-View-Template-Declare-0.04"
PERL_EXTUTILS_AUTOINSTALL="--defaultdeps"
PERL_MM_USE_DEFAULT="1"
@INC:
/home/test/perl5/perlbrew/perls/perl-5.10.1-th/lib/5.10.1/x86_64-linux-thread-multi
/home/test/perl5/perlbrew/perls/perl-5.10.1-th/lib/5.10.1
/home/test/perl5/perlbrew/perls/perl-5.10.1-th/lib/site_perl/5.10.1/x86_64-linux-thread-multi
/home/test/perl5/perlbrew/perls/perl-5.10.1-th/lib/site_perl/5.10.1
.