Back
From: metabase:user:3198cbe2-2aae-11df-837a-5e0a49663a4f
Subject: FAIL Audio-1.029 v5.14.3 GNU/Linux
Date: 2012-12-18T17:48:22Z
This distribution has been tested as part of the CPAN Testers
project, supporting the Perl programming language. See
http://wiki.cpantesters.org/ for more information or email
questions to cpan-testers-discuss@perl.org
--
Dear Nick Ing-Simmons (PAUSE Custodial Account),
This is a computer-generated report for Audio-1.029
on perl 5.14.3, created by CPAN-Reporter-1.2008.
Thank you for uploading your work to CPAN. However, there was a problem
testing your distribution.
If you think this report is invalid, please consult the CPAN Testers Wiki
for suggestions on how to avoid getting FAIL reports for missing library
or binary dependencies, unsupported operating systems, and so on:
http://wiki.cpantesters.org/wiki/CPANAuthorNotes
Sections of this report:
* Tester comments
* Program output
* Prerequisites
* Environment and other context
------------------------------
TESTER COMMENTS
------------------------------
Additional comments from tester:
this report is from an automated smoke testing program
and was not reviewed by a human for accuracy
------------------------------
PROGRAM OUTPUT
------------------------------
Output from '/usr/bin/make test':
make[1]: Entering directory `/home/graham/perls/caches/perl-5.14.3/build/Audio-1.029-7DH6Tf/Data'
make[1]: Leaving directory `/home/graham/perls/caches/perl-5.14.3/build/Audio-1.029-7DH6Tf/Data'
make[1]: Entering directory `/home/graham/perls/caches/perl-5.14.3/build/Audio-1.029-7DH6Tf/Play'
true
true
make[2]: Entering directory `/home/graham/perls/caches/perl-5.14.3/build/Audio-1.029-7DH6Tf/Play/Net'
make[2]: Nothing to be done for `all'.
make[2]: Leaving directory `/home/graham/perls/caches/perl-5.14.3/build/Audio-1.029-7DH6Tf/Play/Net'
make[2]: Entering directory `/home/graham/perls/caches/perl-5.14.3/build/Audio-1.029-7DH6Tf/Play/linux'
make[2]: Leaving directory `/home/graham/perls/caches/perl-5.14.3/build/Audio-1.029-7DH6Tf/Play/linux'
make[1]: Leaving directory `/home/graham/perls/caches/perl-5.14.3/build/Audio-1.029-7DH6Tf/Play'
make[1]: Entering directory `/home/graham/perls/caches/perl-5.14.3/build/Audio-1.029-7DH6Tf/Data'
PERL_DL_NONLAZY=1 /home/graham/perls/perl-5.14.3/bin/perl "-MExtUtils::Command::MM" "-e" "test_harness(0, '../blib/lib', '../blib/arch')" t/*.t
Name "Audio::Data::AudioVtab" used only once: possible typo at /home/graham/perls/perl-5.14.3/lib/5.14.3/x86_64-linux/DynaLoader.pm line 213.
t/init.t ...... ok
Name "Audio::Data::AudioVtab" used only once: possible typo at /home/graham/perls/perl-5.14.3/lib/5.14.3/x86_64-linux/DynaLoader.pm line 213.
Unknown file format at t/load.t line 11.
t/load.t ......
Dubious, test returned 25 (wstat 6400, 0x1900)
Failed 2/2 subtests
Name "Audio::Data::AudioVtab" used only once: possible typo at /home/graham/perls/perl-5.14.3/lib/5.14.3/x86_64-linux/DynaLoader.pm line 213.
t/overload.t .. ok
Name "Audio::Data::AudioVtab" used only once: possible typo at /home/graham/perls/perl-5.14.3/lib/5.14.3/x86_64-linux/DynaLoader.pm line 213.
t/poly.t ...... ok
Test Summary Report
-------------------
t/load.t (Wstat: 6400 Tests: 0 Failed: 0)
Non-zero exit status: 25
Parse errors: Bad plan. You planned 2 tests but ran 0.
Files=4, Tests=42, 0 wallclock secs ( 0.04 usr 0.01 sys + 0.10 cusr 0.02 csys = 0.17 CPU)
Result: FAIL
Failed 1/4 test programs. 0/42 subtests failed.
make[1]: *** [test_dynamic] Error 255
make[1]: Leaving directory `/home/graham/perls/caches/perl-5.14.3/build/Audio-1.029-7DH6Tf/Data'
make: *** [subdirs-test] Error 2
------------------------------
PREREQUISITES
------------------------------
Prerequisite modules loaded:
build_requires:
Module Need Have
------------------- ---- ----
ExtUtils::MakeMaker 0 6.64
------------------------------
ENVIRONMENT AND OTHER CONTEXT
------------------------------
Environment variables:
AUTOMATED_TESTING = 1
LANG = C
PATH = /home/graham/perls/perl-5.14.3/bin:/home/graham/perls/perl-5.14.3/bin:/home/graham/perls/perl-5.14.3/bin:/home/graham/perls/perl-5.14.3/bin:/home/graham/perls/perl-5.14.3/bin:/home/graham/perls/perl-5.14.3/bin:/usr/local/bin:/usr/bin:/bin:/usr/local/sbin:/usr/sbin:/sbin:/usr/bin/core_perl
PERL5LIB =
PERL5OPT =
PERL5_CPANPLUS_IS_RUNNING = 5989
PERL5_CPAN_IS_RUNNING = 5989
PERL5_CPAN_IS_RUNNING_IN_RECURSION = 29110,5989
PERL_CR_SMOKER_CURRENT = KGS-0.99
PERL_EXTUTILS_AUTOINSTALL = --defaultdeps
PERL_MM_USE_DEFAULT = 1
SHELL = /bin/bash
TERM = xterm
Perl special variables (and OS-specific diagnostics, for MSWin32):
$^X = /home/graham/perls/perl-5.14.3/bin/perl
$UID/$EUID = 1000 / 1000
$GID = 100 100
$EGID = 100 100
Perl module toolchain versions installed:
Module Have
------------------- --------
CPAN 1.9800
CPAN::Meta 2.120921
Cwd 3.33
ExtUtils::CBuilder 0.280205
ExtUtils::Command 1.17
ExtUtils::Install 1.56
ExtUtils::MakeMaker 6.64
ExtUtils::Manifest 1.61
ExtUtils::ParseXS 3.18
File::Spec 3.33
JSON 2.53
JSON::PP 2.27200
Module::Build 0.4003
Module::Signature 0.70
Parse::CPAN::Meta 1.4404
Test::Harness 3.23
Test::More 0.98
YAML 0.84
YAML::Syck 1.22
version 0.9901
--
Summary of my perl5 (revision 5 version 14 subversion 3) configuration:
Platform:
osname=linux, osvers=3.5.6-1-arch, archname=x86_64-linux
uname='linux grosics 3.5.6-1-arch #1 smp preempt sun oct 7 19:30:49 cest 2012 x86_64 gnulinux '
config_args=''
hint=recommended, useposix=true, d_sigaction=define
useithreads=undef, usemultiplicity=undef
useperlio=define, d_sfio=undef, uselargefiles=define, usesocks=undef
use64bitint=define, use64bitall=define, uselongdouble=undef
usemymalloc=n, bincompat5005=undef
Compiler:
cc='cc', ccflags ='-fno-strict-aliasing -pipe -fstack-protector -I/usr/local/include -D_LARGEFILE_SOURCE -D_FILE_OFFSET_BITS=64',
optimize='-O2',
cppflags='-fno-strict-aliasing -pipe -fstack-protector -I/usr/local/include'
ccversion='', gccversion='4.7.2', gccosandvers=''
intsize=4, longsize=8, ptrsize=8, doublesize=8, byteorder=12345678
d_longlong=define, longlongsize=8, d_longdbl=define, longdblsize=16
ivtype='long', ivsize=8, nvtype='double', nvsize=8, Off_t='off_t', lseeksize=8
alignbytes=8, prototype=define
Linker and Libraries:
ld='cc', ldflags =' -fstack-protector -L/usr/local/lib'
libpth=/usr/local/lib /lib/../lib /usr/lib/../lib /lib /usr/lib
libs=-lnsl -lgdbm -ldb -ldl -lm -lcrypt -lutil -lc -lgdbm_compat
perllibs=-lnsl -ldl -lm -lcrypt -lutil -lc
libc=/lib/libc-2.16.so, so=so, useshrplib=false, libperl=libperl.a
gnulibc_version='2.16'
Dynamic Linking:
dlsrc=dl_dlopen.xs, dlext=so, d_dlsymun=undef, ccdlflags='-Wl,-E'
cccdlflags='-fPIC', lddlflags='-shared -O2 -L/usr/local/lib -fstack-protector'
Characteristics of this binary (from libperl):
Compile-time options: PERL_DONT_CREATE_GVSV PERL_MALLOC_WRAP
PERL_PRESERVE_IVUV USE_64_BIT_ALL USE_64_BIT_INT
USE_LARGE_FILES USE_PERLIO USE_PERL_ATOF
Built under linux
Compiled at Dec 10 2012 17:55:35
%ENV:
PERL5LIB=""
PERL5OPT=""
PERL5_CPANPLUS_IS_RUNNING="5989"
PERL5_CPAN_IS_RUNNING="5989"
PERL5_CPAN_IS_RUNNING_IN_RECURSION="29110,5989"
PERL_CR_SMOKER_CURRENT="KGS-0.99"
PERL_EXTUTILS_AUTOINSTALL="--defaultdeps"
PERL_MM_USE_DEFAULT="1"
@INC:
/home/graham/perls/perl-5.14.3/lib/site_perl/5.14.3/x86_64-linux
/home/graham/perls/perl-5.14.3/lib/site_perl/5.14.3
/home/graham/perls/perl-5.14.3/lib/5.14.3/x86_64-linux
/home/graham/perls/perl-5.14.3/lib/5.14.3
.