Report for Devel-Chitin-0.07

Back
From: metabase:user:30f4dfbe-2aae-11df-837a-5e0a49663a4f
Subject: FAIL Devel-Chitin-0.07 v5.8.8 GNU/Linux
Date: 2016-08-21T19:11:50Z

This distribution has been tested as part of the CPAN Testers
project, supporting the Perl programming language.  See
http://wiki.cpantesters.org/ for more information or email
questions to cpan-testers-discuss@perl.org


--
Dear Anthony Brummett,

This is a computer-generated report for Devel-Chitin-0.07
on perl 5.8.8, created by CPAN-Reporter-1.2018.

Thank you for uploading your work to CPAN.  However, there was a problem
testing your distribution.

If you think this report is invalid, please consult the CPAN Testers Wiki
for suggestions on how to avoid getting FAIL reports for missing library
or binary dependencies, unsupported operating systems, and so on:

http://wiki.cpantesters.org/wiki/CPANAuthorNotes

Sections of this report:

    * Tester comments
    * Program output
    * Prerequisites
    * Environment and other context

------------------------------
TESTER COMMENTS
------------------------------

Additional comments from tester:

this report is from an automated smoke testing program
and was not reviewed by a human for accuracy

------------------------------
PROGRAM OUTPUT
------------------------------

Output from '/usr/bin/make test':

PERL_DL_NONLAZY=1 "/home/njh/perl5/perlbrew/perls/perl-5.8.8/bin/perl" "-MExtUtils::Command::MM" "-MTest::Harness" "-e" "undef *Test::Harness::Switches; test_harness(0, 'blib/lib', 'blib/arch')" t/*.t
*** in generate_flag_list(), O_SHLOCK threw exception: Your vendor has not defined Fcntl macro O_SHLOCK, used at (eval 13) line 1.

*** in generate_flag_list(), O_EXLOCK threw exception: Your vendor has not defined Fcntl macro O_EXLOCK, used at (eval 14) line 1.

*** in generate_flag_list(), O_SYMLINK threw exception: Bareword "O_SYMLINK" not allowed while "strict subs" in use at (eval 16) line 1.

*** in generate_flag_list(), O_EVTONLY threw exception: Bareword "O_EVTONLY" not allowed while "strict subs" in use at (eval 17) line 1.

*** in generate_flag_list(), O_CLOEXEC threw exception: Bareword "O_CLOEXEC" not allowed while "strict subs" in use at (eval 18) line 1.

Attempt to free unreferenced scalar: SV 0x1d27a00, Perl interpreter: 0x19b0010 at lib/Devel/Chitin/OpTree/LISTOP.pm line 494.
Attempt to free unreferenced scalar: SV 0x1d27b00, Perl interpreter: 0x19b0010 at lib/Devel/Chitin/OpTree/LISTOP.pm line 494.
Attempt to free unreferenced scalar: SV 0x1d27ba0, Perl interpreter: 0x19b0010 at lib/Devel/Chitin/OpTree/LISTOP.pm line 494.
Attempt to free unreferenced scalar: SV 0x1d27f70, Perl interpreter: 0x19b0010 at lib/Devel/Chitin/OpTree/LISTOP.pm line 512.
Attempt to free unreferenced scalar: SV 0x1d28070, Perl interpreter: 0x19b0010 at lib/Devel/Chitin/OpTree/LISTOP.pm line 512.
Attempt to free unreferenced scalar: SV 0x1d28110, Perl interpreter: 0x19b0010 at lib/Devel/Chitin/OpTree/LISTOP.pm line 512.
*** in generate_flag_list(), O_SHLOCK threw exception: Your vendor has not defined Fcntl macro O_SHLOCK, used at (eval 13)[lib/Devel/Chitin/OpTree/LISTOP.pm:323] line 1.

*** in generate_flag_list(), O_EXLOCK threw exception: Your vendor has not defined Fcntl macro O_EXLOCK, used at (eval 14)[lib/Devel/Chitin/OpTree/LISTOP.pm:323] line 1.

*** in generate_flag_list(), O_SYMLINK threw exception: Bareword "O_SYMLINK" not allowed while "strict subs" in use at (eval 16)[lib/Devel/Chitin/OpTree/LISTOP.pm:323] line 1.

*** in generate_flag_list(), O_EVTONLY threw exception: Bareword "O_EVTONLY" not allowed while "strict subs" in use at (eval 17)[lib/Devel/Chitin/OpTree/LISTOP.pm:323] line 1.

*** in generate_flag_list(), O_CLOEXEC threw exception: Bareword "O_CLOEXEC" not allowed while "strict subs" in use at (eval 18)[lib/Devel/Chitin/OpTree/LISTOP.pm:323] line 1.

Attempt to free unreferenced scalar: SV 0x1154470, Perl interpreter: 0xb2d010 at lib/Devel/Chitin/OpTree/LISTOP.pm line 494.
Attempt to free unreferenced scalar: SV 0x11545d0, Perl interpreter: 0xb2d010 at lib/Devel/Chitin/OpTree/LISTOP.pm line 494.
Attempt to free unreferenced scalar: SV 0x11546d0, Perl interpreter: 0xb2d010 at lib/Devel/Chitin/OpTree/LISTOP.pm line 494.
Attempt to free unreferenced scalar: SV 0xfe1470, Perl interpreter: 0xb2d010 at lib/Devel/Chitin/OpTree/LISTOP.pm line 512.
Attempt to free unreferenced scalar: SV 0xfe15d0, Perl interpreter: 0xb2d010 at lib/Devel/Chitin/OpTree/LISTOP.pm line 512.
Attempt to free unreferenced scalar: SV 0xfe16d0, Perl interpreter: 0xb2d010 at lib/Devel/Chitin/OpTree/LISTOP.pm line 512.
*** in generate_flag_list(), O_SHLOCK threw exception: Your vendor has not defined Fcntl macro O_SHLOCK, used at (eval 17) line 1.

*** in generate_flag_list(), O_EXLOCK threw exception: Your vendor has not defined Fcntl macro O_EXLOCK, used at (eval 18) line 1.

*** in generate_flag_list(), O_SYMLINK threw exception: Bareword "O_SYMLINK" not allowed while "strict subs" in use at (eval 20) line 1.

*** in generate_flag_list(), O_EVTONLY threw exception: Bareword "O_EVTONLY" not allowed while "strict subs" in use at (eval 21) line 1.

*** in generate_flag_list(), O_CLOEXEC threw exception: Bareword "O_CLOEXEC" not allowed while "strict subs" in use at (eval 22) line 1.

Attempt to free unreferenced scalar: SV 0x139fd60, Perl interpreter: 0xea1010 at /home/njh/.cpan/build/Devel-Chitin-0.07-haZY39/blib/lib/Devel/Chitin/OpTree/LISTOP.pm line 494.
Attempt to free unreferenced scalar: SV 0x139fe60, Perl interpreter: 0xea1010 at /home/njh/.cpan/build/Devel-Chitin-0.07-haZY39/blib/lib/Devel/Chitin/OpTree/LISTOP.pm line 494.
Attempt to free unreferenced scalar: SV 0x139ff00, Perl interpreter: 0xea1010 at /home/njh/.cpan/build/Devel-Chitin-0.07-haZY39/blib/lib/Devel/Chitin/OpTree/LISTOP.pm line 494.
Attempt to free unreferenced scalar: SV 0x13a02d0, Perl interpreter: 0xea1010 at /home/njh/.cpan/build/Devel-Chitin-0.07-haZY39/blib/lib/Devel/Chitin/OpTree/LISTOP.pm line 512.
Attempt to free unreferenced scalar: SV 0x13b0c20, Perl interpreter: 0xea1010 at /home/njh/.cpan/build/Devel-Chitin-0.07-haZY39/blib/lib/Devel/Chitin/OpTree/LISTOP.pm line 512.
Attempt to free unreferenced scalar: SV 0x13b0cc0, Perl interpreter: 0xea1010 at /home/njh/.cpan/build/Devel-Chitin-0.07-haZY39/blib/lib/Devel/Chitin/OpTree/LISTOP.pm line 512.
t/00-use.t ......................... ok
*** in generate_flag_list(), O_SHLOCK threw exception: Your vendor has not defined Fcntl macro O_SHLOCK, used at (eval 13) line 1.

*** in generate_flag_list(), O_EXLOCK threw exception: Your vendor has not defined Fcntl macro O_EXLOCK, used at (eval 14) line 1.

*** in generate_flag_list(), O_SYMLINK threw exception: Bareword "O_SYMLINK" not allowed while "strict subs" in use at (eval 16) line 1.

*** in generate_flag_list(), O_EVTONLY threw exception: Bareword "O_EVTONLY" not allowed while "strict subs" in use at (eval 17) line 1.

*** in generate_flag_list(), O_CLOEXEC threw exception: Bareword "O_CLOEXEC" not allowed while "strict subs" in use at (eval 18) line 1.

Attempt to free unreferenced scalar: SV 0x9bac60, Perl interpreter: 0x616010 at lib/Devel/Chitin/OpTree/LISTOP.pm line 494.
Attempt to free unreferenced scalar: SV 0x9bad60, Perl interpreter: 0x616010 at lib/Devel/Chitin/OpTree/LISTOP.pm line 494.
Attempt to free unreferenced scalar: SV 0x9bae00, Perl interpreter: 0x616010 at lib/Devel/Chitin/OpTree/LISTOP.pm line 494.
Attempt to free unreferenced scalar: SV 0x9bb1d0, Perl interpreter: 0x616010 at lib/Devel/Chitin/OpTree/LISTOP.pm line 512.
Attempt to free unreferenced scalar: SV 0x9bb2d0, Perl interpreter: 0x616010 at lib/Devel/Chitin/OpTree/LISTOP.pm line 512.
Attempt to free unreferenced scalar: SV 0x9ff2b0, Perl interpreter: 0x616010 at lib/Devel/Chitin/OpTree/LISTOP.pm line 512.
*** in generate_flag_list(), O_SHLOCK threw exception: Your vendor has not defined Fcntl macro O_SHLOCK, used at (eval 13)[lib/Devel/Chitin/OpTree/LISTOP.pm:323] line 1.

*** in generate_flag_list(), O_EXLOCK threw exception: Your vendor has not defined Fcntl macro O_EXLOCK, used at (eval 14)[lib/Devel/Chitin/OpTree/LISTOP.pm:323] line 1.

*** in generate_flag_list(), O_SYMLINK threw exception: Bareword "O_SYMLINK" not allowed while "strict subs" in use at (eval 16)[lib/Devel/Chitin/OpTree/LISTOP.pm:323] line 1.

*** in generate_flag_list(), O_EVTONLY threw exception: Bareword "O_EVTONLY" not allowed while "strict subs" in use at (eval 17)[lib/Devel/Chitin/OpTree/LISTOP.pm:323] line 1.

*** in generate_flag_list(), O_CLOEXEC threw exception: Bareword "O_CLOEXEC" not allowed while "strict subs" in use at (eval 18)[lib/Devel/Chitin/OpTree/LISTOP.pm:323] line 1.

Attempt to free unreferenced scalar: SV 0x29ca690, Perl interpreter: 0x23a3010 at lib/Devel/Chitin/OpTree/LISTOP.pm line 494.
Attempt to free unreferenced scalar: SV 0x29ca7f0, Perl interpreter: 0x23a3010 at lib/Devel/Chitin/OpTree/LISTOP.pm line 494.
Attempt to free unreferenced scalar: SV 0x29ca8f0, Perl interpreter: 0x23a3010 at lib/Devel/Chitin/OpTree/LISTOP.pm line 494.
Attempt to free unreferenced scalar: SV 0x2855520, Perl interpreter: 0x23a3010 at lib/Devel/Chitin/OpTree/LISTOP.pm line 512.
Attempt to free unreferenced scalar: SV 0x2855680, Perl interpreter: 0x23a3010 at lib/Devel/Chitin/OpTree/LISTOP.pm line 512.
Attempt to free unreferenced scalar: SV 0x2855780, Perl interpreter: 0x23a3010 at lib/Devel/Chitin/OpTree/LISTOP.pm line 512.
*** in generate_flag_list(), O_SHLOCK threw exception: Your vendor has not defined Fcntl macro O_SHLOCK, used at (eval 13) line 1.

*** in generate_flag_list(), O_EXLOCK threw exception: Your vendor has not defined Fcntl macro O_EXLOCK, used at (eval 14) line 1.

*** in generate_flag_list(), O_SYMLINK threw exception: Bareword "O_SYMLINK" not allowed while "strict subs" in use at (eval 16) line 1.

*** in generate_flag_list(), O_EVTONLY threw exception: Bareword "O_EVTONLY" not allowed while "strict subs" in use at (eval 17) line 1.

*** in generate_flag_list(), O_CLOEXEC threw exception: Bareword "O_CLOEXEC" not allowed while "strict subs" in use at (eval 18) line 1.

Attempt to free unreferenced scalar: SV 0xcd1190, Perl interpreter: 0x92a010 at lib/Devel/Chitin/OpTree/LISTOP.pm line 494.
Attempt to free unreferenced scalar: SV 0xcd1290, Perl interpreter: 0x92a010 at lib/Devel/Chitin/OpTree/LISTOP.pm line 494.
Attempt to free unreferenced scalar: SV 0xcd1330, Perl interpreter: 0x92a010 at lib/Devel/Chitin/OpTree/LISTOP.pm line 494.
Attempt to free unreferenced scalar: SV 0xcd1700, Perl interpreter: 0x92a010 at lib/Devel/Chitin/OpTree/LISTOP.pm line 512.
Attempt to free unreferenced scalar: SV 0xd146c0, Perl interpreter: 0x92a010 at lib/Devel/Chitin/OpTree/LISTOP.pm line 512.
Attempt to free unreferenced scalar: SV 0xd14760, Perl interpreter: 0x92a010 at lib/Devel/Chitin/OpTree/LISTOP.pm line 512.
*** in generate_flag_list(), O_SHLOCK threw exception: Your vendor has not defined Fcntl macro O_SHLOCK, used at (eval 13)[lib/Devel/Chitin/OpTree/LISTOP.pm:323] line 1.

*** in generate_flag_list(), O_EXLOCK threw exception: Your vendor has not defined Fcntl macro O_EXLOCK, used at (eval 14)[lib/Devel/Chitin/OpTree/LISTOP.pm:323] line 1.

*** in generate_flag_list(), O_SYMLINK threw exception: Bareword "O_SYMLINK" not allowed while "strict subs" in use at (eval 16)[lib/Devel/Chitin/OpTree/LISTOP.pm:323] line 1.

*** in generate_flag_list(), O_EVTONLY threw exception: Bareword "O_EVTONLY" not allowed while "strict subs" in use at (eval 17)[lib/Devel/Chitin/OpTree/LISTOP.pm:323] line 1.

*** in generate_flag_list(), O_CLOEXEC threw exception: Bareword "O_CLOEXEC" not allowed while "strict subs" in use at (eval 18)[lib/Devel/Chitin/OpTree/LISTOP.pm:323] line 1.

Attempt to free unreferenced scalar: SV 0x1b05270, Perl interpreter: 0x1651010 at lib/Devel/Chitin/OpTree/LISTOP.pm line 494.
Attempt to free unreferenced scalar: SV 0x1b053d0, Perl interpreter: 0x1651010 at lib/Devel/Chitin/OpTree/LISTOP.pm line 494.
Attempt to free unreferenced scalar: SV 0x1b054d0, Perl interpreter: 0x1651010 at lib/Devel/Chitin/OpTree/LISTOP.pm line 494.
Attempt to free unreferenced scalar: SV 0x1c81140, Perl interpreter: 0x1651010 at lib/Devel/Chitin/OpTree/LISTOP.pm line 512.
Attempt to free unreferenced scalar: SV 0x1c812a0, Perl interpreter: 0x1651010 at lib/Devel/Chitin/OpTree/LISTOP.pm line 512.
Attempt to free unreferenced scalar: SV 0x1c813a0, Perl interpreter: 0x1651010 at lib/Devel/Chitin/OpTree/LISTOP.pm line 512.
t/02-stepover-goto-label.t ......... ok
*** in generate_flag_list(), O_SHLOCK threw exception: Your vendor has not defined Fcntl macro O_SHLOCK, used at (eval 13) line 1.

*** in generate_flag_list(), O_EXLOCK threw exception: Your vendor has not defined Fcntl macro O_EXLOCK, used at (eval 14) line 1.

*** in generate_flag_list(), O_SYMLINK threw exception: Bareword "O_SYMLINK" not allowed while "strict subs" in use at (eval 16) line 1.

*** in generate_flag_list(), O_EVTONLY threw exception: Bareword "O_EVTONLY" not allowed while "strict subs" in use at (eval 17) line 1.

*** in generate_flag_list(), O_CLOEXEC threw exception: Bareword "O_CLOEXEC" not allowed while "strict subs" in use at (eval 18) line 1.

Attempt to free unreferenced scalar: SV 0x1bf3f20, Perl interpreter: 0x1836010 at lib/Devel/Chitin/OpTree/LISTOP.pm line 494.
Attempt to free unreferenced scalar: SV 0x1bf4020, Perl interpreter: 0x1836010 at lib/Devel/Chitin/OpTree/LISTOP.pm line 494.
Attempt to free unreferenced scalar: SV 0x1bf40c0, Perl interpreter: 0x1836010 at lib/Devel/Chitin/OpTree/LISTOP.pm line 494.
Attempt to free unreferenced scalar: SV 0x1bf4490, Perl interpreter: 0x1836010 at lib/Devel/Chitin/OpTree/LISTOP.pm line 512.
Attempt to free unreferenced scalar: SV 0x1bf4590, Perl interpreter: 0x1836010 at lib/Devel/Chitin/OpTree/LISTOP.pm line 512.
Attempt to free unreferenced scalar: SV 0x1bf4630, Perl interpreter: 0x1836010 at lib/Devel/Chitin/OpTree/LISTOP.pm line 512.
*** in generate_flag_list(), O_SHLOCK threw exception: Your vendor has not defined Fcntl macro O_SHLOCK, used at (eval 13)[lib/Devel/Chitin/OpTree/LISTOP.pm:323] line 1.

*** in generate_flag_list(), O_EXLOCK threw exception: Your vendor has not defined Fcntl macro O_EXLOCK, used at (eval 14)[lib/Devel/Chitin/OpTree/LISTOP.pm:323] line 1.

*** in generate_flag_list(), O_SYMLINK threw exception: Bareword "O_SYMLINK" not allowed while "strict subs" in use at (eval 16)[lib/Devel/Chitin/OpTree/LISTOP.pm:323] line 1.

*** in generate_flag_list(), O_EVTONLY threw exception: Bareword "O_EVTONLY" not allowed while "strict subs" in use at (eval 17)[lib/Devel/Chitin/OpTree/LISTOP.pm:323] line 1.

*** in generate_flag_list(), O_CLOEXEC threw exception: Bareword "O_CLOEXEC" not allowed while "strict subs" in use at (eval 18)[lib/Devel/Chitin/OpTree/LISTOP.pm:323] line 1.

Attempt to free unreferenced scalar: SV 0x1240140, Perl interpreter: 0xc1b010 at lib/Devel/Chitin/OpTree/LISTOP.pm line 494.
Attempt to free unreferenced scalar: SV 0x10cc470, Perl interpreter: 0xc1b010 at lib/Devel/Chitin/OpTree/LISTOP.pm line 494.
Attempt to free unreferenced scalar: SV 0x10cc570, Perl interpreter: 0xc1b010 at lib/Devel/Chitin/OpTree/LISTOP.pm line 494.
Attempt to free unreferenced scalar: SV 0x10cc9a0, Perl interpreter: 0xc1b010 at lib/Devel/Chitin/OpTree/LISTOP.pm line 512.
Attempt to free unreferenced scalar: SV 0x10ccb00, Perl interpreter: 0xc1b010 at lib/Devel/Chitin/OpTree/LISTOP.pm line 512.
Attempt to free unreferenced scalar: SV 0x124cea0, Perl interpreter: 0xc1b010 at lib/Devel/Chitin/OpTree/LISTOP.pm line 512.
t/02-step.t ........................ ok
t/02-stepover-exception.t .......... ok
*** in generate_flag_list(), O_SHLOCK threw exception: Your vendor has not defined Fcntl macro O_SHLOCK, used at (eval 13) line 1.

*** in generate_flag_list(), O_EXLOCK threw exception: Your vendor has not defined Fcntl macro O_EXLOCK, used at (eval 14) line 1.

*** in generate_flag_list(), O_SYMLINK threw exception: Bareword "O_SYMLINK" not allowed while "strict subs" in use at (eval 16) line 1.

*** in generate_flag_list(), O_EVTONLY threw exception: Bareword "O_EVTONLY" not allowed while "strict subs" in use at (eval 17) line 1.

*** in generate_flag_list(), O_CLOEXEC threw exception: Bareword "O_CLOEXEC" not allowed while "strict subs" in use at (eval 18) line 1.

Attempt to free unreferenced scalar: SV 0x1552770, Perl interpreter: 0x11db010 at lib/Devel/Chitin/OpTree/LISTOP.pm line 494.
Attempt to free unreferenced scalar: SV 0x1552870, Perl interpreter: 0x11db010 at lib/Devel/Chitin/OpTree/LISTOP.pm line 494.
Attempt to free unreferenced scalar: SV 0x1552910, Perl interpreter: 0x11db010 at lib/Devel/Chitin/OpTree/LISTOP.pm line 494.
Attempt to free unreferenced scalar: SV 0x1552ce0, Perl interpreter: 0x11db010 at lib/Devel/Chitin/OpTree/LISTOP.pm line 512.
Attempt to free unreferenced scalar: SV 0x1552de0, Perl interpreter: 0x11db010 at lib/Devel/Chitin/OpTree/LISTOP.pm line 512.
Attempt to free unreferenced scalar: SV 0x1552e80, Perl interpreter: 0x11db010 at lib/Devel/Chitin/OpTree/LISTOP.pm line 512.
*** in generate_flag_list(), O_SHLOCK threw exception: Your vendor has not defined Fcntl macro O_SHLOCK, used at (eval 13)[lib/Devel/Chitin/OpTree/LISTOP.pm:323] line 1.

*** in generate_flag_list(), O_EXLOCK threw exception: Your vendor has not defined Fcntl macro O_EXLOCK, used at (eval 14)[lib/Devel/Chitin/OpTree/LISTOP.pm:323] line 1.

*** in generate_flag_list(), O_SYMLINK threw exception: Bareword "O_SYMLINK" not allowed while "strict subs" in use at (eval 16)[lib/Devel/Chitin/OpTree/LISTOP.pm:323] line 1.

*** in generate_flag_list(), O_EVTONLY threw exception: Bareword "O_EVTONLY" not allowed while "strict subs" in use at (eval 17)[lib/Devel/Chitin/OpTree/LISTOP.pm:323] line 1.

*** in generate_flag_list(), O_CLOEXEC threw exception: Bareword "O_CLOEXEC" not allowed while "strict subs" in use at (eval 18)[lib/Devel/Chitin/OpTree/LISTOP.pm:323] line 1.

Attempt to free unreferenced scalar: SV 0x1eea030, Perl interpreter: 0x18c3010 at lib/Devel/Chitin/OpTree/LISTOP.pm line 494.
Attempt to free unreferenced scalar: SV 0x1eea190, Perl interpreter: 0x18c3010 at lib/Devel/Chitin/OpTree/LISTOP.pm line 494.
Attempt to free unreferenced scalar: SV 0x1eea290, Perl interpreter: 0x18c3010 at lib/Devel/Chitin/OpTree/LISTOP.pm line 494.
Attempt to free unreferenced scalar: SV 0x1d75020, Perl interpreter: 0x18c3010 at lib/Devel/Chitin/OpTree/LISTOP.pm line 512.
Attempt to free unreferenced scalar: SV 0x1d75180, Perl interpreter: 0x18c3010 at lib/Devel/Chitin/OpTree/LISTOP.pm line 512.
Attempt to free unreferenced scalar: SV 0x1d75280, Perl interpreter: 0x18c3010 at lib/Devel/Chitin/OpTree/LISTOP.pm line 512.
t/02-stepout.t ..................... ok
*** in generate_flag_list(), O_SHLOCK threw exception: Your vendor has not defined Fcntl macro O_SHLOCK, used at (eval 13) line 1.

*** in generate_flag_list(), O_EXLOCK threw exception: Your vendor has not defined Fcntl macro O_EXLOCK, used at (eval 14) line 1.

*** in generate_flag_list(), O_SYMLINK threw exception: Bareword "O_SYMLINK" not allowed while "strict subs" in use at (eval 16) line 1.

*** in generate_flag_list(), O_EVTONLY threw exception: Bareword "O_EVTONLY" not allowed while "strict subs" in use at (eval 17) line 1.

*** in generate_flag_list(), O_CLOEXEC threw exception: Bareword "O_CLOEXEC" not allowed while "strict subs" in use at (eval 18) line 1.

Attempt to free unreferenced scalar: SV 0x1d7b000, Perl interpreter: 0x19d6010 at lib/Devel/Chitin/OpTree/LISTOP.pm line 494.
Attempt to free unreferenced scalar: SV 0x1d7b100, Perl interpreter: 0x19d6010 at lib/Devel/Chitin/OpTree/LISTOP.pm line 494.
Attempt to free unreferenced scalar: SV 0x1d7b1a0, Perl interpreter: 0x19d6010 at lib/Devel/Chitin/OpTree/LISTOP.pm line 494.
Attempt to free unreferenced scalar: SV 0x1d7b570, Perl interpreter: 0x19d6010 at lib/Devel/Chitin/OpTree/LISTOP.pm line 512.
Attempt to free unreferenced scalar: SV 0x1d7b670, Perl interpreter: 0x19d6010 at lib/Devel/Chitin/OpTree/LISTOP.pm line 512.
Attempt to free unreferenced scalar: SV 0x1dc0610, Perl interpreter: 0x19d6010 at lib/Devel/Chitin/OpTree/LISTOP.pm line 512.
*** in generate_flag_list(), O_SHLOCK threw exception: Your vendor has not defined Fcntl macro O_SHLOCK, used at (eval 13)[lib/Devel/Chitin/OpTree/LISTOP.pm:323] line 1.

*** in generate_flag_list(), O_EXLOCK threw exception: Your vendor has not defined Fcntl macro O_EXLOCK, used at (eval 14)[lib/Devel/Chitin/OpTree/LISTOP.pm:323] line 1.

*** in generate_flag_list(), O_SYMLINK threw exception: Bareword "O_SYMLINK" not allowed while "strict subs" in use at (eval 16)[lib/Devel/Chitin/OpTree/LISTOP.pm:323] line 1.

*** in generate_flag_list(), O_EVTONLY threw exception: Bareword "O_EVTONLY" not allowed while "strict subs" in use at (eval 17)[lib/Devel/Chitin/OpTree/LISTOP.pm:323] line 1.

*** in generate_flag_list(), O_CLOEXEC threw exception: Bareword "O_CLOEXEC" not allowed while "strict subs" in use at (eval 18)[lib/Devel/Chitin/OpTree/LISTOP.pm:323] line 1.

Attempt to free unreferenced scalar: SV 0x18d4020, Perl interpreter: 0x1420010 at lib/Devel/Chitin/OpTree/LISTOP.pm line 494.
Attempt to free unreferenced scalar: SV 0x18d4180, Perl interpreter: 0x1420010 at lib/Devel/Chitin/OpTree/LISTOP.pm line 494.
Attempt to free unreferenced scalar: SV 0x18d4280, Perl interpreter: 0x1420010 at lib/Devel/Chitin/OpTree/LISTOP.pm line 494.
Attempt to free unreferenced scalar: SV 0x1a4fef0, Perl interpreter: 0x1420010 at lib/Devel/Chitin/OpTree/LISTOP.pm line 512.
Attempt to free unreferenced scalar: SV 0x1a50050, Perl interpreter: 0x1420010 at lib/Devel/Chitin/OpTree/LISTOP.pm line 512.
Attempt to free unreferenced scalar: SV 0x1a50150, Perl interpreter: 0x1420010 at lib/Devel/Chitin/OpTree/LISTOP.pm line 512.
t/02-stepover-goto-sub.t ........... ok
t/02-stepover.t .................... ok
*** in generate_flag_list(), O_SHLOCK threw exception: Your vendor has not defined Fcntl macro O_SHLOCK, used at (eval 14)[lib/Devel/Chitin/OpTree/LISTOP.pm:323] line 1.

*** in generate_flag_list(), O_EXLOCK threw exception: Your vendor has not defined Fcntl macro O_EXLOCK, used at (eval 15)[lib/Devel/Chitin/OpTree/LISTOP.pm:323] line 1.

*** in generate_flag_list(), O_SYMLINK threw exception: Bareword "O_SYMLINK" not allowed while "strict subs" in use at (eval 17)[lib/Devel/Chitin/OpTree/LISTOP.pm:323] line 1.

*** in generate_flag_list(), O_EVTONLY threw exception: Bareword "O_EVTONLY" not allowed while "strict subs" in use at (eval 18)[lib/Devel/Chitin/OpTree/LISTOP.pm:323] line 1.

*** in generate_flag_list(), O_CLOEXEC threw exception: Bareword "O_CLOEXEC" not allowed while "strict subs" in use at (eval 19)[lib/Devel/Chitin/OpTree/LISTOP.pm:323] line 1.

Attempt to free unreferenced scalar: SV 0x24ac480, Perl interpreter: 0x1e86010 at lib/Devel/Chitin/OpTree/LISTOP.pm line 494.
Attempt to free unreferenced scalar: SV 0x24ac5e0, Perl interpreter: 0x1e86010 at lib/Devel/Chitin/OpTree/LISTOP.pm line 494.
Attempt to free unreferenced scalar: SV 0x24ac6e0, Perl interpreter: 0x1e86010 at lib/Devel/Chitin/OpTree/LISTOP.pm line 494.
Attempt to free unreferenced scalar: SV 0x23393f0, Perl interpreter: 0x1e86010 at lib/Devel/Chitin/OpTree/LISTOP.pm line 512.
Attempt to free unreferenced scalar: SV 0x2339550, Perl interpreter: 0x1e86010 at lib/Devel/Chitin/OpTree/LISTOP.pm line 512.
Attempt to free unreferenced scalar: SV 0x2339650, Perl interpreter: 0x1e86010 at lib/Devel/Chitin/OpTree/LISTOP.pm line 512.
*** in generate_flag_list(), O_SHLOCK threw exception: Your vendor has not defined Fcntl macro O_SHLOCK, used at (eval 13) line 1.

*** in generate_flag_list(), O_EXLOCK threw exception: Your vendor has not defined Fcntl macro O_EXLOCK, used at (eval 14) line 1.

*** in generate_flag_list(), O_SYMLINK threw exception: Bareword "O_SYMLINK" not allowed while "strict subs" in use at (eval 16) line 1.

*** in generate_flag_list(), O_EVTONLY threw exception: Bareword "O_EVTONLY" not allowed while "strict subs" in use at (eval 17) line 1.

*** in generate_flag_list(), O_CLOEXEC threw exception: Bareword "O_CLOEXEC" not allowed while "strict subs" in use at (eval 18) line 1.

Attempt to free unreferenced scalar: SV 0x1d3f7c0, Perl interpreter: 0x1981010 at lib/Devel/Chitin/OpTree/LISTOP.pm line 494.
Attempt to free unreferenced scalar: SV 0x1d3f8c0, Perl interpreter: 0x1981010 at lib/Devel/Chitin/OpTree/LISTOP.pm line 494.
Attempt to free unreferenced scalar: SV 0x1d3f960, Perl interpreter: 0x1981010 at lib/Devel/Chitin/OpTree/LISTOP.pm line 494.
Attempt to free unreferenced scalar: SV 0x1d3fd30, Perl interpreter: 0x1981010 at lib/Devel/Chitin/OpTree/LISTOP.pm line 512.
Attempt to free unreferenced scalar: SV 0x1d3fe30, Perl interpreter: 0x1981010 at lib/Devel/Chitin/OpTree/LISTOP.pm line 512.
Attempt to free unreferenced scalar: SV 0x1d3fed0, Perl interpreter: 0x1981010 at lib/Devel/Chitin/OpTree/LISTOP.pm line 512.
*** in generate_flag_list(), O_SHLOCK threw exception: Your vendor has not defined Fcntl macro O_SHLOCK, used at (eval 13)[lib/Devel/Chitin/OpTree/LISTOP.pm:323] line 1.

*** in generate_flag_list(), O_EXLOCK threw exception: Your vendor has not defined Fcntl macro O_EXLOCK, used at (eval 14)[lib/Devel/Chitin/OpTree/LISTOP.pm:323] line 1.

*** in generate_flag_list(), O_SYMLINK threw exception: Bareword "O_SYMLINK" not allowed while "strict subs" in use at (eval 16)[lib/Devel/Chitin/OpTree/LISTOP.pm:323] line 1.

*** in generate_flag_list(), O_EVTONLY threw exception: Bareword "O_EVTONLY" not allowed while "strict subs" in use at (eval 17)[lib/Devel/Chitin/OpTree/LISTOP.pm:323] line 1.

*** in generate_flag_list(), O_CLOEXEC threw exception: Bareword "O_CLOEXEC" not allowed while "strict subs" in use at (eval 18)[lib/Devel/Chitin/OpTree/LISTOP.pm:323] line 1.

Attempt to free unreferenced scalar: SV 0x256e150, Perl interpreter: 0x1f49010 at lib/Devel/Chitin/OpTree/LISTOP.pm line 494.
Attempt to free unreferenced scalar: SV 0x23fa480, Perl interpreter: 0x1f49010 at lib/Devel/Chitin/OpTree/LISTOP.pm line 494.
Attempt to free unreferenced scalar: SV 0x23fa580, Perl interpreter: 0x1f49010 at lib/Devel/Chitin/OpTree/LISTOP.pm line 494.
Attempt to free unreferenced scalar: SV 0x23fa9b0, Perl interpreter: 0x1f49010 at lib/Devel/Chitin/OpTree/LISTOP.pm line 512.
Attempt to free unreferenced scalar: SV 0x23fab10, Perl interpreter: 0x1f49010 at lib/Devel/Chitin/OpTree/LISTOP.pm line 512.
Attempt to free unreferenced scalar: SV 0x257aeb0, Perl interpreter: 0x1f49010 at lib/Devel/Chitin/OpTree/LISTOP.pm line 512.
*** in generate_flag_list(), O_SHLOCK threw exception: Your vendor has not defined Fcntl macro O_SHLOCK, used at (eval 13) line 1.

*** in generate_flag_list(), O_EXLOCK threw exception: Your vendor has not defined Fcntl macro O_EXLOCK, used at (eval 14) line 1.

*** in generate_flag_list(), O_SYMLINK threw exception: Bareword "O_SYMLINK" not allowed while "strict subs" in use at (eval 16) line 1.

*** in generate_flag_list(), O_EVTONLY threw exception: Bareword "O_EVTONLY" not allowed while "strict subs" in use at (eval 17) line 1.

*** in generate_flag_list(), O_CLOEXEC threw exception: Bareword "O_CLOEXEC" not allowed while "strict subs" in use at (eval 18) line 1.

Attempt to free unreferenced scalar: SV 0x12ec980, Perl interpreter: 0xf75010 at lib/Devel/Chitin/OpTree/LISTOP.pm line 494.
Attempt to free unreferenced scalar: SV 0x12eca80, Perl interpreter: 0xf75010 at lib/Devel/Chitin/OpTree/LISTOP.pm line 494.
Attempt to free unreferenced scalar: SV 0x12ecb20, Perl interpreter: 0xf75010 at lib/Devel/Chitin/OpTree/LISTOP.pm line 494.
Attempt to free unreferenced scalar: SV 0x12ecef0, Perl interpreter: 0xf75010 at lib/Devel/Chitin/OpTree/LISTOP.pm line 512.
Attempt to free unreferenced scalar: SV 0x12ecff0, Perl interpreter: 0xf75010 at lib/Devel/Chitin/OpTree/LISTOP.pm line 512.
Attempt to free unreferenced scalar: SV 0x12ed090, Perl interpreter: 0xf75010 at lib/Devel/Chitin/OpTree/LISTOP.pm line 512.
*** in generate_flag_list(), O_SHLOCK threw exception: Your vendor has not defined Fcntl macro O_SHLOCK, used at (eval 13)[lib/Devel/Chitin/OpTree/LISTOP.pm:323] line 1.

*** in generate_flag_list(), O_EXLOCK threw exception: Your vendor has not defined Fcntl macro O_EXLOCK, used at (eval 14)[lib/Devel/Chitin/OpTree/LISTOP.pm:323] line 1.

*** in generate_flag_list(), O_SYMLINK threw exception: Bareword "O_SYMLINK" not allowed while "strict subs" in use at (eval 16)[lib/Devel/Chitin/OpTree/LISTOP.pm:323] line 1.

*** in generate_flag_list(), O_EVTONLY threw exception: Bareword "O_EVTONLY" not allowed while "strict subs" in use at (eval 17)[lib/Devel/Chitin/OpTree/LISTOP.pm:323] line 1.

*** in generate_flag_list(), O_CLOEXEC threw exception: Bareword "O_CLOEXEC" not allowed while "strict subs" in use at (eval 18)[lib/Devel/Chitin/OpTree/LISTOP.pm:323] line 1.

Attempt to free unreferenced scalar: SV 0x1bed1b0, Perl interpreter: 0x15c6010 at lib/Devel/Chitin/OpTree/LISTOP.pm line 494.
Attempt to free unreferenced scalar: SV 0x1bed310, Perl interpreter: 0x15c6010 at lib/Devel/Chitin/OpTree/LISTOP.pm line 494.
Attempt to free unreferenced scalar: SV 0x1bed410, Perl interpreter: 0x15c6010 at lib/Devel/Chitin/OpTree/LISTOP.pm line 494.
Attempt to free unreferenced scalar: SV 0x1a78130, Perl interpreter: 0x15c6010 at lib/Devel/Chitin/OpTree/LISTOP.pm line 512.
Attempt to free unreferenced scalar: SV 0x1a78290, Perl interpreter: 0x15c6010 at lib/Devel/Chitin/OpTree/LISTOP.pm line 512.
Attempt to free unreferenced scalar: SV 0x1a78390, Perl interpreter: 0x15c6010 at lib/Devel/Chitin/OpTree/LISTOP.pm line 512.
*** in generate_flag_list(), O_SHLOCK threw exception: Your vendor has not defined Fcntl macro O_SHLOCK, used at (eval 13) line 1.

*** in generate_flag_list(), O_EXLOCK threw exception: Your vendor has not defined Fcntl macro O_EXLOCK, used at (eval 14) line 1.

*** in generate_flag_list(), O_SYMLINK threw exception: Bareword "O_SYMLINK" not allowed while "strict subs" in use at (eval 16) line 1.

*** in generate_flag_list(), O_EVTONLY threw exception: Bareword "O_EVTONLY" not allowed while "strict subs" in use at (eval 17) line 1.

*** in generate_flag_list(), O_CLOEXEC threw exception: Bareword "O_CLOEXEC" not allowed while "strict subs" in use at (eval 18) line 1.

Attempt to free unreferenced scalar: SV 0x1dec0c0, Perl interpreter: 0x1a74010 at lib/Devel/Chitin/OpTree/LISTOP.pm line 494.
Attempt to free unreferenced scalar: SV 0x1dec1c0, Perl interpreter: 0x1a74010 at lib/Devel/Chitin/OpTree/LISTOP.pm line 494.
Attempt to free unreferenced scalar: SV 0x1dec260, Perl interpreter: 0x1a74010 at lib/Devel/Chitin/OpTree/LISTOP.pm line 494.
Attempt to free unreferenced scalar: SV 0x1dec630, Perl interpreter: 0x1a74010 at lib/Devel/Chitin/OpTree/LISTOP.pm line 512.
Attempt to free unreferenced scalar: SV 0x1dec730, Perl interpreter: 0x1a74010 at lib/Devel/Chitin/OpTree/LISTOP.pm line 512.
Attempt to free unreferenced scalar: SV 0x1e5d330, Perl interpreter: 0x1a74010 at lib/Devel/Chitin/OpTree/LISTOP.pm line 512.
*** in generate_flag_list(), O_SHLOCK threw exception: Your vendor has not defined Fcntl macro O_SHLOCK, used at (eval 13)[lib/Devel/Chitin/OpTree/LISTOP.pm:323] line 1.

*** in generate_flag_list(), O_EXLOCK threw exception: Your vendor has not defined Fcntl macro O_EXLOCK, used at (eval 14)[lib/Devel/Chitin/OpTree/LISTOP.pm:323] line 1.

*** in generate_flag_list(), O_SYMLINK threw exception: Bareword "O_SYMLINK" not allowed while "strict subs" in use at (eval 16)[lib/Devel/Chitin/OpTree/LISTOP.pm:323] line 1.

*** in generate_flag_list(), O_EVTONLY threw exception: Bareword "O_EVTONLY" not allowed while "strict subs" in use at (eval 17)[lib/Devel/Chitin/OpTree/LISTOP.pm:323] line 1.

*** in generate_flag_list(), O_CLOEXEC threw exception: Bareword "O_CLOEXEC" not allowed while "strict subs" in use at (eval 18)[lib/Devel/Chitin/OpTree/LISTOP.pm:323] line 1.

Attempt to free unreferenced scalar: SV 0x110e580, Perl interpreter: 0xae7010 at lib/Devel/Chitin/OpTree/LISTOP.pm line 494.
Attempt to free unreferenced scalar: SV 0x110e6e0, Perl interpreter: 0xae7010 at lib/Devel/Chitin/OpTree/LISTOP.pm line 494.
Attempt to free unreferenced scalar: SV 0x110e7e0, Perl interpreter: 0xae7010 at lib/Devel/Chitin/OpTree/LISTOP.pm line 494.
Attempt to free unreferenced scalar: SV 0xf99440, Perl interpreter: 0xae7010 at lib/Devel/Chitin/OpTree/LISTOP.pm line 512.
Attempt to free unreferenced scalar: SV 0xf995a0, Perl interpreter: 0xae7010 at lib/Devel/Chitin/OpTree/LISTOP.pm line 512.
Attempt to free unreferenced scalar: SV 0xf996a0, Perl interpreter: 0xae7010 at lib/Devel/Chitin/OpTree/LISTOP.pm line 512.
*** in generate_flag_list(), O_SHLOCK threw exception: Your vendor has not defined Fcntl macro O_SHLOCK, used at (eval 13) line 1.

*** in generate_flag_list(), O_EXLOCK threw exception: Your vendor has not defined Fcntl macro O_EXLOCK, used at (eval 14) line 1.

*** in generate_flag_list(), O_SYMLINK threw exception: Bareword "O_SYMLINK" not allowed while "strict subs" in use at (eval 16) line 1.

*** in generate_flag_list(), O_EVTONLY threw exception: Bareword "O_EVTONLY" not allowed while "strict subs" in use at (eval 17) line 1.

*** in generate_flag_list(), O_CLOEXEC threw exception: Bareword "O_CLOEXEC" not allowed while "strict subs" in use at (eval 18) line 1.

Attempt to free unreferenced scalar: SV 0xa91130, Perl interpreter: 0x6ec010 at lib/Devel/Chitin/OpTree/LISTOP.pm line 494.
Attempt to free unreferenced scalar: SV 0xa91230, Perl interpreter: 0x6ec010 at lib/Devel/Chitin/OpTree/LISTOP.pm line 494.
Attempt to free unreferenced scalar: SV 0xa912d0, Perl interpreter: 0x6ec010 at lib/Devel/Chitin/OpTree/LISTOP.pm line 494.
Attempt to free unreferenced scalar: SV 0xa916a0, Perl interpreter: 0x6ec010 at lib/Devel/Chitin/OpTree/LISTOP.pm line 512.
Attempt to free unreferenced scalar: SV 0xa917a0, Perl interpreter: 0x6ec010 at lib/Devel/Chitin/OpTree/LISTOP.pm line 512.
Attempt to free unreferenced scalar: SV 0xad6750, Perl interpreter: 0x6ec010 at lib/Devel/Chitin/OpTree/LISTOP.pm line 512.
*** in generate_flag_list(), O_SHLOCK threw exception: Your vendor has not defined Fcntl macro O_SHLOCK, used at (eval 13)[lib/Devel/Chitin/OpTree/LISTOP.pm:323] line 1.

*** in generate_flag_list(), O_EXLOCK threw exception: Your vendor has not defined Fcntl macro O_EXLOCK, used at (eval 14)[lib/Devel/Chitin/OpTree/LISTOP.pm:323] line 1.

*** in generate_flag_list(), O_SYMLINK threw exception: Bareword "O_SYMLINK" not allowed while "strict subs" in use at (eval 16)[lib/Devel/Chitin/OpTree/LISTOP.pm:323] line 1.

*** in generate_flag_list(), O_EVTONLY threw exception: Bareword "O_EVTONLY" not allowed while "strict subs" in use at (eval 17)[lib/Devel/Chitin/OpTree/LISTOP.pm:323] line 1.

*** in generate_flag_list(), O_CLOEXEC threw exception: Bareword "O_CLOEXEC" not allowed while "strict subs" in use at (eval 18)[lib/Devel/Chitin/OpTree/LISTOP.pm:323] line 1.

Attempt to free unreferenced scalar: SV 0xb0f020, Perl interpreter: 0x65b010 at lib/Devel/Chitin/OpTree/LISTOP.pm line 494.
Attempt to free unreferenced scalar: SV 0xb0f180, Perl interpreter: 0x65b010 at lib/Devel/Chitin/OpTree/LISTOP.pm line 494.
Attempt to free unreferenced scalar: SV 0xb0f280, Perl interpreter: 0x65b010 at lib/Devel/Chitin/OpTree/LISTOP.pm line 494.
Attempt to free unreferenced scalar: SV 0xc8aef0, Perl interpreter: 0x65b010 at lib/Devel/Chitin/OpTree/LISTOP.pm line 512.
Attempt to free unreferenced scalar: SV 0xc8b050, Perl interpreter: 0x65b010 at lib/Devel/Chitin/OpTree/LISTOP.pm line 512.
Attempt to free unreferenced scalar: SV 0xc8b150, Perl interpreter: 0x65b010 at lib/Devel/Chitin/OpTree/LISTOP.pm line 512.
*** in generate_flag_list(), O_SHLOCK threw exception: Your vendor has not defined Fcntl macro O_SHLOCK, used at (eval 16) line 1.

*** in generate_flag_list(), O_EXLOCK threw exception: Your vendor has not defined Fcntl macro O_EXLOCK, used at (eval 17) line 1.

*** in generate_flag_list(), O_SYMLINK threw exception: Bareword "O_SYMLINK" not allowed while "strict subs" in use at (eval 19) line 1.

*** in generate_flag_list(), O_EVTONLY threw exception: Bareword "O_EVTONLY" not allowed while "strict subs" in use at (eval 20) line 1.

*** in generate_flag_list(), O_CLOEXEC threw exception: Bareword "O_CLOEXEC" not allowed while "strict subs" in use at (eval 21) line 1.

Attempt to free unreferenced scalar: SV 0x2451180, Perl interpreter: 0x1f4c010 at /home/njh/.cpan/build/Devel-Chitin-0.07-haZY39/blib/lib/Devel/Chitin/OpTree/LISTOP.pm line 494.
Attempt to free unreferenced scalar: SV 0x2451280, Perl interpreter: 0x1f4c010 at /home/njh/.cpan/build/Devel-Chitin-0.07-haZY39/blib/lib/Devel/Chitin/OpTree/LISTOP.pm line 494.
Attempt to free unreferenced scalar: SV 0x2451320, Perl interpreter: 0x1f4c010 at /home/njh/.cpan/build/Devel-Chitin-0.07-haZY39/blib/lib/Devel/Chitin/OpTree/LISTOP.pm line 494.
Attempt to free unreferenced scalar: SV 0x2591950, Perl interpreter: 0x1f4c010 at /home/njh/.cpan/build/Devel-Chitin-0.07-haZY39/blib/lib/Devel/Chitin/OpTree/LISTOP.pm line 512.
Attempt to free unreferenced scalar: SV 0x2591a50, Perl interpreter: 0x1f4c010 at /home/njh/.cpan/build/Devel-Chitin-0.07-haZY39/blib/lib/Devel/Chitin/OpTree/LISTOP.pm line 512.
Attempt to free unreferenced scalar: SV 0x2591af0, Perl interpreter: 0x1f4c010 at /home/njh/.cpan/build/Devel-Chitin-0.07-haZY39/blib/lib/Devel/Chitin/OpTree/LISTOP.pm line 512.
t/01-attach-detach.t ............... ok
*** in generate_flag_list(), O_SHLOCK threw exception: Your vendor has not defined Fcntl macro O_SHLOCK, used at (eval 13) line 1.

*** in generate_flag_list(), O_EXLOCK threw exception: Your vendor has not defined Fcntl macro O_EXLOCK, used at (eval 14) line 1.

*** in generate_flag_list(), O_SYMLINK threw exception: Bareword "O_SYMLINK" not allowed while "strict subs" in use at (eval 16) line 1.

*** in generate_flag_list(), O_EVTONLY threw exception: Bareword "O_EVTONLY" not allowed while "strict subs" in use at (eval 17) line 1.

*** in generate_flag_list(), O_CLOEXEC threw exception: Bareword "O_CLOEXEC" not allowed while "strict subs" in use at (eval 18) line 1.

Attempt to free unreferenced scalar: SV 0xe58b90, Perl interpreter: 0xae1010 at lib/Devel/Chitin/OpTree/LISTOP.pm line 494.
Attempt to free unreferenced scalar: SV 0xe58c90, Perl interpreter: 0xae1010 at lib/Devel/Chitin/OpTree/LISTOP.pm line 494.
Attempt to free unreferenced scalar: SV 0xe58d30, Perl interpreter: 0xae1010 at lib/Devel/Chitin/OpTree/LISTOP.pm line 494.
Attempt to free unreferenced scalar: SV 0xe59100, Perl interpreter: 0xae1010 at lib/Devel/Chitin/OpTree/LISTOP.pm line 512.
Attempt to free unreferenced scalar: SV 0xe59200, Perl interpreter: 0xae1010 at lib/Devel/Chitin/OpTree/LISTOP.pm line 512.
Attempt to free unreferenced scalar: SV 0xe592a0, Perl interpreter: 0xae1010 at lib/Devel/Chitin/OpTree/LISTOP.pm line 512.
*** in generate_flag_list(), O_SHLOCK threw exception: Your vendor has not defined Fcntl macro O_SHLOCK, used at (eval 13)[lib/Devel/Chitin/OpTree/LISTOP.pm:323] line 1.

*** in generate_flag_list(), O_EXLOCK threw exception: Your vendor has not defined Fcntl macro O_EXLOCK, used at (eval 14)[lib/Devel/Chitin/OpTree/LISTOP.pm:323] line 1.

*** in generate_flag_list(), O_SYMLINK threw exception: Bareword "O_SYMLINK" not allowed while "strict subs" in use at (eval 16)[lib/Devel/Chitin/OpTree/LISTOP.pm:323] line 1.

*** in generate_flag_list(), O_EVTONLY threw exception: Bareword "O_EVTONLY" not allowed while "strict subs" in use at (eval 17)[lib/Devel/Chitin/OpTree/LISTOP.pm:323] line 1.

*** in generate_flag_list(), O_CLOEXEC threw exception: Bareword "O_CLOEXEC" not allowed while "strict subs" in use at (eval 18)[lib/Devel/Chitin/OpTree/LISTOP.pm:323] line 1.

Attempt to free unreferenced scalar: SV 0x105c480, Perl interpreter: 0xa35010 at lib/Devel/Chitin/OpTree/LISTOP.pm line 494.
Attempt to free unreferenced scalar: SV 0x105c5e0, Perl interpreter: 0xa35010 at lib/Devel/Chitin/OpTree/LISTOP.pm line 494.
Attempt to free unreferenced scalar: SV 0x105c6e0, Perl interpreter: 0xa35010 at lib/Devel/Chitin/OpTree/LISTOP.pm line 494.
Attempt to free unreferenced scalar: SV 0xee9480, Perl interpreter: 0xa35010 at lib/Devel/Chitin/OpTree/LISTOP.pm line 512.
Attempt to free unreferenced scalar: SV 0xee95e0, Perl interpreter: 0xa35010 at lib/Devel/Chitin/OpTree/LISTOP.pm line 512.
Attempt to free unreferenced scalar: SV 0xee96e0, Perl interpreter: 0xa35010 at lib/Devel/Chitin/OpTree/LISTOP.pm line 512.
t/04-change-breakpoint-code.t ...... ok
t/03-continue-end.t ................ ok
t/04-breakpoint-once.t ............. ok
t/04-conditional-breakpoint.t ...... ok
*** in generate_flag_list(), O_SHLOCK threw exception: Your vendor has not defined Fcntl macro O_SHLOCK, used at (eval 13) line 1.

*** in generate_flag_list(), O_EXLOCK threw exception: Your vendor has not defined Fcntl macro O_EXLOCK, used at (eval 14) line 1.

*** in generate_flag_list(), O_SYMLINK threw exception: Bareword "O_SYMLINK" not allowed while "strict subs" in use at (eval 16) line 1.

*** in generate_flag_list(), O_EVTONLY threw exception: Bareword "O_EVTONLY" not allowed while "strict subs" in use at (eval 17) line 1.

*** in generate_flag_list(), O_CLOEXEC threw exception: Bareword "O_CLOEXEC" not allowed while "strict subs" in use at (eval 18) line 1.

Attempt to free unreferenced scalar: SV 0x142f590, Perl interpreter: 0x1088010 at lib/Devel/Chitin/OpTree/LISTOP.pm line 494.
Attempt to free unreferenced scalar: SV 0x142f690, Perl interpreter: 0x1088010 at lib/Devel/Chitin/OpTree/LISTOP.pm line 494.
Attempt to free unreferenced scalar: SV 0x142f730, Perl interpreter: 0x1088010 at lib/Devel/Chitin/OpTree/LISTOP.pm line 494.
Attempt to free unreferenced scalar: SV 0x142fb00, Perl interpreter: 0x1088010 at lib/Devel/Chitin/OpTree/LISTOP.pm line 512.
Attempt to free unreferenced scalar: SV 0x1472ad0, Perl interpreter: 0x1088010 at lib/Devel/Chitin/OpTree/LISTOP.pm line 512.
Attempt to free unreferenced scalar: SV 0x1472b70, Perl interpreter: 0x1088010 at lib/Devel/Chitin/OpTree/LISTOP.pm line 512.
*** in generate_flag_list(), O_SHLOCK threw exception: Your vendor has not defined Fcntl macro O_SHLOCK, used at (eval 13)[lib/Devel/Chitin/OpTree/LISTOP.pm:323] line 1.

*** in generate_flag_list(), O_EXLOCK threw exception: Your vendor has not defined Fcntl macro O_EXLOCK, used at (eval 14)[lib/Devel/Chitin/OpTree/LISTOP.pm:323] line 1.

*** in generate_flag_list(), O_SYMLINK threw exception: Bareword "O_SYMLINK" not allowed while "strict subs" in use at (eval 16)[lib/Devel/Chitin/OpTree/LISTOP.pm:323] line 1.

*** in generate_flag_list(), O_EVTONLY threw exception: Bareword "O_EVTONLY" not allowed while "strict subs" in use at (eval 17)[lib/Devel/Chitin/OpTree/LISTOP.pm:323] line 1.

*** in generate_flag_list(), O_CLOEXEC threw exception: Bareword "O_CLOEXEC" not allowed while "strict subs" in use at (eval 18)[lib/Devel/Chitin/OpTree/LISTOP.pm:323] line 1.

Attempt to free unreferenced scalar: SV 0x21eb4b0, Perl interpreter: 0x1d37010 at lib/Devel/Chitin/OpTree/LISTOP.pm line 494.
Attempt to free unreferenced scalar: SV 0x21eb610, Perl interpreter: 0x1d37010 at lib/Devel/Chitin/OpTree/LISTOP.pm line 494.
Attempt to free unreferenced scalar: SV 0x21eb710, Perl interpreter: 0x1d37010 at lib/Devel/Chitin/OpTree/LISTOP.pm line 494.
Attempt to free unreferenced scalar: SV 0x2367360, Perl interpreter: 0x1d37010 at lib/Devel/Chitin/OpTree/LISTOP.pm line 512.
Attempt to free unreferenced scalar: SV 0x23674c0, Perl interpreter: 0x1d37010 at lib/Devel/Chitin/OpTree/LISTOP.pm line 512.
Attempt to free unreferenced scalar: SV 0x23675c0, Perl interpreter: 0x1d37010 at lib/Devel/Chitin/OpTree/LISTOP.pm line 512.
t/05-location-callsite.t ........... ok
t/04-delete-breakpoint.t ........... ok
t/04-breakpoint.t .................. ok
*** in generate_flag_list(), O_SHLOCK threw exception: Your vendor has not defined Fcntl macro O_SHLOCK, used at (eval 13) line 1.

*** in generate_flag_list(), O_EXLOCK threw exception: Your vendor has not defined Fcntl macro O_EXLOCK, used at (eval 14) line 1.

*** in generate_flag_list(), O_SYMLINK threw exception: Bareword "O_SYMLINK" not allowed while "strict subs" in use at (eval 16) line 1.

*** in generate_flag_list(), O_EVTONLY threw exception: Bareword "O_EVTONLY" not allowed while "strict subs" in use at (eval 17) line 1.

*** in generate_flag_list(), O_CLOEXEC threw exception: Bareword "O_CLOEXEC" not allowed while "strict subs" in use at (eval 18) line 1.

Attempt to free unreferenced scalar: SV 0x2595a00, Perl interpreter: 0x221e010 at lib/Devel/Chitin/OpTree/LISTOP.pm line 494.
Attempt to free unreferenced scalar: SV 0x2595b00, Perl interpreter: 0x221e010 at lib/Devel/Chitin/OpTree/LISTOP.pm line 494.
Attempt to free unreferenced scalar: SV 0x2595ba0, Perl interpreter: 0x221e010 at lib/Devel/Chitin/OpTree/LISTOP.pm line 494.
Attempt to free unreferenced scalar: SV 0x2595f70, Perl interpreter: 0x221e010 at lib/Devel/Chitin/OpTree/LISTOP.pm line 512.
Attempt to free unreferenced scalar: SV 0x2596070, Perl interpreter: 0x221e010 at lib/Devel/Chitin/OpTree/LISTOP.pm line 512.
Attempt to free unreferenced scalar: SV 0x2596110, Perl interpreter: 0x221e010 at lib/Devel/Chitin/OpTree/LISTOP.pm line 512.
*** in generate_flag_list(), O_SHLOCK threw exception: Your vendor has not defined Fcntl macro O_SHLOCK, used at (eval 13)[lib/Devel/Chitin/OpTree/LISTOP.pm:323] line 1.

*** in generate_flag_list(), O_EXLOCK threw exception: Your vendor has not defined Fcntl macro O_EXLOCK, used at (eval 14)[lib/Devel/Chitin/OpTree/LISTOP.pm:323] line 1.

*** in generate_flag_list(), O_SYMLINK threw exception: Bareword "O_SYMLINK" not allowed while "strict subs" in use at (eval 16)[lib/Devel/Chitin/OpTree/LISTOP.pm:323] line 1.

*** in generate_flag_list(), O_EVTONLY threw exception: Bareword "O_EVTONLY" not allowed while "strict subs" in use at (eval 17)[lib/Devel/Chitin/OpTree/LISTOP.pm:323] line 1.

*** in generate_flag_list(), O_CLOEXEC threw exception: Bareword "O_CLOEXEC" not allowed while "strict subs" in use at (eval 18)[lib/Devel/Chitin/OpTree/LISTOP.pm:323] line 1.

Attempt to free unreferenced scalar: SV 0x2a14410, Perl interpreter: 0x23ed010 at lib/Devel/Chitin/OpTree/LISTOP.pm line 494.
Attempt to free unreferenced scalar: SV 0x2a14570, Perl interpreter: 0x23ed010 at lib/Devel/Chitin/OpTree/LISTOP.pm line 494.
Attempt to free unreferenced scalar: SV 0x2a14670, Perl interpreter: 0x23ed010 at lib/Devel/Chitin/OpTree/LISTOP.pm line 494.
Attempt to free unreferenced scalar: SV 0x28a1400, Perl interpreter: 0x23ed010 at lib/Devel/Chitin/OpTree/LISTOP.pm line 512.
Attempt to free unreferenced scalar: SV 0x28a1560, Perl interpreter: 0x23ed010 at lib/Devel/Chitin/OpTree/LISTOP.pm line 512.
Attempt to free unreferenced scalar: SV 0x28a1660, Perl interpreter: 0x23ed010 at lib/Devel/Chitin/OpTree/LISTOP.pm line 512.
*** in generate_flag_list(), O_SHLOCK threw exception: Your vendor has not defined Fcntl macro O_SHLOCK, used at (eval 13) line 1.

*** in generate_flag_list(), O_EXLOCK threw exception: Your vendor has not defined Fcntl macro O_EXLOCK, used at (eval 14) line 1.

*** in generate_flag_list(), O_SYMLINK threw exception: Bareword "O_SYMLINK" not allowed while "strict subs" in use at (eval 16) line 1.

*** in generate_flag_list(), O_EVTONLY threw exception: Bareword "O_EVTONLY" not allowed while "strict subs" in use at (eval 17) line 1.

*** in generate_flag_list(), O_CLOEXEC threw exception: Bareword "O_CLOEXEC" not allowed while "strict subs" in use at (eval 18) line 1.

Attempt to free unreferenced scalar: SV 0x18677f0, Perl interpreter: 0x14f0010 at lib/Devel/Chitin/OpTree/LISTOP.pm line 494.
Attempt to free unreferenced scalar: SV 0x18678f0, Perl interpreter: 0x14f0010 at lib/Devel/Chitin/OpTree/LISTOP.pm line 494.
Attempt to free unreferenced scalar: SV 0x1867990, Perl interpreter: 0x14f0010 at lib/Devel/Chitin/OpTree/LISTOP.pm line 494.
Attempt to free unreferenced scalar: SV 0x1867d60, Perl interpreter: 0x14f0010 at lib/Devel/Chitin/OpTree/LISTOP.pm line 512.
Attempt to free unreferenced scalar: SV 0x1867e60, Perl interpreter: 0x14f0010 at lib/Devel/Chitin/OpTree/LISTOP.pm line 512.
Attempt to free unreferenced scalar: SV 0x1867f00, Perl interpreter: 0x14f0010 at lib/Devel/Chitin/OpTree/LISTOP.pm line 512.
*** in generate_flag_list(), O_SHLOCK threw exception: Your vendor has not defined Fcntl macro O_SHLOCK, used at (eval 13)[lib/Devel/Chitin/OpTree/LISTOP.pm:323] line 1.

*** in generate_flag_list(), O_EXLOCK threw exception: Your vendor has not defined Fcntl macro O_EXLOCK, used at (eval 14)[lib/Devel/Chitin/OpTree/LISTOP.pm:323] line 1.

*** in generate_flag_list(), O_SYMLINK threw exception: Bareword "O_SYMLINK" not allowed while "strict subs" in use at (eval 16)[lib/Devel/Chitin/OpTree/LISTOP.pm:323] line 1.

*** in generate_flag_list(), O_EVTONLY threw exception: Bareword "O_EVTONLY" not allowed while "strict subs" in use at (eval 17)[lib/Devel/Chitin/OpTree/LISTOP.pm:323] line 1.

*** in generate_flag_list(), O_CLOEXEC threw exception: Bareword "O_CLOEXEC" not allowed while "strict subs" in use at (eval 18)[lib/Devel/Chitin/OpTree/LISTOP.pm:323] line 1.

Attempt to free unreferenced scalar: SV 0xd58fd0, Perl interpreter: 0x732010 at lib/Devel/Chitin/OpTree/LISTOP.pm line 494.
Attempt to free unreferenced scalar: SV 0xd59130, Perl interpreter: 0x732010 at lib/Devel/Chitin/OpTree/LISTOP.pm line 494.
Attempt to free unreferenced scalar: SV 0xd59230, Perl interpreter: 0x732010 at lib/Devel/Chitin/OpTree/LISTOP.pm line 494.
Attempt to free unreferenced scalar: SV 0xbe3fc0, Perl interpreter: 0x732010 at lib/Devel/Chitin/OpTree/LISTOP.pm line 512.
Attempt to free unreferenced scalar: SV 0xbe4120, Perl interpreter: 0x732010 at lib/Devel/Chitin/OpTree/LISTOP.pm line 512.
Attempt to free unreferenced scalar: SV 0xbe4220, Perl interpreter: 0x732010 at lib/Devel/Chitin/OpTree/LISTOP.pm line 512.
*** in generate_flag_list(), O_SHLOCK threw exception: Your vendor has not defined Fcntl macro O_SHLOCK, used at (eval 13) line 1.

*** in generate_flag_list(), O_EXLOCK threw exception: Your vendor has not defined Fcntl macro O_EXLOCK, used at (eval 14) line 1.

*** in generate_flag_list(), O_SYMLINK threw exception: Bareword "O_SYMLINK" not allowed while "strict subs" in use at (eval 16) line 1.

*** in generate_flag_list(), O_EVTONLY threw exception: Bareword "O_EVTONLY" not allowed while "strict subs" in use at (eval 17) line 1.

*** in generate_flag_list(), O_CLOEXEC threw exception: Bareword "O_CLOEXEC" not allowed while "strict subs" in use at (eval 18) line 1.

Attempt to free unreferenced scalar: SV 0x19bb800, Perl interpreter: 0x1481010 at lib/Devel/Chitin/OpTree/LISTOP.pm line 494.
Attempt to free unreferenced scalar: SV 0x19bb900, Perl interpreter: 0x1481010 at lib/Devel/Chitin/OpTree/LISTOP.pm line 494.
Attempt to free unreferenced scalar: SV 0x19bb9a0, Perl interpreter: 0x1481010 at lib/Devel/Chitin/OpTree/LISTOP.pm line 494.
Attempt to free unreferenced scalar: SV 0x19bbd70, Perl interpreter: 0x1481010 at lib/Devel/Chitin/OpTree/LISTOP.pm line 512.
Attempt to free unreferenced scalar: SV 0x19bbe70, Perl interpreter: 0x1481010 at lib/Devel/Chitin/OpTree/LISTOP.pm line 512.
Attempt to free unreferenced scalar: SV 0x19bbf10, Perl interpreter: 0x1481010 at lib/Devel/Chitin/OpTree/LISTOP.pm line 512.
*** in generate_flag_list(), O_SHLOCK threw exception: Your vendor has not defined Fcntl macro O_SHLOCK, used at (eval 13)[lib/Devel/Chitin/OpTree/LISTOP.pm:323] line 1.

*** in generate_flag_list(), O_EXLOCK threw exception: Your vendor has not defined Fcntl macro O_EXLOCK, used at (eval 14)[lib/Devel/Chitin/OpTree/LISTOP.pm:323] line 1.

*** in generate_flag_list(), O_SYMLINK threw exception: Bareword "O_SYMLINK" not allowed while "strict subs" in use at (eval 16)[lib/Devel/Chitin/OpTree/LISTOP.pm:323] line 1.

*** in generate_flag_list(), O_EVTONLY threw exception: Bareword "O_EVTONLY" not allowed while "strict subs" in use at (eval 17)[lib/Devel/Chitin/OpTree/LISTOP.pm:323] line 1.

*** in generate_flag_list(), O_CLOEXEC threw exception: Bareword "O_CLOEXEC" not allowed while "strict subs" in use at (eval 18)[lib/Devel/Chitin/OpTree/LISTOP.pm:323] line 1.

Attempt to free unreferenced scalar: SV 0x192a140, Perl interpreter: 0x1305010 at lib/Devel/Chitin/OpTree/LISTOP.pm line 494.
Attempt to free unreferenced scalar: SV 0x17b6470, Perl interpreter: 0x1305010 at lib/Devel/Chitin/OpTree/LISTOP.pm line 494.
Attempt to free unreferenced scalar: SV 0x17b6570, Perl interpreter: 0x1305010 at lib/Devel/Chitin/OpTree/LISTOP.pm line 494.
Attempt to free unreferenced scalar: SV 0x17b69a0, Perl interpreter: 0x1305010 at lib/Devel/Chitin/OpTree/LISTOP.pm line 512.
Attempt to free unreferenced scalar: SV 0x17b6b00, Perl interpreter: 0x1305010 at lib/Devel/Chitin/OpTree/LISTOP.pm line 512.
Attempt to free unreferenced scalar: SV 0x1936ea0, Perl interpreter: 0x1305010 at lib/Devel/Chitin/OpTree/LISTOP.pm line 512.
*** in generate_flag_list(), O_SHLOCK threw exception: Your vendor has not defined Fcntl macro O_SHLOCK, used at (eval 13) line 1.

*** in generate_flag_list(), O_EXLOCK threw exception: Your vendor has not defined Fcntl macro O_EXLOCK, used at (eval 14) line 1.

*** in generate_flag_list(), O_SYMLINK threw exception: Bareword "O_SYMLINK" not allowed while "strict subs" in use at (eval 16) line 1.

*** in generate_flag_list(), O_EVTONLY threw exception: Bareword "O_EVTONLY" not allowed while "strict subs" in use at (eval 17) line 1.

*** in generate_flag_list(), O_CLOEXEC threw exception: Bareword "O_CLOEXEC" not allowed while "strict subs" in use at (eval 18) line 1.

Attempt to free unreferenced scalar: SV 0x1bba510, Perl interpreter: 0x1680010 at lib/Devel/Chitin/OpTree/LISTOP.pm line 494.
Attempt to free unreferenced scalar: SV 0x1bba610, Perl interpreter: 0x1680010 at lib/Devel/Chitin/OpTree/LISTOP.pm line 494.
Attempt to free unreferenced scalar: SV 0x1bba6b0, Perl interpreter: 0x1680010 at lib/Devel/Chitin/OpTree/LISTOP.pm line 494.
Attempt to free unreferenced scalar: SV 0x1bbaa80, Perl interpreter: 0x1680010 at lib/Devel/Chitin/OpTree/LISTOP.pm line 512.
Attempt to free unreferenced scalar: SV 0x1bbab80, Perl interpreter: 0x1680010 at lib/Devel/Chitin/OpTree/LISTOP.pm line 512.
Attempt to free unreferenced scalar: SV 0x1bbac20, Perl interpreter: 0x1680010 at lib/Devel/Chitin/OpTree/LISTOP.pm line 512.
*** in generate_flag_list(), O_SHLOCK threw exception: Your vendor has not defined Fcntl macro O_SHLOCK, used at (eval 13)[lib/Devel/Chitin/OpTree/LISTOP.pm:323] line 1.

*** in generate_flag_list(), O_EXLOCK threw exception: Your vendor has not defined Fcntl macro O_EXLOCK, used at (eval 14)[lib/Devel/Chitin/OpTree/LISTOP.pm:323] line 1.

*** in generate_flag_list(), O_SYMLINK threw exception: Bareword "O_SYMLINK" not allowed while "strict subs" in use at (eval 16)[lib/Devel/Chitin/OpTree/LISTOP.pm:323] line 1.

*** in generate_flag_list(), O_EVTONLY threw exception: Bareword "O_EVTONLY" not allowed while "strict subs" in use at (eval 17)[lib/Devel/Chitin/OpTree/LISTOP.pm:323] line 1.

*** in generate_flag_list(), O_CLOEXEC threw exception: Bareword "O_CLOEXEC" not allowed while "strict subs" in use at (eval 18)[lib/Devel/Chitin/OpTree/LISTOP.pm:323] line 1.

Attempt to free unreferenced scalar: SV 0x14a4060, Perl interpreter: 0xff0010 at lib/Devel/Chitin/OpTree/LISTOP.pm line 494.
Attempt to free unreferenced scalar: SV 0x14a41c0, Perl interpreter: 0xff0010 at lib/Devel/Chitin/OpTree/LISTOP.pm line 494.
Attempt to free unreferenced scalar: SV 0x14a42c0, Perl interpreter: 0xff0010 at lib/Devel/Chitin/OpTree/LISTOP.pm line 494.
Attempt to free unreferenced scalar: SV 0x161ff20, Perl interpreter: 0xff0010 at lib/Devel/Chitin/OpTree/LISTOP.pm line 512.
Attempt to free unreferenced scalar: SV 0x1620080, Perl interpreter: 0xff0010 at lib/Devel/Chitin/OpTree/LISTOP.pm line 512.
Attempt to free unreferenced scalar: SV 0x1620180, Perl interpreter: 0xff0010 at lib/Devel/Chitin/OpTree/LISTOP.pm line 512.
t/06-action.t ...................... ok
*** in generate_flag_list(), O_SHLOCK threw exception: Your vendor has not defined Fcntl macro O_SHLOCK, used at (eval 13) line 1.

*** in generate_flag_list(), O_EXLOCK threw exception: Your vendor has not defined Fcntl macro O_EXLOCK, used at (eval 14) line 1.

*** in generate_flag_list(), O_SYMLINK threw exception: Bareword "O_SYMLINK" not allowed while "strict subs" in use at (eval 16) line 1.

*** in generate_flag_list(), O_EVTONLY threw exception: Bareword "O_EVTONLY" not allowed while "strict subs" in use at (eval 17) line 1.

*** in generate_flag_list(), O_CLOEXEC threw exception: Bareword "O_CLOEXEC" not allowed while "strict subs" in use at (eval 18) line 1.

Attempt to free unreferenced scalar: SV 0x17b4000, Perl interpreter: 0x13f6010 at lib/Devel/Chitin/OpTree/LISTOP.pm line 494.
Attempt to free unreferenced scalar: SV 0x17b4100, Perl interpreter: 0x13f6010 at lib/Devel/Chitin/OpTree/LISTOP.pm line 494.
Attempt to free unreferenced scalar: SV 0x17b41a0, Perl interpreter: 0x13f6010 at lib/Devel/Chitin/OpTree/LISTOP.pm line 494.
Attempt to free unreferenced scalar: SV 0x17b4570, Perl interpreter: 0x13f6010 at lib/Devel/Chitin/OpTree/LISTOP.pm line 512.
Attempt to free unreferenced scalar: SV 0x17de5e0, Perl interpreter: 0x13f6010 at lib/Devel/Chitin/OpTree/LISTOP.pm line 512.
Attempt to free unreferenced scalar: SV 0x17de680, Perl interpreter: 0x13f6010 at lib/Devel/Chitin/OpTree/LISTOP.pm line 512.
*** in generate_flag_list(), O_SHLOCK threw exception: Your vendor has not defined Fcntl macro O_SHLOCK, used at (eval 13)[lib/Devel/Chitin/OpTree/LISTOP.pm:323] line 1.

*** in generate_flag_list(), O_EXLOCK threw exception: Your vendor has not defined Fcntl macro O_EXLOCK, used at (eval 14)[lib/Devel/Chitin/OpTree/LISTOP.pm:323] line 1.

*** in generate_flag_list(), O_SYMLINK threw exception: Bareword "O_SYMLINK" not allowed while "strict subs" in use at (eval 16)[lib/Devel/Chitin/OpTree/LISTOP.pm:323] line 1.

*** in generate_flag_list(), O_EVTONLY threw exception: Bareword "O_EVTONLY" not allowed while "strict subs" in use at (eval 17)[lib/Devel/Chitin/OpTree/LISTOP.pm:323] line 1.

*** in generate_flag_list(), O_CLOEXEC threw exception: Bareword "O_CLOEXEC" not allowed while "strict subs" in use at (eval 18)[lib/Devel/Chitin/OpTree/LISTOP.pm:323] line 1.

Attempt to free unreferenced scalar: SV 0x28c0ce0, Perl interpreter: 0x229a010 at lib/Devel/Chitin/OpTree/LISTOP.pm line 494.
Attempt to free unreferenced scalar: SV 0x28c0e40, Perl interpreter: 0x229a010 at lib/Devel/Chitin/OpTree/LISTOP.pm line 494.
Attempt to free unreferenced scalar: SV 0x28c0f40, Perl interpreter: 0x229a010 at lib/Devel/Chitin/OpTree/LISTOP.pm line 494.
Attempt to free unreferenced scalar: SV 0x274a880, Perl interpreter: 0x229a010 at lib/Devel/Chitin/OpTree/LISTOP.pm line 512.
Attempt to free unreferenced scalar: SV 0x274a9e0, Perl interpreter: 0x229a010 at lib/Devel/Chitin/OpTree/LISTOP.pm line 512.
Attempt to free unreferenced scalar: SV 0x274aae0, Perl interpreter: 0x229a010 at lib/Devel/Chitin/OpTree/LISTOP.pm line 512.
t/05-location.t .................... ok
*** in generate_flag_list(), O_SHLOCK threw exception: Your vendor has not defined Fcntl macro O_SHLOCK, used at (eval 13) line 1.

*** in generate_flag_list(), O_EXLOCK threw exception: Your vendor has not defined Fcntl macro O_EXLOCK, used at (eval 14) line 1.

*** in generate_flag_list(), O_SYMLINK threw exception: Bareword "O_SYMLINK" not allowed while "strict subs" in use at (eval 16) line 1.

*** in generate_flag_list(), O_EVTONLY threw exception: Bareword "O_EVTONLY" not allowed while "strict subs" in use at (eval 17) line 1.

*** in generate_flag_list(), O_CLOEXEC threw exception: Bareword "O_CLOEXEC" not allowed while "strict subs" in use at (eval 18) line 1.

Attempt to free unreferenced scalar: SV 0x1e0c220, Perl interpreter: 0x1a65010 at lib/Devel/Chitin/OpTree/LISTOP.pm line 494.
Attempt to free unreferenced scalar: SV 0x1e0c320, Perl interpreter: 0x1a65010 at lib/Devel/Chitin/OpTree/LISTOP.pm line 494.
Attempt to free unreferenced scalar: SV 0x1e0c3c0, Perl interpreter: 0x1a65010 at lib/Devel/Chitin/OpTree/LISTOP.pm line 494.
Attempt to free unreferenced scalar: SV 0x1e0c790, Perl interpreter: 0x1a65010 at lib/Devel/Chitin/OpTree/LISTOP.pm line 512.
Attempt to free unreferenced scalar: SV 0x1e4f750, Perl interpreter: 0x1a65010 at lib/Devel/Chitin/OpTree/LISTOP.pm line 512.
Attempt to free unreferenced scalar: SV 0x1e4f7f0, Perl interpreter: 0x1a65010 at lib/Devel/Chitin/OpTree/LISTOP.pm line 512.
*** in generate_flag_list(), O_SHLOCK threw exception: Your vendor has not defined Fcntl macro O_SHLOCK, used at (eval 13)[lib/Devel/Chitin/OpTree/LISTOP.pm:323] line 1.

*** in generate_flag_list(), O_EXLOCK threw exception: Your vendor has not defined Fcntl macro O_EXLOCK, used at (eval 14)[lib/Devel/Chitin/OpTree/LISTOP.pm:323] line 1.

*** in generate_flag_list(), O_SYMLINK threw exception: Bareword "O_SYMLINK" not allowed while "strict subs" in use at (eval 16)[lib/Devel/Chitin/OpTree/LISTOP.pm:323] line 1.

*** in generate_flag_list(), O_EVTONLY threw exception: Bareword "O_EVTONLY" not allowed while "strict subs" in use at (eval 17)[lib/Devel/Chitin/OpTree/LISTOP.pm:323] line 1.

*** in generate_flag_list(), O_CLOEXEC threw exception: Bareword "O_CLOEXEC" not allowed while "strict subs" in use at (eval 18)[lib/Devel/Chitin/OpTree/LISTOP.pm:323] line 1.

Attempt to free unreferenced scalar: SV 0x14f0410, Perl interpreter: 0x103c010 at lib/Devel/Chitin/OpTree/LISTOP.pm line 494.
Attempt to free unreferenced scalar: SV 0x14f0570, Perl interpreter: 0x103c010 at lib/Devel/Chitin/OpTree/LISTOP.pm line 494.
Attempt to free unreferenced scalar: SV 0x14f0670, Perl interpreter: 0x103c010 at lib/Devel/Chitin/OpTree/LISTOP.pm line 494.
Attempt to free unreferenced scalar: SV 0x166c2f0, Perl interpreter: 0x103c010 at lib/Devel/Chitin/OpTree/LISTOP.pm line 512.
Attempt to free unreferenced scalar: SV 0x166c450, Perl interpreter: 0x103c010 at lib/Devel/Chitin/OpTree/LISTOP.pm line 512.
Attempt to free unreferenced scalar: SV 0x166c550, Perl interpreter: 0x103c010 at lib/Devel/Chitin/OpTree/LISTOP.pm line 512.
t/10-loaded_files.t ................ ok
t/09-disable-debugger.t ............ ok
t/11-postponed.t ................... ok
t/12-eval.t ........................ ok
*** in generate_flag_list(), O_SHLOCK threw exception: Your vendor has not defined Fcntl macro O_SHLOCK, used at (eval 13) line 1.

*** in generate_flag_list(), O_EXLOCK threw exception: Your vendor has not defined Fcntl macro O_EXLOCK, used at (eval 14) line 1.

*** in generate_flag_list(), O_SYMLINK threw exception: Bareword "O_SYMLINK" not allowed while "strict subs" in use at (eval 16) line 1.

*** in generate_flag_list(), O_EVTONLY threw exception: Bareword "O_EVTONLY" not allowed while "strict subs" in use at (eval 17) line 1.

*** in generate_flag_list(), O_CLOEXEC threw exception: Bareword "O_CLOEXEC" not allowed while "strict subs" in use at (eval 18) line 1.

Attempt to free unreferenced scalar: SV 0x180c2a0, Perl interpreter: 0x1467010 at lib/Devel/Chitin/OpTree/LISTOP.pm line 494.
Attempt to free unreferenced scalar: SV 0x180c3a0, Perl interpreter: 0x1467010 at lib/Devel/Chitin/OpTree/LISTOP.pm line 494.
Attempt to free unreferenced scalar: SV 0x180c440, Perl interpreter: 0x1467010 at lib/Devel/Chitin/OpTree/LISTOP.pm line 494.
Attempt to free unreferenced scalar: SV 0x180c810, Perl interpreter: 0x1467010 at lib/Devel/Chitin/OpTree/LISTOP.pm line 512.
Attempt to free unreferenced scalar: SV 0x180c910, Perl interpreter: 0x1467010 at lib/Devel/Chitin/OpTree/LISTOP.pm line 512.
Attempt to free unreferenced scalar: SV 0x18508f0, Perl interpreter: 0x1467010 at lib/Devel/Chitin/OpTree/LISTOP.pm line 512.
*** in generate_flag_list(), O_SHLOCK threw exception: Your vendor has not defined Fcntl macro O_SHLOCK, used at (eval 13)[lib/Devel/Chitin/OpTree/LISTOP.pm:323] line 1.

*** in generate_flag_list(), O_EXLOCK threw exception: Your vendor has not defined Fcntl macro O_EXLOCK, used at (eval 14)[lib/Devel/Chitin/OpTree/LISTOP.pm:323] line 1.

*** in generate_flag_list(), O_SYMLINK threw exception: Bareword "O_SYMLINK" not allowed while "strict subs" in use at (eval 16)[lib/Devel/Chitin/OpTree/LISTOP.pm:323] line 1.

*** in generate_flag_list(), O_EVTONLY threw exception: Bareword "O_EVTONLY" not allowed while "strict subs" in use at (eval 17)[lib/Devel/Chitin/OpTree/LISTOP.pm:323] line 1.

*** in generate_flag_list(), O_CLOEXEC threw exception: Bareword "O_CLOEXEC" not allowed while "strict subs" in use at (eval 18)[lib/Devel/Chitin/OpTree/LISTOP.pm:323] line 1.

Attempt to free unreferenced scalar: SV 0x16e15a0, Perl interpreter: 0x10ba010 at lib/Devel/Chitin/OpTree/LISTOP.pm line 494.
Attempt to free unreferenced scalar: SV 0x16e1700, Perl interpreter: 0x10ba010 at lib/Devel/Chitin/OpTree/LISTOP.pm line 494.
Attempt to free unreferenced scalar: SV 0x16e1800, Perl interpreter: 0x10ba010 at lib/Devel/Chitin/OpTree/LISTOP.pm line 494.
Attempt to free unreferenced scalar: SV 0x156c480, Perl interpreter: 0x10ba010 at lib/Devel/Chitin/OpTree/LISTOP.pm line 512.
Attempt to free unreferenced scalar: SV 0x156c5e0, Perl interpreter: 0x10ba010 at lib/Devel/Chitin/OpTree/LISTOP.pm line 512.
Attempt to free unreferenced scalar: SV 0x156c6e0, Perl interpreter: 0x10ba010 at lib/Devel/Chitin/OpTree/LISTOP.pm line 512.
t/08-trace.t ....................... ok
*** in generate_flag_list(), O_SHLOCK threw exception: Your vendor has not defined Fcntl macro O_SHLOCK, used at (eval 13) line 1.

*** in generate_flag_list(), O_EXLOCK threw exception: Your vendor has not defined Fcntl macro O_EXLOCK, used at (eval 14) line 1.

*** in generate_flag_list(), O_SYMLINK threw exception: Bareword "O_SYMLINK" not allowed while "strict subs" in use at (eval 16) line 1.

*** in generate_flag_list(), O_EVTONLY threw exception: Bareword "O_EVTONLY" not allowed while "strict subs" in use at (eval 17) line 1.

*** in generate_flag_list(), O_CLOEXEC threw exception: Bareword "O_CLOEXEC" not allowed while "strict subs" in use at (eval 18) line 1.

Attempt to free unreferenced scalar: SV 0x2818030, Perl interpreter: 0x2473010 at lib/Devel/Chitin/OpTree/LISTOP.pm line 494.
Attempt to free unreferenced scalar: SV 0x2818130, Perl interpreter: 0x2473010 at lib/Devel/Chitin/OpTree/LISTOP.pm line 494.
Attempt to free unreferenced scalar: SV 0x28181d0, Perl interpreter: 0x2473010 at lib/Devel/Chitin/OpTree/LISTOP.pm line 494.
Attempt to free unreferenced scalar: SV 0x28185a0, Perl interpreter: 0x2473010 at lib/Devel/Chitin/OpTree/LISTOP.pm line 512.
Attempt to free unreferenced scalar: SV 0x285bc60, Perl interpreter: 0x2473010 at lib/Devel/Chitin/OpTree/LISTOP.pm line 512.
Attempt to free unreferenced scalar: SV 0x285bd00, Perl interpreter: 0x2473010 at lib/Devel/Chitin/OpTree/LISTOP.pm line 512.
*** in generate_flag_list(), O_SHLOCK threw exception: Your vendor has not defined Fcntl macro O_SHLOCK, used at (eval 13)[lib/Devel/Chitin/OpTree/LISTOP.pm:323] line 1.

*** in generate_flag_list(), O_EXLOCK threw exception: Your vendor has not defined Fcntl macro O_EXLOCK, used at (eval 14)[lib/Devel/Chitin/OpTree/LISTOP.pm:323] line 1.

*** in generate_flag_list(), O_SYMLINK threw exception: Bareword "O_SYMLINK" not allowed while "strict subs" in use at (eval 16)[lib/Devel/Chitin/OpTree/LISTOP.pm:323] line 1.

*** in generate_flag_list(), O_EVTONLY threw exception: Bareword "O_EVTONLY" not allowed while "strict subs" in use at (eval 17)[lib/Devel/Chitin/OpTree/LISTOP.pm:323] line 1.

*** in generate_flag_list(), O_CLOEXEC threw exception: Bareword "O_CLOEXEC" not allowed while "strict subs" in use at (eval 18)[lib/Devel/Chitin/OpTree/LISTOP.pm:323] line 1.

Attempt to free unreferenced scalar: SV 0x1914be0, Perl interpreter: 0x12ee010 at lib/Devel/Chitin/OpTree/LISTOP.pm line 494.
Attempt to free unreferenced scalar: SV 0x1914d40, Perl interpreter: 0x12ee010 at lib/Devel/Chitin/OpTree/LISTOP.pm line 494.
Attempt to free unreferenced scalar: SV 0x1914e40, Perl interpreter: 0x12ee010 at lib/Devel/Chitin/OpTree/LISTOP.pm line 494.
Attempt to free unreferenced scalar: SV 0x179e540, Perl interpreter: 0x12ee010 at lib/Devel/Chitin/OpTree/LISTOP.pm line 512.
Attempt to free unreferenced scalar: SV 0x179e6a0, Perl interpreter: 0x12ee010 at lib/Devel/Chitin/OpTree/LISTOP.pm line 512.
Attempt to free unreferenced scalar: SV 0x179e7a0, Perl interpreter: 0x12ee010 at lib/Devel/Chitin/OpTree/LISTOP.pm line 512.
t/07-stack.t ....................... ok
*** in generate_flag_list(), O_SHLOCK threw exception: Your vendor has not defined Fcntl macro O_SHLOCK, used at (eval 13) line 1.

*** in generate_flag_list(), O_EXLOCK threw exception: Your vendor has not defined Fcntl macro O_EXLOCK, used at (eval 14) line 1.

*** in generate_flag_list(), O_SYMLINK threw exception: Bareword "O_SYMLINK" not allowed while "strict subs" in use at (eval 16) line 1.

*** in generate_flag_list(), O_EVTONLY threw exception: Bareword "O_EVTONLY" not allowed while "strict subs" in use at (eval 17) line 1.

*** in generate_flag_list(), O_CLOEXEC threw exception: Bareword "O_CLOEXEC" not allowed while "strict subs" in use at (eval 18) line 1.

Attempt to free unreferenced scalar: SV 0x1c9a590, Perl interpreter: 0x1778010 at lib/Devel/Chitin/OpTree/LISTOP.pm line 494.
Attempt to free unreferenced scalar: SV 0x1c9a690, Perl interpreter: 0x1778010 at lib/Devel/Chitin/OpTree/LISTOP.pm line 494.
Attempt to free unreferenced scalar: SV 0x1b611d0, Perl interpreter: 0x1778010 at lib/Devel/Chitin/OpTree/LISTOP.pm line 494.
Attempt to free unreferenced scalar: SV 0x1b615a0, Perl interpreter: 0x1778010 at lib/Devel/Chitin/OpTree/LISTOP.pm line 512.
Attempt to free unreferenced scalar: SV 0x1b616a0, Perl interpreter: 0x1778010 at lib/Devel/Chitin/OpTree/LISTOP.pm line 512.
Attempt to free unreferenced scalar: SV 0x1b61740, Perl interpreter: 0x1778010 at lib/Devel/Chitin/OpTree/LISTOP.pm line 512.
*** in generate_flag_list(), O_SHLOCK threw exception: Your vendor has not defined Fcntl macro O_SHLOCK, used at (eval 13)[lib/Devel/Chitin/OpTree/LISTOP.pm:323] line 1.

*** in generate_flag_list(), O_EXLOCK threw exception: Your vendor has not defined Fcntl macro O_EXLOCK, used at (eval 14)[lib/Devel/Chitin/OpTree/LISTOP.pm:323] line 1.

*** in generate_flag_list(), O_SYMLINK threw exception: Bareword "O_SYMLINK" not allowed while "strict subs" in use at (eval 16)[lib/Devel/Chitin/OpTree/LISTOP.pm:323] line 1.

*** in generate_flag_list(), O_EVTONLY threw exception: Bareword "O_EVTONLY" not allowed while "strict subs" in use at (eval 17)[lib/Devel/Chitin/OpTree/LISTOP.pm:323] line 1.

*** in generate_flag_list(), O_CLOEXEC threw exception: Bareword "O_CLOEXEC" not allowed while "strict subs" in use at (eval 18)[lib/Devel/Chitin/OpTree/LISTOP.pm:323] line 1.

Attempt to free unreferenced scalar: SV 0x1c76400, Perl interpreter: 0x164f010 at lib/Devel/Chitin/OpTree/LISTOP.pm line 494.
Attempt to free unreferenced scalar: SV 0x1c76560, Perl interpreter: 0x164f010 at lib/Devel/Chitin/OpTree/LISTOP.pm line 494.
Attempt to free unreferenced scalar: SV 0x1c76660, Perl interpreter: 0x164f010 at lib/Devel/Chitin/OpTree/LISTOP.pm line 494.
Attempt to free unreferenced scalar: SV 0x1b033f0, Perl interpreter: 0x164f010 at lib/Devel/Chitin/OpTree/LISTOP.pm line 512.
Attempt to free unreferenced scalar: SV 0x1b03550, Perl interpreter: 0x164f010 at lib/Devel/Chitin/OpTree/LISTOP.pm line 512.
Attempt to free unreferenced scalar: SV 0x1b03650, Perl interpreter: 0x164f010 at lib/Devel/Chitin/OpTree/LISTOP.pm line 512.
*** in generate_flag_list(), O_SHLOCK threw exception: Your vendor has not defined Fcntl macro O_SHLOCK, used at (eval 13) line 1.

*** in generate_flag_list(), O_EXLOCK threw exception: Your vendor has not defined Fcntl macro O_EXLOCK, used at (eval 14) line 1.

*** in generate_flag_list(), O_SYMLINK threw exception: Bareword "O_SYMLINK" not allowed while "strict subs" in use at (eval 16) line 1.

*** in generate_flag_list(), O_EVTONLY threw exception: Bareword "O_EVTONLY" not allowed while "strict subs" in use at (eval 17) line 1.

*** in generate_flag_list(), O_CLOEXEC threw exception: Bareword "O_CLOEXEC" not allowed while "strict subs" in use at (eval 18) line 1.

Attempt to free unreferenced scalar: SV 0xe33f00, Perl interpreter: 0xabc010 at lib/Devel/Chitin/OpTree/LISTOP.pm line 494.
Attempt to free unreferenced scalar: SV 0xe34000, Perl interpreter: 0xabc010 at lib/Devel/Chitin/OpTree/LISTOP.pm line 494.
Attempt to free unreferenced scalar: SV 0xe340a0, Perl interpreter: 0xabc010 at lib/Devel/Chitin/OpTree/LISTOP.pm line 494.
Attempt to free unreferenced scalar: SV 0xe34470, Perl interpreter: 0xabc010 at lib/Devel/Chitin/OpTree/LISTOP.pm line 512.
Attempt to free unreferenced scalar: SV 0xe34570, Perl interpreter: 0xabc010 at lib/Devel/Chitin/OpTree/LISTOP.pm line 512.
Attempt to free unreferenced scalar: SV 0xe34610, Perl interpreter: 0xabc010 at lib/Devel/Chitin/OpTree/LISTOP.pm line 512.
*** in generate_flag_list(), O_SHLOCK threw exception: Your vendor has not defined Fcntl macro O_SHLOCK, used at (eval 13)[lib/Devel/Chitin/OpTree/LISTOP.pm:323] line 1.

*** in generate_flag_list(), O_EXLOCK threw exception: Your vendor has not defined Fcntl macro O_EXLOCK, used at (eval 14)[lib/Devel/Chitin/OpTree/LISTOP.pm:323] line 1.

*** in generate_flag_list(), O_SYMLINK threw exception: Bareword "O_SYMLINK" not allowed while "strict subs" in use at (eval 16)[lib/Devel/Chitin/OpTree/LISTOP.pm:323] line 1.

*** in generate_flag_list(), O_EVTONLY threw exception: Bareword "O_EVTONLY" not allowed while "strict subs" in use at (eval 17)[lib/Devel/Chitin/OpTree/LISTOP.pm:323] line 1.

*** in generate_flag_list(), O_CLOEXEC threw exception: Bareword "O_CLOEXEC" not allowed while "strict subs" in use at (eval 18)[lib/Devel/Chitin/OpTree/LISTOP.pm:323] line 1.

Attempt to free unreferenced scalar: SV 0x13e9150, Perl interpreter: 0xdc2010 at lib/Devel/Chitin/OpTree/LISTOP.pm line 494.
Attempt to free unreferenced scalar: SV 0x13e92b0, Perl interpreter: 0xdc2010 at lib/Devel/Chitin/OpTree/LISTOP.pm line 494.
Attempt to free unreferenced scalar: SV 0x13e93b0, Perl interpreter: 0xdc2010 at lib/Devel/Chitin/OpTree/LISTOP.pm line 494.
Attempt to free unreferenced scalar: SV 0x1274120, Perl interpreter: 0xdc2010 at lib/Devel/Chitin/OpTree/LISTOP.pm line 512.
Attempt to free unreferenced scalar: SV 0x1274280, Perl interpreter: 0xdc2010 at lib/Devel/Chitin/OpTree/LISTOP.pm line 512.
Attempt to free unreferenced scalar: SV 0x1274380, Perl interpreter: 0xdc2010 at lib/Devel/Chitin/OpTree/LISTOP.pm line 512.
*** in generate_flag_list(), O_SHLOCK threw exception: Your vendor has not defined Fcntl macro O_SHLOCK, used at (eval 13) line 1.

*** in generate_flag_list(), O_EXLOCK threw exception: Your vendor has not defined Fcntl macro O_EXLOCK, used at (eval 14) line 1.

*** in generate_flag_list(), O_SYMLINK threw exception: Bareword "O_SYMLINK" not allowed while "strict subs" in use at (eval 16) line 1.

*** in generate_flag_list(), O_EVTONLY threw exception: Bareword "O_EVTONLY" not allowed while "strict subs" in use at (eval 17) line 1.

*** in generate_flag_list(), O_CLOEXEC threw exception: Bareword "O_CLOEXEC" not allowed while "strict subs" in use at (eval 18) line 1.

Attempt to free unreferenced scalar: SV 0x28016f0, Perl interpreter: 0x2443010 at lib/Devel/Chitin/OpTree/LISTOP.pm line 494.
Attempt to free unreferenced scalar: SV 0x28017f0, Perl interpreter: 0x2443010 at lib/Devel/Chitin/OpTree/LISTOP.pm line 494.
Attempt to free unreferenced scalar: SV 0x2801890, Perl interpreter: 0x2443010 at lib/Devel/Chitin/OpTree/LISTOP.pm line 494.
Attempt to free unreferenced scalar: SV 0x2801c60, Perl interpreter: 0x2443010 at lib/Devel/Chitin/OpTree/LISTOP.pm line 512.
Attempt to free unreferenced scalar: SV 0x2801d60, Perl interpreter: 0x2443010 at lib/Devel/Chitin/OpTree/LISTOP.pm line 512.
Attempt to free unreferenced scalar: SV 0x2801e00, Perl interpreter: 0x2443010 at lib/Devel/Chitin/OpTree/LISTOP.pm line 512.
*** in generate_flag_list(), O_SHLOCK threw exception: Your vendor has not defined Fcntl macro O_SHLOCK, used at (eval 13)[lib/Devel/Chitin/OpTree/LISTOP.pm:323] line 1.

*** in generate_flag_list(), O_EXLOCK threw exception: Your vendor has not defined Fcntl macro O_EXLOCK, used at (eval 14)[lib/Devel/Chitin/OpTree/LISTOP.pm:323] line 1.

*** in generate_flag_list(), O_SYMLINK threw exception: Bareword "O_SYMLINK" not allowed while "strict subs" in use at (eval 16)[lib/Devel/Chitin/OpTree/LISTOP.pm:323] line 1.

*** in generate_flag_list(), O_EVTONLY threw exception: Bareword "O_EVTONLY" not allowed while "strict subs" in use at (eval 17)[lib/Devel/Chitin/OpTree/LISTOP.pm:323] line 1.

*** in generate_flag_list(), O_CLOEXEC threw exception: Bareword "O_CLOEXEC" not allowed while "strict subs" in use at (eval 18)[lib/Devel/Chitin/OpTree/LISTOP.pm:323] line 1.

Attempt to free unreferenced scalar: SV 0x1e9e200, Perl interpreter: 0x1879010 at lib/Devel/Chitin/OpTree/LISTOP.pm line 494.
Attempt to free unreferenced scalar: SV 0x1d2a550, Perl interpreter: 0x1879010 at lib/Devel/Chitin/OpTree/LISTOP.pm line 494.
Attempt to free unreferenced scalar: SV 0x1d2a650, Perl interpreter: 0x1879010 at lib/Devel/Chitin/OpTree/LISTOP.pm line 494.
Attempt to free unreferenced scalar: SV 0x1d2aa80, Perl interpreter: 0x1879010 at lib/Devel/Chitin/OpTree/LISTOP.pm line 512.
Attempt to free unreferenced scalar: SV 0x1d2abe0, Perl interpreter: 0x1879010 at lib/Devel/Chitin/OpTree/LISTOP.pm line 512.
Attempt to free unreferenced scalar: SV 0x1eaaf60, Perl interpreter: 0x1879010 at lib/Devel/Chitin/OpTree/LISTOP.pm line 512.
*** in generate_flag_list(), O_SHLOCK threw exception: Your vendor has not defined Fcntl macro O_SHLOCK, used at (eval 13) line 1.

*** in generate_flag_list(), O_EXLOCK threw exception: Your vendor has not defined Fcntl macro O_EXLOCK, used at (eval 14) line 1.

*** in generate_flag_list(), O_SYMLINK threw exception: Bareword "O_SYMLINK" not allowed while "strict subs" in use at (eval 16) line 1.

*** in generate_flag_list(), O_EVTONLY threw exception: Bareword "O_EVTONLY" not allowed while "strict subs" in use at (eval 17) line 1.

*** in generate_flag_list(), O_CLOEXEC threw exception: Bareword "O_CLOEXEC" not allowed while "strict subs" in use at (eval 18) line 1.

Attempt to free unreferenced scalar: SV 0x20f0be0, Perl interpreter: 0x1d78010 at lib/Devel/Chitin/OpTree/LISTOP.pm line 494.
Attempt to free unreferenced scalar: SV 0x20f0ce0, Perl interpreter: 0x1d78010 at lib/Devel/Chitin/OpTree/LISTOP.pm line 494.
Attempt to free unreferenced scalar: SV 0x20f0d80, Perl interpreter: 0x1d78010 at lib/Devel/Chitin/OpTree/LISTOP.pm line 494.
Attempt to free unreferenced scalar: SV 0x20f1150, Perl interpreter: 0x1d78010 at lib/Devel/Chitin/OpTree/LISTOP.pm line 512.
Attempt to free unreferenced scalar: SV 0x20f1250, Perl interpreter: 0x1d78010 at lib/Devel/Chitin/OpTree/LISTOP.pm line 512.
Attempt to free unreferenced scalar: SV 0x20f12f0, Perl interpreter: 0x1d78010 at lib/Devel/Chitin/OpTree/LISTOP.pm line 512.
*** in generate_flag_list(), O_SHLOCK threw exception: Your vendor has not defined Fcntl macro O_SHLOCK, used at (eval 13)[lib/Devel/Chitin/OpTree/LISTOP.pm:323] line 1.

*** in generate_flag_list(), O_EXLOCK threw exception: Your vendor has not defined Fcntl macro O_EXLOCK, used at (eval 14)[lib/Devel/Chitin/OpTree/LISTOP.pm:323] line 1.

*** in generate_flag_list(), O_SYMLINK threw exception: Bareword "O_SYMLINK" not allowed while "strict subs" in use at (eval 16)[lib/Devel/Chitin/OpTree/LISTOP.pm:323] line 1.

*** in generate_flag_list(), O_EVTONLY threw exception: Bareword "O_EVTONLY" not allowed while "strict subs" in use at (eval 17)[lib/Devel/Chitin/OpTree/LISTOP.pm:323] line 1.

*** in generate_flag_list(), O_CLOEXEC threw exception: Bareword "O_CLOEXEC" not allowed while "strict subs" in use at (eval 18)[lib/Devel/Chitin/OpTree/LISTOP.pm:323] line 1.

Attempt to free unreferenced scalar: SV 0x264b580, Perl interpreter: 0x2024010 at lib/Devel/Chitin/OpTree/LISTOP.pm line 494.
Attempt to free unreferenced scalar: SV 0x264b6e0, Perl interpreter: 0x2024010 at lib/Devel/Chitin/OpTree/LISTOP.pm line 494.
Attempt to free unreferenced scalar: SV 0x264b7e0, Perl interpreter: 0x2024010 at lib/Devel/Chitin/OpTree/LISTOP.pm line 494.
Attempt to free unreferenced scalar: SV 0x24d6440, Perl interpreter: 0x2024010 at lib/Devel/Chitin/OpTree/LISTOP.pm line 512.
Attempt to free unreferenced scalar: SV 0x24d65a0, Perl interpreter: 0x2024010 at lib/Devel/Chitin/OpTree/LISTOP.pm line 512.
Attempt to free unreferenced scalar: SV 0x24d66a0, Perl interpreter: 0x2024010 at lib/Devel/Chitin/OpTree/LISTOP.pm line 512.
*** in generate_flag_list(), O_SHLOCK threw exception: Your vendor has not defined Fcntl macro O_SHLOCK, used at (eval 13) line 1.

*** in generate_flag_list(), O_EXLOCK threw exception: Your vendor has not defined Fcntl macro O_EXLOCK, used at (eval 14) line 1.

*** in generate_flag_list(), O_SYMLINK threw exception: Bareword "O_SYMLINK" not allowed while "strict subs" in use at (eval 16) line 1.

*** in generate_flag_list(), O_EVTONLY threw exception: Bareword "O_EVTONLY" not allowed while "strict subs" in use at (eval 17) line 1.

*** in generate_flag_list(), O_CLOEXEC threw exception: Bareword "O_CLOEXEC" not allowed while "strict subs" in use at (eval 18) line 1.

Attempt to free unreferenced scalar: SV 0xbd3d30, Perl interpreter: 0x830010 at lib/Devel/Chitin/OpTree/LISTOP.pm line 494.
Attempt to free unreferenced scalar: SV 0xbd3e30, Perl interpreter: 0x830010 at lib/Devel/Chitin/OpTree/LISTOP.pm line 494.
Attempt to free unreferenced scalar: SV 0xbd3ed0, Perl interpreter: 0x830010 at lib/Devel/Chitin/OpTree/LISTOP.pm line 494.
Attempt to free unreferenced scalar: SV 0xbd42a0, Perl interpreter: 0x830010 at lib/Devel/Chitin/OpTree/LISTOP.pm line 512.
Attempt to free unreferenced scalar: SV 0xc182b0, Perl interpreter: 0x830010 at lib/Devel/Chitin/OpTree/LISTOP.pm line 512.
Attempt to free unreferenced scalar: SV 0xc18350, Perl interpreter: 0x830010 at lib/Devel/Chitin/OpTree/LISTOP.pm line 512.
*** in generate_flag_list(), O_SHLOCK threw exception: Your vendor has not defined Fcntl macro O_SHLOCK, used at (eval 13)[lib/Devel/Chitin/OpTree/LISTOP.pm:323] line 1.

*** in generate_flag_list(), O_EXLOCK threw exception: Your vendor has not defined Fcntl macro O_EXLOCK, used at (eval 14)[lib/Devel/Chitin/OpTree/LISTOP.pm:323] line 1.

*** in generate_flag_list(), O_SYMLINK threw exception: Bareword "O_SYMLINK" not allowed while "strict subs" in use at (eval 16)[lib/Devel/Chitin/OpTree/LISTOP.pm:323] line 1.

*** in generate_flag_list(), O_EVTONLY threw exception: Bareword "O_EVTONLY" not allowed while "strict subs" in use at (eval 17)[lib/Devel/Chitin/OpTree/LISTOP.pm:323] line 1.

*** in generate_flag_list(), O_CLOEXEC threw exception: Bareword "O_CLOEXEC" not allowed while "strict subs" in use at (eval 18)[lib/Devel/Chitin/OpTree/LISTOP.pm:323] line 1.

Attempt to free unreferenced scalar: SV 0xd98c30, Perl interpreter: 0x772010 at lib/Devel/Chitin/OpTree/LISTOP.pm line 494.
Attempt to free unreferenced scalar: SV 0xd98d90, Perl interpreter: 0x772010 at lib/Devel/Chitin/OpTree/LISTOP.pm line 494.
Attempt to free unreferenced scalar: SV 0xd98e90, Perl interpreter: 0x772010 at lib/Devel/Chitin/OpTree/LISTOP.pm line 494.
Attempt to free unreferenced scalar: SV 0xc22520, Perl interpreter: 0x772010 at lib/Devel/Chitin/OpTree/LISTOP.pm line 512.
Attempt to free unreferenced scalar: SV 0xc22680, Perl interpreter: 0x772010 at lib/Devel/Chitin/OpTree/LISTOP.pm line 512.
Attempt to free unreferenced scalar: SV 0xc22780, Perl interpreter: 0x772010 at lib/Devel/Chitin/OpTree/LISTOP.pm line 512.
*** in generate_flag_list(), O_SHLOCK threw exception: Your vendor has not defined Fcntl macro O_SHLOCK, used at (eval 13) line 1.

*** in generate_flag_list(), O_EXLOCK threw exception: Your vendor has not defined Fcntl macro O_EXLOCK, used at (eval 14) line 1.

*** in generate_flag_list(), O_SYMLINK threw exception: Bareword "O_SYMLINK" not allowed while "strict subs" in use at (eval 16) line 1.

*** in generate_flag_list(), O_EVTONLY threw exception: Bareword "O_EVTONLY" not allowed while "strict subs" in use at (eval 17) line 1.

*** in generate_flag_list(), O_CLOEXEC threw exception: Bareword "O_CLOEXEC" not allowed while "strict subs" in use at (eval 18) line 1.

Attempt to free unreferenced scalar: SV 0xb233d0, Perl interpreter: 0x765010 at lib/Devel/Chitin/OpTree/LISTOP.pm line 494.
Attempt to free unreferenced scalar: SV 0xb234d0, Perl interpreter: 0x765010 at lib/Devel/Chitin/OpTree/LISTOP.pm line 494.
Attempt to free unreferenced scalar: SV 0xb23570, Perl interpreter: 0x765010 at lib/Devel/Chitin/OpTree/LISTOP.pm line 494.
Attempt to free unreferenced scalar: SV 0xb23940, Perl interpreter: 0x765010 at lib/Devel/Chitin/OpTree/LISTOP.pm line 512.
Attempt to free unreferenced scalar: SV 0xb4d9b0, Perl interpreter: 0x765010 at lib/Devel/Chitin/OpTree/LISTOP.pm line 512.
Attempt to free unreferenced scalar: SV 0xb4da50, Perl interpreter: 0x765010 at lib/Devel/Chitin/OpTree/LISTOP.pm line 512.
*** in generate_flag_list(), O_SHLOCK threw exception: Your vendor has not defined Fcntl macro O_SHLOCK, used at (eval 13)[lib/Devel/Chitin/OpTree/LISTOP.pm:323] line 1.

*** in generate_flag_list(), O_EXLOCK threw exception: Your vendor has not defined Fcntl macro O_EXLOCK, used at (eval 14)[lib/Devel/Chitin/OpTree/LISTOP.pm:323] line 1.

*** in generate_flag_list(), O_SYMLINK threw exception: Bareword "O_SYMLINK" not allowed while "strict subs" in use at (eval 16)[lib/Devel/Chitin/OpTree/LISTOP.pm:323] line 1.

*** in generate_flag_list(), O_EVTONLY threw exception: Bareword "O_EVTONLY" not allowed while "strict subs" in use at (eval 17)[lib/Devel/Chitin/OpTree/LISTOP.pm:323] line 1.

*** in generate_flag_list(), O_CLOEXEC threw exception: Bareword "O_CLOEXEC" not allowed while "strict subs" in use at (eval 18)[lib/Devel/Chitin/OpTree/LISTOP.pm:323] line 1.

Attempt to free unreferenced scalar: SV 0x2a5fe00, Perl interpreter: 0x2439010 at lib/Devel/Chitin/OpTree/LISTOP.pm line 494.
Attempt to free unreferenced scalar: SV 0x2a5ff60, Perl interpreter: 0x2439010 at lib/Devel/Chitin/OpTree/LISTOP.pm line 494.
Attempt to free unreferenced scalar: SV 0x2a60060, Perl interpreter: 0x2439010 at lib/Devel/Chitin/OpTree/LISTOP.pm line 494.
Attempt to free unreferenced scalar: SV 0x28e9970, Perl interpreter: 0x2439010 at lib/Devel/Chitin/OpTree/LISTOP.pm line 512.
Attempt to free unreferenced scalar: SV 0x28e9ad0, Perl interpreter: 0x2439010 at lib/Devel/Chitin/OpTree/LISTOP.pm line 512.
Attempt to free unreferenced scalar: SV 0x28e9bd0, Perl interpreter: 0x2439010 at lib/Devel/Chitin/OpTree/LISTOP.pm line 512.
untrapped at t/14-step-in-uncaught-exception.t line 12.
t/14-step-in-uncaught-exception.t .. ok
*** in generate_flag_list(), O_SHLOCK threw exception: Your vendor has not defined Fcntl macro O_SHLOCK, used at (eval 13) line 1.

*** in generate_flag_list(), O_EXLOCK threw exception: Your vendor has not defined Fcntl macro O_EXLOCK, used at (eval 14) line 1.

*** in generate_flag_list(), O_SYMLINK threw exception: Bareword "O_SYMLINK" not allowed while "strict subs" in use at (eval 16) line 1.

*** in generate_flag_list(), O_EVTONLY threw exception: Bareword "O_EVTONLY" not allowed while "strict subs" in use at (eval 17) line 1.

*** in generate_flag_list(), O_CLOEXEC threw exception: Bareword "O_CLOEXEC" not allowed while "strict subs" in use at (eval 18) line 1.

Attempt to free unreferenced scalar: SV 0x2358350, Perl interpreter: 0x1fb3010 at lib/Devel/Chitin/OpTree/LISTOP.pm line 494.
Attempt to free unreferenced scalar: SV 0x2358450, Perl interpreter: 0x1fb3010 at lib/Devel/Chitin/OpTree/LISTOP.pm line 494.
Attempt to free unreferenced scalar: SV 0x23584f0, Perl interpreter: 0x1fb3010 at lib/Devel/Chitin/OpTree/LISTOP.pm line 494.
Attempt to free unreferenced scalar: SV 0x23588c0, Perl interpreter: 0x1fb3010 at lib/Devel/Chitin/OpTree/LISTOP.pm line 512.
Attempt to free unreferenced scalar: SV 0x23589c0, Perl interpreter: 0x1fb3010 at lib/Devel/Chitin/OpTree/LISTOP.pm line 512.
Attempt to free unreferenced scalar: SV 0x239d970, Perl interpreter: 0x1fb3010 at lib/Devel/Chitin/OpTree/LISTOP.pm line 512.
*** in generate_flag_list(), O_SHLOCK threw exception: Your vendor has not defined Fcntl macro O_SHLOCK, used at (eval 13)[lib/Devel/Chitin/OpTree/LISTOP.pm:323] line 1.

*** in generate_flag_list(), O_EXLOCK threw exception: Your vendor has not defined Fcntl macro O_EXLOCK, used at (eval 14)[lib/Devel/Chitin/OpTree/LISTOP.pm:323] line 1.

*** in generate_flag_list(), O_SYMLINK threw exception: Bareword "O_SYMLINK" not allowed while "strict subs" in use at (eval 16)[lib/Devel/Chitin/OpTree/LISTOP.pm:323] line 1.

*** in generate_flag_list(), O_EVTONLY threw exception: Bareword "O_EVTONLY" not allowed while "strict subs" in use at (eval 17)[lib/Devel/Chitin/OpTree/LISTOP.pm:323] line 1.

*** in generate_flag_list(), O_CLOEXEC threw exception: Bareword "O_CLOEXEC" not allowed while "strict subs" in use at (eval 18)[lib/Devel/Chitin/OpTree/LISTOP.pm:323] line 1.

Attempt to free unreferenced scalar: SV 0x2213020, Perl interpreter: 0x1d5f010 at lib/Devel/Chitin/OpTree/LISTOP.pm line 494.
Attempt to free unreferenced scalar: SV 0x2213180, Perl interpreter: 0x1d5f010 at lib/Devel/Chitin/OpTree/LISTOP.pm line 494.
Attempt to free unreferenced scalar: SV 0x2213280, Perl interpreter: 0x1d5f010 at lib/Devel/Chitin/OpTree/LISTOP.pm line 494.
Attempt to free unreferenced scalar: SV 0x238eef0, Perl interpreter: 0x1d5f010 at lib/Devel/Chitin/OpTree/LISTOP.pm line 512.
Attempt to free unreferenced scalar: SV 0x238f050, Perl interpreter: 0x1d5f010 at lib/Devel/Chitin/OpTree/LISTOP.pm line 512.
Attempt to free unreferenced scalar: SV 0x238f150, Perl interpreter: 0x1d5f010 at lib/Devel/Chitin/OpTree/LISTOP.pm line 512.
t/16-user-requested-exit.t ......... ok
t/13-fork.t ........................ ok
*** in generate_flag_list(), O_SHLOCK threw exception: Your vendor has not defined Fcntl macro O_SHLOCK, used at (eval 13) line 1.

*** in generate_flag_list(), O_EXLOCK threw exception: Your vendor has not defined Fcntl macro O_EXLOCK, used at (eval 14) line 1.

*** in generate_flag_list(), O_SYMLINK threw exception: Bareword "O_SYMLINK" not allowed while "strict subs" in use at (eval 16) line 1.

*** in generate_flag_list(), O_EVTONLY threw exception: Bareword "O_EVTONLY" not allowed while "strict subs" in use at (eval 17) line 1.

*** in generate_flag_list(), O_CLOEXEC threw exception: Bareword "O_CLOEXEC" not allowed while "strict subs" in use at (eval 18) line 1.

Attempt to free unreferenced scalar: SV 0x1c2f570, Perl interpreter: 0x1888010 at lib/Devel/Chitin/OpTree/LISTOP.pm line 494.
Attempt to free unreferenced scalar: SV 0x1c2f670, Perl interpreter: 0x1888010 at lib/Devel/Chitin/OpTree/LISTOP.pm line 494.
Attempt to free unreferenced scalar: SV 0x1c2f710, Perl interpreter: 0x1888010 at lib/Devel/Chitin/OpTree/LISTOP.pm line 494.
Attempt to free unreferenced scalar: SV 0x1c2fae0, Perl interpreter: 0x1888010 at lib/Devel/Chitin/OpTree/LISTOP.pm line 512.
Attempt to free unreferenced scalar: SV 0x1c72ab0, Perl interpreter: 0x1888010 at lib/Devel/Chitin/OpTree/LISTOP.pm line 512.
Attempt to free unreferenced scalar: SV 0x1c72b50, Perl interpreter: 0x1888010 at lib/Devel/Chitin/OpTree/LISTOP.pm line 512.
*** in generate_flag_list(), O_SHLOCK threw exception: Your vendor has not defined Fcntl macro O_SHLOCK, used at (eval 13)[lib/Devel/Chitin/OpTree/LISTOP.pm:323] line 1.

*** in generate_flag_list(), O_EXLOCK threw exception: Your vendor has not defined Fcntl macro O_EXLOCK, used at (eval 14)[lib/Devel/Chitin/OpTree/LISTOP.pm:323] line 1.

*** in generate_flag_list(), O_SYMLINK threw exception: Bareword "O_SYMLINK" not allowed while "strict subs" in use at (eval 16)[lib/Devel/Chitin/OpTree/LISTOP.pm:323] line 1.

*** in generate_flag_list(), O_EVTONLY threw exception: Bareword "O_EVTONLY" not allowed while "strict subs" in use at (eval 17)[lib/Devel/Chitin/OpTree/LISTOP.pm:323] line 1.

*** in generate_flag_list(), O_CLOEXEC threw exception: Bareword "O_CLOEXEC" not allowed while "strict subs" in use at (eval 18)[lib/Devel/Chitin/OpTree/LISTOP.pm:323] line 1.

Attempt to free unreferenced scalar: SV 0x10ba4b0, Perl interpreter: 0xc06010 at lib/Devel/Chitin/OpTree/LISTOP.pm line 494.
Attempt to free unreferenced scalar: SV 0x10ba610, Perl interpreter: 0xc06010 at lib/Devel/Chitin/OpTree/LISTOP.pm line 494.
Attempt to free unreferenced scalar: SV 0x10ba710, Perl interpreter: 0xc06010 at lib/Devel/Chitin/OpTree/LISTOP.pm line 494.
Attempt to free unreferenced scalar: SV 0x1236360, Perl interpreter: 0xc06010 at lib/Devel/Chitin/OpTree/LISTOP.pm line 512.
Attempt to free unreferenced scalar: SV 0x12364c0, Perl interpreter: 0xc06010 at lib/Devel/Chitin/OpTree/LISTOP.pm line 512.
Attempt to free unreferenced scalar: SV 0x12365c0, Perl interpreter: 0xc06010 at lib/Devel/Chitin/OpTree/LISTOP.pm line 512.
untrapped at t/14-uncaught-exception.t line 14.
t/14-uncaught-exception.t .......... ok
t/17-stopped-loop.t ................ ok
t/15-subroutine-location.t ......... ok
t/19-watch-expr.t .................. ok
*** in generate_flag_list(), O_SHLOCK threw exception: Your vendor has not defined Fcntl macro O_SHLOCK, used at (eval 11) line 1.

*** in generate_flag_list(), O_EXLOCK threw exception: Your vendor has not defined Fcntl macro O_EXLOCK, used at (eval 12) line 1.

*** in generate_flag_list(), O_SYMLINK threw exception: Bareword "O_SYMLINK" not allowed while "strict subs" in use at (eval 14) line 1.

*** in generate_flag_list(), O_EVTONLY threw exception: Bareword "O_EVTONLY" not allowed while "strict subs" in use at (eval 15) line 1.

*** in generate_flag_list(), O_CLOEXEC threw exception: Bareword "O_CLOEXEC" not allowed while "strict subs" in use at (eval 16) line 1.

Attempt to free unreferenced scalar: SV 0x14eaf50, Perl interpreter: 0x1102010 at /home/njh/.cpan/build/Devel-Chitin-0.07-haZY39/blib/lib/Devel/Chitin/OpTree/LISTOP.pm line 494.
Attempt to free unreferenced scalar: SV 0x14eb050, Perl interpreter: 0x1102010 at /home/njh/.cpan/build/Devel-Chitin-0.07-haZY39/blib/lib/Devel/Chitin/OpTree/LISTOP.pm line 494.
Attempt to free unreferenced scalar: SV 0x14eb0f0, Perl interpreter: 0x1102010 at /home/njh/.cpan/build/Devel-Chitin-0.07-haZY39/blib/lib/Devel/Chitin/OpTree/LISTOP.pm line 494.
Attempt to free unreferenced scalar: SV 0x137c190, Perl interpreter: 0x1102010 at /home/njh/.cpan/build/Devel-Chitin-0.07-haZY39/blib/lib/Devel/Chitin/OpTree/LISTOP.pm line 512.
Attempt to free unreferenced scalar: SV 0x137c290, Perl interpreter: 0x1102010 at /home/njh/.cpan/build/Devel-Chitin-0.07-haZY39/blib/lib/Devel/Chitin/OpTree/LISTOP.pm line 512.
Attempt to free unreferenced scalar: SV 0x137c330, Perl interpreter: 0x1102010 at /home/njh/.cpan/build/Devel-Chitin-0.07-haZY39/blib/lib/Devel/Chitin/OpTree/LISTOP.pm line 512.
t/18-getvar-at-level.t ............. ok
    
    #   Failed test 'code for array_ref_assignment'
    #   at t/20-optree.t line 1310.
    #          got: '$a = \[1, 2];
    # @$a = (1, 2)'
    #     expected: '$a = [1, 2];
    # @$a = (1, 2)'
    # showing whitespace:
    # >>$a = \[1, 2];<<
    # >>@$a = (1, 2)<<
    # $@: 
    # Tree:
    
    #   Failed test 'code for hash_ref_assignment'
    #   at t/20-optree.t line 1310.
    #          got: '$a = \{1 => 1, two => 2};
    # %$a = ('one', 1, 'two', 2)'
    #     expected: '$a = {1 => 1, two => 2};
    # %$a = ('one', 1, 'two', 2)'
    # showing whitespace:
    # >>$a = \{1 => 1, two => 2};<<
    # >>%$a = ('one', 1, 'two', 2)<<
    # $@: 
    # Tree:
    
    #   Failed test 'code for hasf_ref_slice_assignment'
    #   at t/20-optree.t line 1310.
    #          got: '$hash = \{};
    # @list;
    # @$hash{'one', @list, 'last'} = @list'
    #     expected: '$hash = {};
    # @list;
    # @$hash{'one', @list, 'last'} = @list'
    # showing whitespace:
    # >>$hash = \{};<<
    # >>@list;<<
    # >>@$hash{'one', @list, 'last'} = @list<<
    # $@: 
    # Tree:
    # Looks like you failed 3 tests of 11.

#   Failed test 'assignment'
#   at t/20-optree.t line 81.
Use of implicit split to @_ is deprecated at (eval 224) line 2.
Useless use of logical xor in void context at (eval 487) line 3.
dump() better written as CORE::dump() at (eval 523) line 1.
dump() better written as CORE::dump() at (eval 523) line 2.
Statement unlikely to be reached at (eval 583) line 3.
	(Maybe you meant system() when you said exec()?)
waitpid flags: WNOHANG, 1, WUNTRACED, 2
waitpid flags: WNOHANG, 1, WUNTRACED, 2
    
    #   Failed test 'code for bless_fcn'
    #   at t/20-optree.t line 1310.
    #          got: '$obj = bless(\{}, 'Some::Package');
    # $obj = bless(\[])'
    #     expected: '$obj = bless({}, 'Some::Package');
    # $obj = bless([])'
    # showing whitespace:
    # >>$obj = bless(\{}, 'Some::Package');<<
    # >>$obj = bless(\[])<<
    # $@: 
    # Tree:
    # Looks like you failed 1 test of 5.

#   Failed test 'classes'
#   at t/20-optree.t line 981.
Use of "do" to call subroutines is deprecated at (eval 665) line 1.
# Looks like you failed 2 tests of 31.
t/20-optree.t ...................... 
Dubious, test returned 2 (wstat 512, 0x200)
Failed 2/31 subtests 
	(less 7 skipped subtests: 22 okay)

Test Summary Report
-------------------
t/20-optree.t                    (Wstat: 512 Tests: 31 Failed: 2)
  Failed tests:  2, 19
  Non-zero exit status: 2
Files=32, Tests=356,  1 wallclock secs ( 0.14 usr  0.03 sys +  4.08 cusr  0.35 csys =  4.60 CPU)
Result: FAIL
Failed 1/32 test programs. 2/356 subtests failed.
Makefile:931: recipe for target 'test_dynamic' failed
make: *** [test_dynamic] Error 2

------------------------------
PREREQUISITES
------------------------------

Prerequisite modules loaded:

requires:

    Module              Need Have    
    ------------------- ---- --------
    B                   0    1.09_01 
    base                0    2.07    
    Carp                0    1.26    
    constant            0    1.05    
    Devel::Callsite     0    0.08    
    Digest::MD5         0    2.54    
    Exporter            0    5.58    
    Fcntl               0    1.05    
    IO::File            0    1.14    
    PadWalker           0    1.98    
    POSIX               0    1.09    
    Scalar::Util        0    1.41    
    Socket              0    2.014   
    strict              0    1.03    
    vars                0    1.01    
    warnings            0    1.05    

build_requires:

    Module              Need Have    
    ------------------- ---- --------
    ExtUtils::MakeMaker 0    7.22    
    File::Basename      0    2.74    
    IO::Pipe            0    1.13    
    lib                 0    0.5565  
    Test::Builder       0    1.001009
    Test::More          0    1.001009

configure_requires:

    Module              Need Have    
    ------------------- ---- --------
    ExtUtils::MakeMaker 0    7.22    


------------------------------
ENVIRONMENT AND OTHER CONTEXT
------------------------------

Environment variables:

    AUTOMATED_TESTING = 1
    HARNESS_OPTIONS = j8
    LANG = en_GB.UTF-8
    LANGUAGE = en_GB:en
    PATH = /home/njh/perl5/perlbrew/bin:/home/njh/perl5/perlbrew/perls/perl-5.8.8/bin:/home/njh/perl5/perlbrew/bin:/usr/bin:/bin
    PERL5LIB = /home/njh/.cpan/build/Devel-Callsite-0.08-HZs2M6/blib/arch:/home/njh/.cpan/build/Devel-Callsite-0.08-HZs2M6/blib/lib
    PERL5OPT = 
    PERL5_CPANPLUS_IS_RUNNING = 12026
    PERL5_CPAN_IS_RUNNING = 12026
    PERLBREW_BASHRC_VERSION = 0.73
    PERLBREW_HOME = /home/njh/.perlbrew
    PERLBREW_LIB = 
    PERLBREW_MANPATH = /home/njh/perl5/perlbrew/perls/perl-5.8.8/man
    PERLBREW_PATH = /home/njh/perl5/perlbrew/bin:/home/njh/perl5/perlbrew/perls/perl-5.8.8/bin
    PERLBREW_PERL = perl-5.8.8
    PERLBREW_ROOT = /home/njh/perl5/perlbrew
    PERLBREW_VERSION = 0.73
    PERL_LOCAL_LIB_ROOT = 
    SHELL = /bin/sh

Perl special variables (and OS-specific diagnostics, for MSWin32):

    $^X = /home/njh/perl5/perlbrew/perls/perl-5.8.8/bin/perl
    $UID/$EUID = 1000 / 1000
    $GID = 1000 1000 112 108 46 44 30 29 25 24 4
    $EGID = 1000 1000 112 108 46 44 30 29 25 24 4

Perl module toolchain versions installed:

    Module              Have    
    ------------------- --------
    CPAN                1.9800  
    CPAN::Meta          2.150005
    Cwd                 3.40    
    ExtUtils::CBuilder  0.280220
    ExtUtils::Command   7.22    
    ExtUtils::Install   1.54    
    ExtUtils::MakeMaker 7.22    
    ExtUtils::Manifest  1.70    
    ExtUtils::ParseXS   3.30    
    File::Spec          3.40    
    JSON                2.53    
    JSON::PP            2.27400 
    Module::Build       0.4214  
    Module::Signature   0.70    
    Parse::CPAN::Meta   1.4422  
    Test::Harness       3.36    
    Test::More          1.001009
    YAML                1.18    
    YAML::Syck          1.29    
    version             0.88    


--

Summary of my perl5 (revision 5 version 8 subversion 8) configuration:
  Platform:
    osname=linux, osvers=3.2.0-4-amd64, archname=x86_64-linux-thread-multi
    uname='linux nigelhorne.force9.co.uk 3.2.0-4-amd64 #1 smp debian 3.2.32-1 x86_64 gnulinux '
    config_args='-de -Dprefix=/home/njh/perl5/perlbrew/perls/perl-5.8.8 -Duseithreads -Dusemultiplicity -Accflags=-O2 -W -Wformat=2 -Wswitch -Wshadow -Wwrite-strings -Wuninitialized -Wall -pipe -mtune=native -march=native -fomit-frame-pointer -mfpmath=sse -pedantic -D_FORTIFY_SOURCE=2 -Wpointer-arith -Wstrict-prototypes -fstack-protector -Wstack-protector -Wextra -Wbad-function-cast -Wcast-align -Wcast-qual -Wdisabled-optimization -Wendif-labels -Wfloat-equal -Wformat-nonliteral -Winline -Wmissing-declarations -Wmissing-prototypes -Wnested-externs -Wpointer-arith -Wundef -Wformat-security -Aeval:scriptdir=/home/njh/perl5/perlbrew/perls/perl-5.8.8/bin'
    hint=recommended, useposix=true, d_sigaction=define
    usethreads=define use5005threads=undef useithreads=define usemultiplicity=define
    useperlio=define d_sfio=undef uselargefiles=define usesocks=undef
    use64bitint=define use64bitall=define uselongdouble=undef
    usemymalloc=n, bincompat5005=undef
  Compiler:
    cc='cc', ccflags ='-D_REENTRANT -D_GNU_SOURCE -O2 -W -Wformat=2 -Wswitch -Wshadow -Wwrite-strings -Wuninitialized -Wall -pipe -mtune=native -march=native -fomit-frame-pointer -mfpmath=sse -pedantic -D_FORTIFY_SOURCE=2 -Wpointer-arith -Wstrict-prototypes -fstack-protector -Wstack-protector -Wextra -Wbad-function-cast -Wcast-align -Wcast-qual -Wdisabled-optimization -Wendif-labels -Wfloat-equal -Wformat-nonliteral -Winline -Wmissing-declarations -Wmissing-prototypes -Wnested-externs -Wpointer-arith -Wundef -Wformat-security -fno-strict-aliasing -Wdeclaration-after-statement -I/usr/local/include -D_LARGEFILE_SOURCE -D_FILE_OFFSET_BITS=64',
    optimize='-O2',
    cppflags='-D_REENTRANT -D_GNU_SOURCE -O2 -W -Wformat=2 -Wswitch -Wshadow -Wwrite-strings -Wuninitialized -Wall -pipe -mtune=native -march=native -fomit-frame-pointer -mfpmath=sse -pedantic -D_FORTIFY_SOURCE=2 -Wpointer-arith -Wstrict-prototypes -fstack-protector -Wstack-protector -Wextra -Wbad-function-cast -Wcast-align -Wcast-qual -Wdisabled-optimization -Wendif-labels -Wfloat-equal -Wformat-nonliteral -Winline -Wmissing-declarations -Wmissing-prototypes -Wnested-externs -Wpointer-arith -Wundef -Wformat-security -fno-strict-aliasing -Wdeclaration-after-statement -I/usr/local/include'
    ccversion='', gccversion='4.7.2', gccosandvers=''
    intsize=4, longsize=8, ptrsize=8, doublesize=8, byteorder=12345678
    d_longlong=define, longlongsize=8, d_longdbl=define, longdblsize=16
    ivtype='long', ivsize=8, nvtype='double', nvsize=8, Off_t='off_t', lseeksize=8
    alignbytes=8, prototype=define
  Linker and Libraries:
    ld='cc', ldflags =' -L/usr/local/lib'
    libpth=/usr/local/lib /lib/x86_64-linux-gnu /lib/../lib /usr/lib/x86_64-linux-gnu /usr/lib/../lib /lib /usr/lib
    libs=-lnsl -lgdbm -ldb -ldl -lm -lcrypt -lutil -lpthread -lc -lgdbm_compat
    perllibs=-lnsl -ldl -lm -lcrypt -lutil -lpthread -lc -lgdbm_compat
    libc=, so=so, useshrplib=false, libperl=libperl.a
    gnulibc_version='2.13'
  Dynamic Linking:
    dlsrc=dl_dlopen.xs, dlext=so, d_dlsymun=undef, ccdlflags='-Wl,-E'
    cccdlflags='-fpic', lddlflags='-shared -L/usr/local/lib'


Characteristics of this binary (from libperl): 
  Compile-time options: MULTIPLICITY PERL_IMPLICIT_CONTEXT
                        PERL_MALLOC_WRAP USE_64_BIT_ALL USE_64_BIT_INT
                        USE_ITHREADS USE_LARGE_FILES USE_PERLIO
                        USE_REENTRANT_API
  Built under linux
  Compiled at Mar  5 2013 01:22:32
  %ENV:
    PERL5LIB="/home/njh/.cpan/build/Devel-Callsite-0.08-HZs2M6/blib/arch:/home/njh/.cpan/build/Devel-Callsite-0.08-HZs2M6/blib/lib"
    PERL5OPT=""
    PERL5_CPANPLUS_IS_RUNNING="12026"
    PERL5_CPAN_IS_RUNNING="12026"
    PERLBREW_BASHRC_VERSION="0.73"
    PERLBREW_HOME="/home/njh/.perlbrew"
    PERLBREW_LIB=""
    PERLBREW_MANPATH="/home/njh/perl5/perlbrew/perls/perl-5.8.8/man"
    PERLBREW_PATH="/home/njh/perl5/perlbrew/bin:/home/njh/perl5/perlbrew/perls/perl-5.8.8/bin"
    PERLBREW_PERL="perl-5.8.8"
    PERLBREW_ROOT="/home/njh/perl5/perlbrew"
    PERLBREW_VERSION="0.73"
    PERL_LOCAL_LIB_ROOT=""
  @INC:
    /home/njh/.cpan/build/Devel-Callsite-0.08-HZs2M6/blib/arch
    /home/njh/.cpan/build/Devel-Callsite-0.08-HZs2M6/blib/lib
    /home/njh/perl5/perlbrew/perls/perl-5.8.8/lib/5.8.8/x86_64-linux-thread-multi
    /home/njh/perl5/perlbrew/perls/perl-5.8.8/lib/5.8.8
    /home/njh/perl5/perlbrew/perls/perl-5.8.8/lib/site_perl/5.8.8/x86_64-linux-thread-multi
    /home/njh/perl5/perlbrew/perls/perl-5.8.8/lib/site_perl/5.8.8
    /home/njh/perl5/perlbrew/perls/perl-5.8.8/lib/site_perl
    .