Report for Audio-1.029

Back
From: metabase:user:322078bc-2aae-11df-837a-5e0a49663a4f
Subject: FAIL Audio-1.029 v5.14.1 FreeBSD
Date: 2011-08-09T09:08:14Z

This distribution has been tested as part of the CPAN Testers
project, supporting the Perl programming language.  See
http://wiki.cpantesters.org/ for more information or email
questions to cpan-testers-discuss@perl.org


--

Dear Nick Ing-Simmons (PAUSE Custodial Account),

This is a computer-generated error report created automatically by
CPANPLUS, version 0.9109. Testers personal comments may appear
at the end of this report.


Thank you for uploading your work to CPAN.  However, it appears that
there were some problems testing your distribution.

TEST RESULTS:

Below is the error stack from stage 'make test':

[MSG] [Tue Aug  9 10:07:16 2011] cp Tk/Scope.pm blib/lib/Tk/Scope.pm
cp Audio_f.h ../blib/arch/Audio/Audio_f.h
cp Data/touchtone.star.au ../blib/lib/Audio/Data/touchtone.star.au
cp Data/touchtone.9.au ../blib/lib/Audio/Data/touchtone.9.au
cp typemap ../blib/arch/Audio/typemap
cp Audio.t ../blib/arch/Audio/Audio.t
cp Data/touchtone.0.au ../blib/lib/Audio/Data/touchtone.0.au
cp Data/touchtone.5.au ../blib/lib/Audio/Data/touchtone.5.au
cp Data/touchtone.3.au ../blib/lib/Audio/Data/touchtone.3.au
cp Audio.h ../blib/arch/Audio/Audio.h
cp Data/touchtone.1.au ../blib/lib/Audio/Data/touchtone.1.au
cp Data/touchtone.6.au ../blib/lib/Audio/Data/touchtone.6.au
cp Data/touchtone.4.au ../blib/lib/Audio/Data/touchtone.4.au
cp Data.pm ../blib/lib/Audio/Data.pm
AutoSplitting ../blib/lib/Audio/Data.pm (../blib/lib/auto/Audio/Data)
cp Filter.pm ../blib/lib/Audio/Filter.pm
cp Data/touchtone.2.au ../blib/lib/Audio/Data/touchtone.2.au
cp Audio.m ../blib/arch/Audio/Audio.m
cp Data/touchtone.8.au ../blib/lib/Audio/Data/touchtone.8.au
cp Data/touchtone.7.au ../blib/lib/Audio/Data/touchtone.7.au
cp Data/touchtone.pound.au ../blib/lib/Audio/Data/touchtone.pound.au
cc -c    -DHAS_FPSETMASK -DHAS_FLOATINGPOINT_H -fno-strict-aliasing -pipe -fstack-protector -I/usr/local/include -O    -DVERSION=\"1.029\"  -DXS_VERSION=\"1.029\" -DPIC -fPIC "-I/usr/home/cpan/pit/bare/perl-5.14.1/lib/5.14.1/amd64-freebsd/CORE"   AudioIO.c
cc -c    -DHAS_FPSETMASK -DHAS_FLOATINGPOINT_H -fno-strict-aliasing -pipe -fstack-protector -I/usr/local/include -O    -DVERSION=\"1.029\"  -DXS_VERSION=\"1.029\" -DPIC -fPIC "-I/usr/home/cpan/pit/bare/perl-5.14.1/lib/5.14.1/amd64-freebsd/CORE"   Audio_f.c
/usr/home/cpan/pit/bare/perl-5.14.1/bin/perl /usr/home/cpan/pit/bare/perl-5.14.1/lib/5.14.1/ExtUtils/xsubpp  -typemap /usr/home/cpan/pit/bare/perl-5.14.1/lib/5.14.1/ExtUtils/typemap -typemap typemap  Data.xs > Data.xsc && mv Data.xsc Data.c
cc -c    -DHAS_FPSETMASK -DHAS_FLOATINGPOINT_H -fno-strict-aliasing -pipe -fstack-protector -I/usr/local/include -O    -DVERSION=\"1.029\"  -DXS_VERSION=\"1.029\" -DPIC -fPIC "-I/usr/home/cpan/pit/bare/perl-5.14.1/lib/5.14.1/amd64-freebsd/CORE"   Data.c
cc -c    -DHAS_FPSETMASK -DHAS_FLOATINGPOINT_H -fno-strict-aliasing -pipe -fstack-protector -I/usr/local/include -O    -DVERSION=\"1.029\"  -DXS_VERSION=\"1.029\" -DPIC -fPIC "-I/usr/home/cpan/pit/bare/perl-5.14.1/lib/5.14.1/amd64-freebsd/CORE"   fft.c
cc -c    -DHAS_FPSETMASK -DHAS_FLOATINGPOINT_H -fno-strict-aliasing -pipe -fstack-protector -I/usr/local/include -O    -DVERSION=\"1.029\"  -DXS_VERSION=\"1.029\" -DPIC -fPIC "-I/usr/home/cpan/pit/bare/perl-5.14.1/lib/5.14.1/amd64-freebsd/CORE"   l2u.c
cc -c    -DHAS_FPSETMASK -DHAS_FLOATINGPOINT_H -fno-strict-aliasing -pipe -fstack-protector -I/usr/local/include -O    -DVERSION=\"1.029\"  -DXS_VERSION=\"1.029\" -DPIC -fPIC "-I/usr/home/cpan/pit/bare/perl-5.14.1/lib/5.14.1/amd64-freebsd/CORE"   rate.c
Running Mkbootstrap for Audio::Data ()
chmod 644 Data.bs
rm -f ../blib/arch/auto/Audio/Data/Data.so
cc  -shared  -L/usr/local/lib -fstack-protector AudioIO.o  Audio_f.o  Data.o  fft.o  l2u.o  rate.o  -o ../blib/arch/auto/Audio/Data/Data.so 	    	 
chmod 755 ../blib/arch/auto/Audio/Data/Data.so
cp Data.bs ../blib/arch/auto/Audio/Data/Data.bs
chmod 644 ../blib/arch/auto/Audio/Data/Data.bs
Manifying ../blib/man3/Audio::Data.3
cp Play.pm ../blib/lib/Audio/Play.pm
AutoSplitting ../blib/lib/Audio/Play.pm (../blib/lib/auto/Audio/Play)
cp freebsd.pm ../../blib/lib/Audio/Play/freebsd.pm
/usr/home/cpan/pit/bare/perl-5.14.1/bin/perl /usr/home/cpan/pit/bare/perl-5.14.1/lib/5.14.1/ExtUtils/xsubpp  -typemap /usr/home/cpan/pit/bare/perl-5.14.1/lib/5.14.1/ExtUtils/typemap -typemap ../../Data/typemap  freebsd.xs > freebsd.xsc && mv freebsd.xsc freebsd.c
cc -c    -DHAS_FPSETMASK -DHAS_FLOATINGPOINT_H -fno-strict-aliasing -pipe -fstack-protector -I/usr/local/include -O    -DVERSION=\"1.029\"  -DXS_VERSION=\"1.029\" -DPIC -fPIC "-I/usr/home/cpan/pit/bare/perl-5.14.1/lib/5.14.1/amd64-freebsd/CORE"  -DHAVE_SYS_SOUNDCARD_H freebsd.c
Running Mkbootstrap for Audio::Play::freebsd ()
chmod 644 freebsd.bs
rm -f ../../blib/arch/auto/Audio/Play/freebsd/freebsd.so
cc  -shared  -L/usr/local/lib -fstack-protector freebsd.o  -o ../../blib/arch/auto/Audio/Play/freebsd/freebsd.so 	    	 
chmod 755 ../../blib/arch/auto/Audio/Play/freebsd/freebsd.so
cp freebsd.bs ../../blib/arch/auto/Audio/Play/freebsd/freebsd.bs
chmod 644 ../../blib/arch/auto/Audio/Play/freebsd/freebsd.bs
true
true
Manifying ../blib/man3/Audio::Play.3
cp tkscope blib/script/tkscope
/usr/home/cpan/pit/bare/perl-5.14.1/bin/perl -MExtUtils::MY -e 'MY->fixin(shift)' -- blib/script/tkscope
cp morse blib/script/morse
/usr/home/cpan/pit/bare/perl-5.14.1/bin/perl -MExtUtils::MY -e 'MY->fixin(shift)' -- blib/script/morse
cp dial blib/script/dial
/usr/home/cpan/pit/bare/perl-5.14.1/bin/perl -MExtUtils::MY -e 'MY->fixin(shift)' -- blib/script/dial
cp pplay blib/script/pplay
/usr/home/cpan/pit/bare/perl-5.14.1/bin/perl -MExtUtils::MY -e 'MY->fixin(shift)' -- blib/script/pplay

[ERROR] [Tue Aug  9 10:07:17 2011] MAKE TEST failed: true
true
PERL_DL_NONLAZY=1 /usr/home/cpan/pit/bare/perl-5.14.1/bin/perl "-MExtUtils::Command::MM" "-e" "test_harness(0, '../blib/lib', '../blib/arch')" t/*.t
Name "Audio::Data::AudioVtab" used only once: possible typo at /usr/home/cpan/pit/bare/perl-5.14.1/lib/5.14.1/amd64-freebsd/DynaLoader.pm line 213.
t/init.t ...... ok
Name "Audio::Data::AudioVtab" used only once: possible typo at /usr/home/cpan/pit/bare/perl-5.14.1/lib/5.14.1/amd64-freebsd/DynaLoader.pm line 213.
t/load.t ...... 
Dubious, test returned 25 (wstat 6400, 0x1900)
Failed 2/2 subtests 
Unknown file format at t/load.t line 11.
Name "Audio::Data::AudioVtab" used only once: possible typo at /usr/home/cpan/pit/bare/perl-5.14.1/lib/5.14.1/amd64-freebsd/DynaLoader.pm line 213.
t/overload.t .. ok
Name "Audio::Data::AudioVtab" used only once: possible typo at /usr/home/cpan/pit/bare/perl-5.14.1/lib/5.14.1/amd64-freebsd/DynaLoader.pm line 213.
t/poly.t ...... ok

Test Summary Report
-------------------
t/load.t    (Wstat: 6400 Tests: 0 Failed: 0)
  Non-zero exit status: 25
  Parse errors: Bad plan.  You planned 2 tests but ran 0.
Files=4, Tests=42,  0 wallclock secs ( 0.05 usr  0.00 sys +  0.10 cusr  0.05 csys =  0.20 CPU)
Result: FAIL
*** Error code 255

Stop in /usr/home/cpan/pit/bare/conf/perl-5.14.1/.cpanplus/5.14.1/build/Audio-1.029/Data.
*** Error code 1

Stop in /usr/home/cpan/pit/bare/conf/perl-5.14.1/.cpanplus/5.14.1/build/Audio-1.029.
Failed 1/4 test programs. 0/42 subtests failed.

[MSG] [Tue Aug  9 10:07:17 2011] DEFAULT 'proceed_on_test_failure' HANDLER RETURNING 'sub return value'

PREREQUISITES:

Here is a list of prerequisites you specified and versions we
managed to load:

	  Module Name                        Have     Want
	  ExtUtils::MakeMaker                6.58        0

Perl module toolchain versions installed:
	Module Name                        Have
	CPANPLUS                         0.9109
	CPANPLUS::Dist::Build              0.56
	Cwd                                3.36
	ExtUtils::CBuilder             0.280203
	ExtUtils::Command                  1.17
	ExtUtils::Install                  1.56
	ExtUtils::MakeMaker                6.58
	ExtUtils::Manifest                 1.58
	ExtUtils::ParseXS                2.2210
	File::Spec                         3.33
	Module::Build                    0.3800
	Test::Harness                      3.23
	Test::More                         0.98
	version                            0.91

******************************** NOTE ********************************
The comments above are created mechanically, possibly without manual
checking by the sender.  As there are many people performing automatic
tests on each upload to CPAN, it is likely that you will receive
identical messages about the same problem.

If you believe that the message is mistaken, please reply to the first
one with correction and/or additional informations, and do not take
it personally.  We appreciate your patience. :)
**********************************************************************

Additional comments:


This report was machine-generated by CPANPLUS::Dist::YACSmoke 0.64.
Powered by minismokebox version 0.54

------------------------------
ENVIRONMENT AND OTHER CONTEXT
------------------------------

Environment variables:

    AUTOMATED_TESTING = 1
    PATH = /sbin:/bin:/usr/sbin:/usr/bin:/usr/games:/usr/local/sbin:/usr/local/bin:/home/cpan/bin
    PERL5LIB = :/usr/home/cpan/pit/bare/conf/perl-5.14.1/.cpanplus/5.14.1/build/Audio-1.029/blib/lib:/usr/home/cpan/pit/bare/conf/perl-5.14.1/.cpanplus/5.14.1/build/Audio-1.029/blib/arch
    PERL5_CPANPLUS_IS_RUNNING = 86925
    PERL5_CPANPLUS_IS_VERSION = 0.9109
    PERL5_MINISMOKEBOX = 0.54
    PERL5_YACSMOKE_BASE = /usr/home/cpan/pit/bare/conf/perl-5.14.1
    PERL_EXTUTILS_AUTOINSTALL = --defaultdeps
    PERL_MM_USE_DEFAULT = 1
    SHELL = /usr/local/bin/bash
    TERM = screen

Perl special variables (and OS-specific diagnostics, for MSWin32):

    Perl: $^X = /usr/home/cpan/pit/bare/perl-5.14.1/bin/perl
    UID:  $<  = 1002
    EUID: $>  = 1002
    GID:  $(  = 1002 1002
    EGID: $)  = 1002 1002


-------------------------------


--

Summary of my perl5 (revision 5 version 14 subversion 1) configuration:
   
  Platform:
    osname=freebsd, osvers=9.0-current-201101, archname=amd64-freebsd
    uname='freebsd flooble.bingosnet.co.uk 9.0-current-201101 freebsd 9.0-current-201101 #0: mon jan 3 22:15:39 utc 2011 root@farrell.cse.buffalo.edu:usrobjusrsrcsysgeneric amd64 '
    config_args='-des -Dprefix=/usr/home/cpan/pit/bare/perl-5.14.1'
    hint=recommended, useposix=true, d_sigaction=define
    useithreads=undef, usemultiplicity=undef
    useperlio=define, d_sfio=undef, uselargefiles=define, usesocks=undef
    use64bitint=define, use64bitall=define, uselongdouble=undef
    usemymalloc=n, bincompat5005=undef
  Compiler:
    cc='cc', ccflags ='-DHAS_FPSETMASK -DHAS_FLOATINGPOINT_H -fno-strict-aliasing -pipe -fstack-protector -I/usr/local/include',
    optimize='-O',
    cppflags='-DHAS_FPSETMASK -DHAS_FLOATINGPOINT_H -fno-strict-aliasing -pipe -fstack-protector -I/usr/local/include'
    ccversion='', gccversion='4.2.1 20070719  [FreeBSD]', gccosandvers=''
    intsize=4, longsize=8, ptrsize=8, doublesize=8, byteorder=12345678
    d_longlong=define, longlongsize=8, d_longdbl=define, longdblsize=16
    ivtype='long', ivsize=8, nvtype='double', nvsize=8, Off_t='off_t', lseeksize=8
    alignbytes=8, prototype=define
  Linker and Libraries:
    ld='cc', ldflags ='-Wl,-E  -fstack-protector -L/usr/local/lib'
    libpth=/usr/lib /usr/local/lib
    libs=-lgdbm -lm -lcrypt -lutil -lc
    perllibs=-lm -lcrypt -lutil -lc
    libc=, so=so, useshrplib=false, libperl=libperl.a
    gnulibc_version=''
  Dynamic Linking:
    dlsrc=dl_dlopen.xs, dlext=so, d_dlsymun=undef, ccdlflags=' '
    cccdlflags='-DPIC -fPIC', lddlflags='-shared  -L/usr/local/lib -fstack-protector'


Characteristics of this binary (from libperl): 
  Compile-time options: PERL_DONT_CREATE_GVSV PERL_MALLOC_WRAP
                        PERL_PRESERVE_IVUV USE_64_BIT_ALL USE_64_BIT_INT
                        USE_LARGE_FILES USE_PERLIO USE_PERL_ATOF
  Built under freebsd
  Compiled at Jun 22 2011 00:51:18
  %ENV:
    PERL5LIB=":/usr/home/cpan/pit/bare/conf/perl-5.14.1/.cpanplus/5.14.1/build/Audio-1.029/blib/lib:/usr/home/cpan/pit/bare/conf/perl-5.14.1/.cpanplus/5.14.1/build/Audio-1.029/blib/arch"
    PERL5_CPANPLUS_IS_RUNNING="86925"
    PERL5_CPANPLUS_IS_VERSION="0.9109"
    PERL5_MINISMOKEBOX="0.54"
    PERL5_YACSMOKE_BASE="/usr/home/cpan/pit/bare/conf/perl-5.14.1"
    PERL_EXTUTILS_AUTOINSTALL="--defaultdeps"
    PERL_MM_USE_DEFAULT="1"
  @INC:
    /usr/home/cpan/pit/bare/conf/perl-5.14.1/.cpanplus/5.14.1/build/Audio-1.029/blib/lib
    /usr/home/cpan/pit/bare/conf/perl-5.14.1/.cpanplus/5.14.1/build/Audio-1.029/blib/arch
    /usr/home/cpan/pit/bare/perl-5.14.1/lib/site_perl/5.14.1/amd64-freebsd
    /usr/home/cpan/pit/bare/perl-5.14.1/lib/site_perl/5.14.1
    /usr/home/cpan/pit/bare/perl-5.14.1/lib/5.14.1/amd64-freebsd
    /usr/home/cpan/pit/bare/perl-5.14.1/lib/5.14.1
    .