Report for InlineX-CPP2XS-0.16

Back
From: metabase:user:30977d10-2aae-11df-837a-5e0a49663a4f
Subject: FAIL InlineX-CPP2XS-0.16 5.13.2 GNU/Linux
Date: 2010-07-07T20:13:25Z

This distribution has been tested as part of the CPAN Testers
project, supporting the Perl programming language.  See
http://wiki.cpantesters.org/ for more information or email
questions to cpan-testers-discuss@perl.org


--
Dear Sisyphus,

This is a computer-generated report for InlineX-CPP2XS-0.16
on perl 5.13.2, created by CPAN-Reporter-1.1711.

Thank you for uploading your work to CPAN.  However, there was a problem
testing your distribution.

If you think this report is invalid, please consult the CPAN Testers Wiki
for suggestions on how to avoid getting FAIL reports for missing library
or binary dependencies, unsupported operating systems, and so on:

http://wiki.cpantesters.org/wiki/CPANAuthorNotes

Sections of this report:

    * Tester comments
    * Program output
    * Prerequisites
    * Environment and other context

------------------------------
TESTER COMMENTS
------------------------------

Additional comments from tester:

this report is from an automated smoke testing program
and was not reviewed by a human for accuracy

------------------------------
PROGRAM OUTPUT
------------------------------

Output from '/usr/bin/make test':

PERL_DL_NONLAZY=1 /home/stro/perl/perl5132/bin/perl "-MExtUtils::Command::MM" "-e" "test_harness(0, 'blib/lib', 'blib/arch')" t/*.t
t/pod.t ............. ok
Starting Build Preprocess Stage
Finished Build Preprocess Stage

Starting Build Parse Stage
Finished Build Parse Stage

Starting Build Glue 1 Stage
Finished Build Glue 1 Stage

Starting Build Glue 2 Stage
Finished Build Glue 2 Stage

At line 14:
     GOT:usingnamespacestd;*
EXPECTED:*
test_cpp.txt does not match expected_autowrap.txt
t/t_autowrap_cpp.t .. 
Failed 1/2 subtests 
Starting Build Preprocess Stage
Finished Build Preprocess Stage

Starting Build Parse Stage
Finished Build Parse Stage

Starting Build Glue 1 Stage
Finished Build Glue 1 Stage

Starting Build Glue 2 Stage
Finished Build Glue 2 Stage

At line 14:
     GOT:usingnamespacestd;*
EXPECTED:*
testc_cpp.txt does not match expected_autowrap.txt
t/t_code.t .......... 
Failed 1/2 subtests 
Starting Build Preprocess Stage
Finished Build Preprocess Stage

Starting Build Parse Stage
Finished Build Parse Stage

Starting Build Glue 1 Stage
Finished Build Glue 1 Stage

Starting Build Glue 2 Stage
Finished Build Glue 2 Stage

At line 14:
     GOT:usingnamespacestd;*
EXPECTED:*
Inherit.txt does not match expected_cpp.txt
t/t_cpp.t ........... 
Failed 1/10 subtests 
Starting Build Preprocess Stage
Finished Build Preprocess Stage

Starting Build Parse Stage
Finished Build Parse Stage

Starting Build Glue 1 Stage
Finished Build Glue 1 Stage

t/t_exports.t ....... ok
Starting Build Preprocess Stage
Finished Build Preprocess Stage

Starting Build Parse Stage
Finished Build Parse Stage

Starting Build Glue 1 Stage
Finished Build Glue 1 Stage

At line 14:
     GOT:usingnamespacestd;*
EXPECTED:*
hello.txt does not match expected_hello.txt
t/t_hello.t ......... 
Failed 1/1 subtests 
At line 14:
     GOT:usingnamespacestd;*
EXPECTED:*
src/test.txt does not match expected_autowrap.txt
t/t_makefile_pl.t ... 
Failed 1/4 subtests 
Starting Build Preprocess Stage
Finished Build Preprocess Stage

Starting Build Parse Stage
Finished Build Parse Stage

Starting Build Glue 1 Stage
Finished Build Glue 1 Stage

Starting Build Glue 2 Stage
Finished Build Glue 2 Stage

At line 14:
     GOT:usingnamespacestd;*
EXPECTED:*
testc_cpp.txt does not match expected_autowrap.txt
t/t_src_location.t .. 
Failed 1/2 subtests 

Test Summary Report
-------------------
t/t_autowrap_cpp.t (Wstat: 0 Tests: 2 Failed: 1)
  Failed test:  1
t/t_code.t        (Wstat: 0 Tests: 2 Failed: 1)
  Failed test:  1
t/t_cpp.t         (Wstat: 0 Tests: 10 Failed: 1)
  Failed test:  1
t/t_hello.t       (Wstat: 0 Tests: 1 Failed: 1)
  Failed test:  1
t/t_makefile_pl.t (Wstat: 0 Tests: 4 Failed: 1)
  Failed test:  1
t/t_src_location.t (Wstat: 0 Tests: 2 Failed: 1)
  Failed test:  1
Files=8, Tests=24,  5 wallclock secs ( 0.03 usr  0.08 sys +  2.62 cusr  1.00 csys =  3.73 CPU)
Result: FAIL
Failed 6/8 test programs. 6/24 subtests failed.
make: *** [test_dynamic] Error 255

------------------------------
PREREQUISITES
------------------------------

Prerequisite modules loaded:

requires:

    Module      Need Have   
    ----------- ---- -------
    Inline      0.45 0.46_01
    Inline::CPP 0.25 0.25   


------------------------------
ENVIRONMENT AND OTHER CONTEXT
------------------------------

Environment variables:

    AUTOMATED_TESTING = 1
    LANG = en_US.UTF-8
    PATH = /usr/local/bin:/usr/bin:/bin:/usr/games
    PERL5LIB = 
    PERL5OPT = 
    PERL5_CPANPLUS_IS_RUNNING = 14231
    PERL5_CPAN_IS_RUNNING = 14231
    PERL5_CPAN_IS_RUNNING_IN_RECURSION = 31267,14231
    PERL_CR_SMOKER_CURRENT = InlineX-CPP2XS-0.16
    PERL_EXTUTILS_AUTOINSTALL = --defaultdeps
    PERL_MM_USE_DEFAULT = 1
    SHELL = /bin/bash
    TERM = xterm

Perl special variables (and OS-specific diagnostics, for MSWin32):

    $^X = /home/stro/perl/perl5132/bin/perl
    $UID/$EUID = 1000 / 1000
    $GID = 1000 20 24 25 29 44 46 1000
    $EGID = 1000 20 24 25 29 44 46 1000

Perl module toolchain versions installed:

    Module              Have  
    ------------------- ------
    CPAN                1.9304
    Cwd                 3.31  
    ExtUtils::CBuilder  0.2703
    ExtUtils::Command   1.16  
    ExtUtils::Install   1.54  
    ExtUtils::MakeMaker 6.56  
    ExtUtils::Manifest  1.58  
    ExtUtils::ParseXS   2.2206
    File::Spec          3.31  
    Module::Build       0.3607
    Module::Signature   0.64  
    Test::Harness       3.21  
    Test::More          0.94  
    YAML                0.71  
    YAML::Syck          1.10  
    version             0.82  


--

Summary of my perl5 (revision 5 version 13 subversion 2) configuration:
   
  Platform:
    osname=linux, osvers=2.6.26-2-686, archname=i686-linux
    uname='linux debian5 2.6.26-2-686 #1 smp wed may 12 21:56:10 utc 2010 i686 gnulinux '
    config_args=''
    hint=recommended, useposix=true, d_sigaction=define
    useithreads=undef, usemultiplicity=undef
    useperlio=define, d_sfio=undef, uselargefiles=define, usesocks=undef
    use64bitint=undef, use64bitall=undef, uselongdouble=undef
    usemymalloc=n, bincompat5005=undef
  Compiler:
    cc='cc', ccflags ='-fno-strict-aliasing -pipe -fstack-protector -I/usr/local/include -D_LARGEFILE_SOURCE -D_FILE_OFFSET_BITS=64',
    optimize='-O2',
    cppflags='-fno-strict-aliasing -pipe -fstack-protector -I/usr/local/include'
    ccversion='', gccversion='4.3.2', gccosandvers=''
    intsize=4, longsize=4, ptrsize=4, doublesize=8, byteorder=1234
    d_longlong=define, longlongsize=8, d_longdbl=define, longdblsize=12
    ivtype='long', ivsize=4, nvtype='double', nvsize=8, Off_t='off_t', lseeksize=8
    alignbytes=4, prototype=define
  Linker and Libraries:
    ld='cc', ldflags =' -fstack-protector -L/usr/local/lib'
    libpth=/usr/local/lib /lib /usr/lib
    libs=-lnsl -ldb -ldl -lm -lcrypt -lutil -lc
    perllibs=-lnsl -ldl -lm -lcrypt -lutil -lc
    libc=/lib/libc-2.7.so, so=so, useshrplib=false, libperl=libperl.a
    gnulibc_version='2.7'
  Dynamic Linking:
    dlsrc=dl_dlopen.xs, dlext=so, d_dlsymun=undef, ccdlflags='-Wl,-E'
    cccdlflags='-fPIC', lddlflags='-shared -O2 -L/usr/local/lib -fstack-protector'


Characteristics of this binary (from libperl): 
  Compile-time options: PERL_DONT_CREATE_GVSV PERL_MALLOC_WRAP
                        USE_LARGE_FILES USE_PERLIO USE_PERL_ATOF
  Built under linux
  Compiled at Jun 23 2010 13:37:47
  %ENV:
    PERL5LIB=""
    PERL5OPT=""
    PERL5_CPANPLUS_IS_RUNNING="14231"
    PERL5_CPAN_IS_RUNNING="14231"
    PERL5_CPAN_IS_RUNNING_IN_RECURSION="31267,14231"
    PERL_CR_SMOKER_CURRENT="InlineX-CPP2XS-0.16"
    PERL_EXTUTILS_AUTOINSTALL="--defaultdeps"
    PERL_MM_USE_DEFAULT="1"
  @INC:
    /home/stro/perl/perl5132/lib/site_perl/5.13.2/i686-linux
    /home/stro/perl/perl5132/lib/site_perl/5.13.2
    /home/stro/perl/perl5132/lib/5.13.2/i686-linux
    /home/stro/perl/perl5132/lib/5.13.2
    .