Report for Dist-Zilla-Plugin-Version-Git-Flowish-0.04

Back
From: metabase:user:e3434da8-b236-11df-85ca-0247c6d74bde
Subject: FAIL Dist-Zilla-Plugin-Version-Git-Flowish-0.04 v5.14.2 GNU/Linux
Date: 2011-11-17T06:58:13Z

This distribution has been tested as part of the CPAN Testers
project, supporting the Perl programming language.  See
http://wiki.cpantesters.org/ for more information or email
questions to cpan-testers-discuss@perl.org


--
Dear Cory G Watson,

This is a computer-generated report for Dist-Zilla-Plugin-Version-Git-Flowish-0.04
on perl 5.14.2, created by CPAN-Reporter-1.2002.

Thank you for uploading your work to CPAN.  However, there was a problem
testing your distribution.

If you think this report is invalid, please consult the CPAN Testers Wiki
for suggestions on how to avoid getting FAIL reports for missing library
or binary dependencies, unsupported operating systems, and so on:

http://wiki.cpantesters.org/wiki/CPANAuthorNotes

Sections of this report:

    * Tester comments
    * Program output
    * Prerequisites
    * Environment and other context

------------------------------
TESTER COMMENTS
------------------------------

Additional comments from tester:

this report is from an automated smoke testing program
and was not reviewed by a human for accuracy

------------------------------
PROGRAM OUTPUT
------------------------------

Output from '/usr/bin/make test':

PERL_DL_NONLAZY=1 /home/perl5142/testing/bin/perl5.14.2 "-MExtUtils::Command::MM" "-e" "test_harness(0, 'blib/lib', 'blib/arch')" t/*.t
t/release-pod-syntax.t .. skipped: these tests are for release candidate testing
t/release-synopsis.t .... skipped: these tests are for release candidate testing

#   Failed test 'use Dist::Zilla::Plugin::Version::Git::Flowish;'
#   at t/simple.t line 6.
#     Tried to use 'Dist::Zilla::Plugin::Version::Git::Flowish'.
#     Error:  Can't locate Dist/Zilla/Role/VersionProvider.pm in @INC (@INC contains: /home/perl5142/.cpan/build/Dist-Zilla-Plugin-Version-Git-Flowish-0.04-sk1QAp/blib/lib /home/perl5142/.cpan/build/Dist-Zilla-Plugin-Version-Git-Flowish-0.04-sk1QAp/blib/arch /home/perl5142/testing/lib/site_perl/5.14.2/x86_64-linux-thread-multi /home/perl5142/testing/lib/site_perl/5.14.2 /home/perl5142/testing/lib/5.14.2/x86_64-linux-thread-multi /home/perl5142/testing/lib/5.14.2 .). at /home/perl5142/testing/lib/site_perl/5.14.2/x86_64-linux-thread-multi/Class/MOP.pm line 135
# 	Class::MOP::load_first_existing_class('Dist::Zilla::Role::VersionProvider') called at /home/perl5142/testing/lib/site_perl/5.14.2/x86_64-linux-thread-multi/Class/MOP.pm line 140
# 	Class::MOP::load_class('Dist::Zilla::Role::VersionProvider', undef) called at /home/perl5142/testing/lib/site_perl/5.14.2/x86_64-linux-thread-multi/Moose/Util.pm line 131
# 	Moose::Util::_apply_all_roles('Moose::Meta::Class=HASH(0xc7bfd0)', undef, 'Dist::Zilla::Role::VersionProvider', 'Dist::Zilla::Role::TextTemplate') called at /home/perl5142/testing/lib/site_perl/5.14.2/x86_64-linux-thread-multi/Moose/Util.pm line 98
# 	Moose::Util::apply_all_roles('Moose::Meta::Class=HASH(0xc7bfd0)', 'Dist::Zilla::Role::VersionProvider', 'Dist::Zilla::Role::TextTemplate') called at /home/perl5142/testing/lib/site_perl/5.14.2/x86_64-linux-thread-multi/Moose.pm line 65
# 	Moose::with('Moose::Meta::Class=HASH(0xc7bfd0)', 'Dist::Zilla::Role::VersionProvider', 'Dist::Zilla::Role::TextTemplate') called at /home/perl5142/testing/lib/site_perl/5.14.2/x86_64-linux-thread-multi/Moose/Exporter.pm line 356
# 	Moose::with('Dist::Zilla::Role::VersionProvider', 'Dist::Zilla::Role::TextTemplate') called at /home/perl5142/.cpan/build/Dist-Zilla-Plugin-Version-Git-Flowish-0.04-sk1QAp/blib/lib/Dist/Zilla/Plugin/Version/Git/Flowish.pm line 10
# 	require Dist/Zilla/Plugin/Version/Git/Flowish.pm called at (eval 4) line 2
# 	main::BEGIN() called at /home/perl5142/.cpan/build/Dist-Zilla-Plugin-Version-Git-Flowish-0.04-sk1QAp/blib/lib/Dist/Zilla/Plugin/Version/Git/Flowish.pm line 0
# 	eval {...} called at /home/perl5142/.cpan/build/Dist-Zilla-Plugin-Version-Git-Flowish-0.04-sk1QAp/blib/lib/Dist/Zilla/Plugin/Version/Git/Flowish.pm line 0
# 	eval 'package main;
# use Dist::Zilla::Plugin::Version::Git::Flowish @{$args[0]};
# 1;
# 
# ;' called at /home/perl5142/testing/lib/5.14.2/Test/More.pm line 885
# 	Test::More::_eval('package main;\x{a}use Dist::Zilla::Plugin::Version::Git::Flowish ...', 'ARRAY(0xb812b8)') called at /home/perl5142/testing/lib/5.14.2/Test/More.pm line 860
# 	Test::More::use_ok('Dist::Zilla::Plugin::Version::Git::Flowish') called at t/simple.t line 6
# 	main::BEGIN() called at /home/perl5142/.cpan/build/Dist-Zilla-Plugin-Version-Git-Flowish-0.04-sk1QAp/blib/lib/Dist/Zilla/Plugin/Version/Git/Flowish.pm line 0
# 	eval {...} called at /home/perl5142/.cpan/build/Dist-Zilla-Plugin-Version-Git-Flowish-0.04-sk1QAp/blib/lib/Dist/Zilla/Plugin/Version/Git/Flowish.pm line 0
# Compilation failed in require at (eval 4) line 2.
# BEGIN failed--compilation aborted at (eval 4) line 2.
# Looks like you failed 1 test of 1.
t/simple.t .............. 
Dubious, test returned 1 (wstat 256, 0x100)
Failed 1/1 subtests 

Test Summary Report
-------------------
t/simple.t            (Wstat: 256 Tests: 1 Failed: 1)
  Failed test:  1
  Non-zero exit status: 1
Files=3, Tests=1,  0 wallclock secs ( 0.03 usr  0.01 sys +  0.24 cusr  0.02 csys =  0.30 CPU)
Result: FAIL
Failed 1/3 test programs. 1/1 subtests failed.
make: *** [test_dynamic] Error 1

------------------------------
PREREQUISITES
------------------------------

Prerequisite modules loaded:

requires:

    Module              Need Have   
    ------------------- ---- -------
    Moose               0    2.0205 

build_requires:

    Module              Need Have   
    ------------------- ---- -------
    strict              0    1.04   
    Test::More          0    0.98   
    warnings            0    1.12   

configure_requires:

    Module              Need Have   
    ------------------- ---- -------
    ExtUtils::MakeMaker 6.30 6.57_05


------------------------------
ENVIRONMENT AND OTHER CONTEXT
------------------------------

Environment variables:

    AUTOMATED_TESTING = 1
    LANG = en_GB.utf8
    LC_COLLATE = C
    LC_MONETARY = nl_NL.utf8
    PATH = /home/tester/perl5/perlbrew/bin:/home/tester/perl5/perlbrew/perls/perl-5.15.2/bin:/usr/lib64/qt-3.3/bin:/usr/lib64/ccache:/usr/local/bin:/bin:/usr/bin:/usr/local/sbin:/usr/sbin:/sbin:/home/tester/bin:/home/tester/bin
    PATH_WITHOUT_PERLBREW = /usr/lib64/qt-3.3/bin:/usr/lib64/ccache:/usr/local/bin:/bin:/usr/bin:/usr/local/sbin:/usr/sbin:/sbin:/home/tester/bin
    PERL5LIB = 
    PERL5OPT = 
    PERL5_CPANPLUS_IS_RUNNING = 21438
    PERL5_CPAN_IS_RUNNING = 21438
    PERL5_CPAN_IS_RUNNING_IN_RECURSION = 2156,21438
    PERLBREW_PATH = /home/tester/perl5/perlbrew/bin:/home/tester/perl5/perlbrew/perls/perl-5.15.2/bin
    PERLBREW_PERL = perl-5.15.2
    PERLBREW_ROOT = /home/tester/perl5/perlbrew
    PERLBREW_VERSION = 0.15
    PERL_CR_SMOKER_CURRENT = Dist-Zilla-Plugin-Version-Git-Flowish-0.04
    PERL_EXTUTILS_AUTOINSTALL = --defaultdeps
    PERL_MM_USE_DEFAULT = 1
    SHELL = /bin/bash
    TERM = screen

Perl special variables (and OS-specific diagnostics, for MSWin32):

    $^X = /home/perl5142/testing/bin/perl5.14.2
    $UID/$EUID = 514 / 514
    $GID = 514 514
    $EGID = 514 514

Perl module toolchain versions installed:

    Module              Have     
    ------------------- ---------
    CPAN                1.9600_01
    CPAN::Meta          2.110440 
    Cwd                 3.36     
    ExtUtils::CBuilder  0.280203 
    ExtUtils::Command   1.17     
    ExtUtils::Install   1.56     
    ExtUtils::MakeMaker 6.57_05  
    ExtUtils::Manifest  1.58     
    ExtUtils::ParseXS   2.2210   
    File::Spec          3.33     
    JSON                2.53     
    JSON::PP            2.27105  
    Module::Build       0.3800   
    Module::Signature   n/a      
    Parse::CPAN::Meta   1.4401   
    Test::Harness       3.23     
    Test::More          0.98     
    YAML                0.73     
    YAML::Syck          1.17     
    version             0.94     


--

Summary of my perl5 (revision 5 version 14 subversion 2) configuration:
   
  Platform:
    osname=linux, osvers=2.6.38.8-35.fc15.x86_64, archname=x86_64-linux-thread-multi
    uname='linux firenze.fritz.box 2.6.38.8-35.fc15.x86_64 #1 smp wed jul 6 13:58:54 utc 2011 x86_64 x86_64 x86_64 gnulinux '
    config_args='-Dprefix=/home/perl5142/testing/perl5142 -Dusedevel -Dusethreads -des'
    hint=previous, useposix=true, d_sigaction=define
    useithreads=define, usemultiplicity=define
    useperlio=define, d_sfio=undef, uselargefiles=define, usesocks=undef
    use64bitint=define, use64bitall=define, uselongdouble=undef
    usemymalloc=n, bincompat5005=undef
  Compiler:
    cc='cc', ccflags ='-D_REENTRANT -D_GNU_SOURCE -fno-strict-aliasing -pipe -fstack-protector -I/usr/local/include -D_LARGEFILE_SOURCE -D_FILE_OFFSET_BITS=64',
    optimize='-O2',
    cppflags='-D_REENTRANT -D_GNU_SOURCE -fno-strict-aliasing -pipe -fstack-protector -I/usr/local/include -D_REENTRANT -D_GNU_SOURCE -fno-strict-aliasing -pipe -fstack-protector -I/usr/local/include -D_LARGEFILE_SOURCE -D_FILE_OFFSET_BITS=64'
    ccversion='', gccversion='4.6.0 20110530 (Red Hat 4.6.0-9)', gccosandvers=''
    intsize=4, longsize=8, ptrsize=8, doublesize=8, byteorder=12345678
    d_longlong=define, longlongsize=8, d_longdbl=define, longdblsize=16
    ivtype='long', ivsize=8, nvtype='double', nvsize=8, Off_t='off_t', lseeksize=8
    alignbytes=8, prototype=define
  Linker and Libraries:
    ld='cc', ldflags =' -fstack-protector -L/usr/local/lib'
    libpth=/usr/local/lib /lib/../lib64 /usr/lib/../lib64 /lib /usr/lib /lib64 /usr/lib64 /usr/local/lib64
    libs=-lnsl -lgdbm -ldb -ldl -lm -lcrypt -lutil -lpthread -lc -lgdbm_compat
    perllibs=-lnsl -ldl -lm -lcrypt -lutil -lpthread -lc
    libc=, so=so, useshrplib=false, libperl=libperl.a
    gnulibc_version='2.14'
  Dynamic Linking:
    dlsrc=dl_dlopen.xs, dlext=so, d_dlsymun=undef, ccdlflags='-Wl,-E'
    cccdlflags='-fPIC', lddlflags='-shared -O2 -L/usr/local/lib -fstack-protector'


Characteristics of this binary (from libperl): 
  Compile-time options: MULTIPLICITY PERL_DONT_CREATE_GVSV
                        PERL_IMPLICIT_CONTEXT PERL_MALLOC_WRAP
                        PERL_PRESERVE_IVUV PERL_USE_DEVEL USE_64_BIT_ALL
                        USE_64_BIT_INT USE_ITHREADS USE_LARGE_FILES
                        USE_PERLIO USE_PERL_ATOF USE_REENTRANT_API
  Built under linux
  Compiled at Oct  1 2011 15:33:25
  %ENV:
    PERL5LIB=""
    PERL5OPT=""
    PERL5_CPANPLUS_IS_RUNNING="21438"
    PERL5_CPAN_IS_RUNNING="21438"
    PERL5_CPAN_IS_RUNNING_IN_RECURSION="2156,21438"
    PERLBREW_PATH="/home/tester/perl5/perlbrew/bin:/home/tester/perl5/perlbrew/perls/perl-5.15.2/bin"
    PERLBREW_PERL="perl-5.15.2"
    PERLBREW_ROOT="/home/tester/perl5/perlbrew"
    PERLBREW_VERSION="0.15"
    PERL_CR_SMOKER_CURRENT="Dist-Zilla-Plugin-Version-Git-Flowish-0.04"
    PERL_EXTUTILS_AUTOINSTALL="--defaultdeps"
    PERL_MM_USE_DEFAULT="1"
  @INC:
    /home/perl5142/testing/lib/site_perl/5.14.2/x86_64-linux-thread-multi
    /home/perl5142/testing/lib/site_perl/5.14.2
    /home/perl5142/testing/lib/5.14.2/x86_64-linux-thread-multi
    /home/perl5142/testing/lib/5.14.2
    .