Back
From: metabase:user:cd035d39-6d5b-1014-ab3a-39c0c09612a1
Subject: FAIL Palm-Magellan-NavCompanion-0.54 v5.20.1
Date: 2015-01-02T04:08:10Z
This distribution has been tested as part of the CPAN Testers
project, supporting the Perl programming language. See
http://wiki.cpantesters.org/ for more information or email
questions to cpan-testers-discuss@perl.org
--
Dear Adoptable Modules,
This is a computer-generated report for Palm-Magellan-NavCompanion-0.54
on perl 5.20.1, created by CPAN-Reporter-1.2011.
Thank you for uploading your work to CPAN. However, there was a problem
testing your distribution.
If you think this report is invalid, please consult the CPAN Testers Wiki
for suggestions on how to avoid getting FAIL reports for missing library
or binary dependencies, unsupported operating systems, and so on:
http://wiki.cpantesters.org/wiki/CPANAuthorNotes
Sections of this report:
* Tester comments
* Program output
* Prerequisites
* Environment and other context
------------------------------
TESTER COMMENTS
------------------------------
Additional comments from tester:
this report is from an automated smoke testing program
and was not reviewed by a human for accuracy
------------------------------
PROGRAM OUTPUT
------------------------------
Output from 'C:\strawberry\c\bin\dmake.EXE test':
"C:\Strawberry\perl\bin\perl.exe" "-MExtUtils::Command::MM" "-MTest::Harness" "-e" "undef *Test::Harness::Switches; test_harness(0, 'blib\lib', 'blib\arch')" t/*.t
# Failed test 'use Palm::Magellan::NavCompanion;'
# at t/compile.t line 7.
# Tried to use 'Palm::Magellan::NavCompanion'.
# Error: Can't locate Palm/Magellan/NavCompanion.pm in @INC (you may need to install the Palm::Magellan::NavCompanion module) (@INC contains: C:\cpan\build\Palm-Magellan-NavCompanion-0.54-Bnp1Oy\blib\lib C:\cpan\build\Palm-Magellan-NavCompanion-0.54-Bnp1Oy\blib\arch C:\cpan\build\Palm-1.014-u5gmxY/blib/arch C:\cpan\build\Palm-1.014-u5gmxY/blib/lib C:\cpan\build\Palm-PDB-1.015-QFTioG/blib/arch C:\cpan\build\Palm-PDB-1.015-QFTioG/blib/lib C:\cpan\build\Palm-1.014-u5gmxY/blib/arch C:\cpan\build\Palm-1.014-u5gmxY/blib/lib C:\cpan\build\Palm-PDB-1.015-QFTioG/blib/arch C:\cpan\build\Palm-PDB-1.015-QFTioG/blib/lib C:/Strawberry/perl/site/lib C:/Strawberry/perl/vendor/lib C:/Strawberry/perl/lib .) at t/compile.t line 7.
# BEGIN failed--compilation aborted at t/compile.t line 7.
# Looks like you failed 1 test of 1.
t/compile.t .......
Dubious, test returned 1 (wstat 256, 0x100)
Failed 1/1 subtests
# Failed test 'use Palm::Magellan::NavCompanion;'
# at t/fields.t line 3.
# Tried to use 'Palm::Magellan::NavCompanion'.
# Error: Can't locate Palm/Magellan/NavCompanion.pm in @INC (you may need to install the Palm::Magellan::NavCompanion module) (@INC contains: C:\cpan\build\Palm-Magellan-NavCompanion-0.54-Bnp1Oy\blib\lib C:\cpan\build\Palm-Magellan-NavCompanion-0.54-Bnp1Oy\blib\arch C:\cpan\build\Palm-1.014-u5gmxY/blib/arch C:\cpan\build\Palm-1.014-u5gmxY/blib/lib C:\cpan\build\Palm-PDB-1.015-QFTioG/blib/arch C:\cpan\build\Palm-PDB-1.015-QFTioG/blib/lib C:\cpan\build\Palm-1.014-u5gmxY/blib/arch C:\cpan\build\Palm-1.014-u5gmxY/blib/lib C:\cpan\build\Palm-PDB-1.015-QFTioG/blib/arch C:\cpan\build\Palm-PDB-1.015-QFTioG/blib/lib C:/Strawberry/perl/site/lib C:/Strawberry/perl/vendor/lib C:/Strawberry/perl/lib .) at t/fields.t line 3.
# BEGIN failed--compilation aborted at t/fields.t line 3.
Can't locate object method "new" via package "Palm::PDB" (perhaps you forgot to load "Palm::PDB"?) at t/fields.t line 5.
# Looks like you planned 6 tests but ran 1.
# Looks like you failed 1 test of 1 run.
# Looks like your test exited with 255 just after 1.
t/fields.t ........
Dubious, test returned 255 (wstat 65280, 0xff00)
Failed 6/6 subtests
# Failed test 'use Palm::Magellan::NavCompanion;'
# at t/Load.t line 3.
# Tried to use 'Palm::Magellan::NavCompanion'.
# Error: Can't locate Palm/Magellan/NavCompanion.pm in @INC (you may need to install the Palm::Magellan::NavCompanion module) (@INC contains: C:\cpan\build\Palm-Magellan-NavCompanion-0.54-Bnp1Oy\blib\lib C:\cpan\build\Palm-Magellan-NavCompanion-0.54-Bnp1Oy\blib\arch C:\cpan\build\Palm-1.014-u5gmxY/blib/arch C:\cpan\build\Palm-1.014-u5gmxY/blib/lib C:\cpan\build\Palm-PDB-1.015-QFTioG/blib/arch C:\cpan\build\Palm-PDB-1.015-QFTioG/blib/lib C:\cpan\build\Palm-1.014-u5gmxY/blib/arch C:\cpan\build\Palm-1.014-u5gmxY/blib/lib C:\cpan\build\Palm-PDB-1.015-QFTioG/blib/arch C:\cpan\build\Palm-PDB-1.015-QFTioG/blib/lib C:/Strawberry/perl/site/lib C:/Strawberry/perl/vendor/lib C:/Strawberry/perl/lib .) at t/Load.t line 3.
# BEGIN failed--compilation aborted at t/Load.t line 3.
No handler defined for creator "MGtz", type "Twpt"
# Looks like you failed 1 test of 3.
# Looks like your test exited with 255 just after 3.
t/Load.t ..........
Dubious, test returned 255 (wstat 65280, 0xff00)
Failed 1/3 subtests
t/pod.t ........... skipped: Test::Pod 1.00 required for testing POD
# Failed test 'Pod coverage on Palm::Magellan::NavCompanion'
# at t/pod_coverage.t line 12.
# Palm::Magellan::NavCompanion: couldn't find pod
# Looks like you failed 1 test of 1.
t/pod_coverage.t ..
Dubious, test returned 1 (wstat 256, 0x100)
Failed 1/1 subtests
t/prereq.t ........ skipped: Test::Prereq 1.00 required for testing prereqs
# Failed test 'use Palm::Magellan::NavCompanion;'
# at t/raw_records.t line 3.
# Tried to use 'Palm::Magellan::NavCompanion'.
# Error: Can't locate Palm/Magellan/NavCompanion.pm in @INC (you may need to install the Palm::Magellan::NavCompanion module) (@INC contains: C:\cpan\build\Palm-Magellan-NavCompanion-0.54-Bnp1Oy\blib\lib C:\cpan\build\Palm-Magellan-NavCompanion-0.54-Bnp1Oy\blib\arch C:\cpan\build\Palm-1.014-u5gmxY/blib/arch C:\cpan\build\Palm-1.014-u5gmxY/blib/lib C:\cpan\build\Palm-PDB-1.015-QFTioG/blib/arch C:\cpan\build\Palm-PDB-1.015-QFTioG/blib/lib C:\cpan\build\Palm-1.014-u5gmxY/blib/arch C:\cpan\build\Palm-1.014-u5gmxY/blib/lib C:\cpan\build\Palm-PDB-1.015-QFTioG/blib/arch C:\cpan\build\Palm-PDB-1.015-QFTioG/blib/lib C:/Strawberry/perl/site/lib C:/Strawberry/perl/vendor/lib C:/Strawberry/perl/lib .) at t/raw_records.t line 3.
# BEGIN failed--compilation aborted at t/raw_records.t line 3.
Can't locate object method "new" via package "Palm::PDB" (perhaps you forgot to load "Palm::PDB"?) at t/raw_records.t line 5.
# Looks like you planned 5 tests but ran 1.
# Looks like you failed 1 test of 1 run.
# Looks like your test exited with 255 just after 1.
t/raw_records.t ...
Dubious, test returned 255 (wstat 65280, 0xff00)
Failed 5/5 subtests
Test Summary Report
-------------------
t/compile.t (Wstat: 256 Tests: 1 Failed: 1)
Failed test: 1
Non-zero exit status: 1
t/fields.t (Wstat: 65280 Tests: 1 Failed: 1)
Failed test: 1
Non-zero exit status: 255
Parse errors: Bad plan. You planned 6 tests but ran 1.
t/Load.t (Wstat: 65280 Tests: 3 Failed: 1)
Failed test: 1
Non-zero exit status: 255
t/pod_coverage.t (Wstat: 256 Tests: 1 Failed: 1)
Failed test: 1
Non-zero exit status: 1
t/raw_records.t (Wstat: 65280 Tests: 1 Failed: 1)
Failed test: 1
Non-zero exit status: 255
Parse errors: Bad plan. You planned 5 tests but ran 1.
Files=7, Tests=7, 4 wallclock secs ( 0.16 usr + 0.03 sys = 0.19 CPU)
Result: FAIL
Failed 5/7 test programs. 5/7 subtests failed.
dmake.EXE: Error code 255, while making 'test_dynamic'
------------------------------
PREREQUISITES
------------------------------
Prerequisite modules loaded:
requires:
Module Need Have
------------------- ---- --------
Palm::Raw 0 1.015
Palm::StdAppInfo 0 1.014
Test::More 0 1.001006
build_requires:
Module Need Have
------------------- ---- --------
ExtUtils::MakeMaker 0 7.04
configure_requires:
Module Need Have
------------------- ---- --------
ExtUtils::MakeMaker 0 7.04
------------------------------
ENVIRONMENT AND OTHER CONTEXT
------------------------------
Environment variables:
AUTOMATED_TESTING = 1
COMSPEC = C:\WINDOWS.0\system32\cmd.exe
NONINTERACTIVE_TESTING = 1
NUMBER_OF_PROCESSORS = 1
PATH = C:\WINDOWS.0\system32;C:\strawberry\c\bin;C:\strawberry\perl\site\bin;C:\strawberry\perl\bin
PERL5LIB = C:\cpan\build\Palm-1.014-u5gmxY/blib/arch;C:\cpan\build\Palm-1.014-u5gmxY/blib/lib;C:\cpan\build\Palm-PDB-1.015-QFTioG/blib/arch;C:\cpan\build\Palm-PDB-1.015-QFTioG/blib/lib
PERL5OPT =
PERL5_CPANPLUS_IS_RUNNING = 2952
PERL5_CPAN_IS_RUNNING = 2952
PERL5_CPAN_IS_RUNNING_IN_RECURSION = 3968,2952
PERL_CR_SMOKER_CURRENT = Palm-Magellan-NavCompanion-0.54
PERL_EXTUTILS_AUTOINSTALL = --defaultdeps
PERL_MM_USE_DEFAULT = 1
PROCESSOR_IDENTIFIER = x86 Family 6 Model 14 Stepping 8, GenuineIntel
TEMP = C:\DOKUME~1\smoker\LOKALE~1\Temp
TERM = dumb
Perl special variables (and OS-specific diagnostics, for MSWin32):
$^X = C:\Strawberry\perl\bin\perl.exe
$UID/$EUID = 0 / 0
$GID = 0
$EGID = 0
Win32::GetOSName = WinXP/.Net
Win32::GetOSVersion = Service Pack 3, 5, 1, 2600, 2, 3, 0, 256, 1
Win32::FsType = NTFS
Win32::IsAdminUser = 1
Perl module toolchain versions installed:
Module Have
------------------- --------
CPAN 2.05
CPAN::Meta 2.142060
Cwd 3.48
ExtUtils::CBuilder 0.280219
ExtUtils::Command 1.18
ExtUtils::Install 1.68
ExtUtils::MakeMaker 7.04
ExtUtils::Manifest 1.66
ExtUtils::ParseXS 3.24
File::Spec 3.48
JSON 2.90
JSON::PP 2.27203
Module::Build 0.4210
Module::Signature n/a
Parse::CPAN::Meta 1.4414
Test::Harness 3.34
Test::More 1.001006
YAML 1.11
YAML::Syck n/a
version 0.9909
--
Summary of my perl5 (revision 5 version 20 subversion 1) configuration:
Platform:
osname=MSWin32, osvers=6.3, archname=MSWin32-x86-multi-thread-64int
uname='Win32 strawberry-perl 5.20.1.1 #1 Mon Sep 15 18:25:23 2014 i386'
config_args='undef'
hint=recommended, useposix=true, d_sigaction=undef
useithreads=define, usemultiplicity=define
use64bitint=define, use64bitall=undef, uselongdouble=undef
usemymalloc=n, bincompat5005=undef
Compiler:
cc='gcc', ccflags =' -s -O2 -DWIN32 -DPERL_TEXTMODE_SCRIPTS -DPERL_IMPLICIT_CONTEXT -DPERL_IMPLICIT_SYS -DUSE_PERLIO -fwrapv -fno-strict-aliasing -mms-bitfields',
optimize='-s -O2',
cppflags='-DWIN32'
ccversion='', gccversion='4.8.3', gccosandvers=''
intsize=4, longsize=4, ptrsize=4, doublesize=8, byteorder=12345678
d_longlong=define, longlongsize=8, d_longdbl=define, longdblsize=12
ivtype='long long', ivsize=8, nvtype='double', nvsize=8, Off_t='long long', lseeksize=8
alignbytes=8, prototype=define
Linker and Libraries:
ld='g++', ldflags ='-s -L"C:\STRAWB~1\perl\lib\CORE" -L"C:\STRAWB~1\c\lib"'
libpth=C:\STRAWB~1\c\lib C:\STRAWB~1\c\i686-w64-mingw32\lib C:\STRAWB~1\c\lib\gcc\i686-w64-mingw32\4.8.3
libs=-lmoldname -lkernel32 -luser32 -lgdi32 -lwinspool -lcomdlg32 -ladvapi32 -lshell32 -lole32 -loleaut32 -lnetapi32 -luuid -lws2_32 -lmpr -lwinmm -lversion -lodbc32 -lodbccp32 -lcomctl32
perllibs=-lmoldname -lkernel32 -luser32 -lgdi32 -lwinspool -lcomdlg32 -ladvapi32 -lshell32 -lole32 -loleaut32 -lnetapi32 -luuid -lws2_32 -lmpr -lwinmm -lversion -lodbc32 -lodbccp32 -lcomctl32
libc=, so=dll, useshrplib=true, libperl=libperl520.a
gnulibc_version=''
Dynamic Linking:
dlsrc=dl_win32.xs, dlext=xs.dll, d_dlsymun=undef, ccdlflags=' '
cccdlflags=' ', lddlflags='-mdll -s -L"C:\STRAWB~1\perl\lib\CORE" -L"C:\STRAWB~1\c\lib"'
Characteristics of this binary (from libperl):
Compile-time options: HAS_TIMES HAVE_INTERP_INTERN MULTIPLICITY
PERLIO_LAYERS PERL_DONT_CREATE_GVSV
PERL_HASH_FUNC_ONE_AT_A_TIME_HARD
PERL_IMPLICIT_CONTEXT PERL_IMPLICIT_SYS
PERL_MALLOC_WRAP PERL_NEW_COPY_ON_WRITE
PERL_PRESERVE_IVUV USE_64_BIT_INT USE_ITHREADS
USE_LARGE_FILES USE_LOCALE USE_LOCALE_COLLATE
USE_LOCALE_CTYPE USE_LOCALE_NUMERIC USE_PERLIO
USE_PERL_ATOF
Built under MSWin32
Compiled at Sep 15 2014 18:29:20
%ENV:
PERL5LIB="C:\cpan\build\Palm-1.014-u5gmxY/blib/arch;C:\cpan\build\Palm-1.014-u5gmxY/blib/lib;C:\cpan\build\Palm-PDB-1.015-QFTioG/blib/arch;C:\cpan\build\Palm-PDB-1.015-QFTioG/blib/lib"
PERL5_CPANPLUS_IS_RUNNING="2952"
PERL5_CPAN_IS_RUNNING="2952"
PERL5_CPAN_IS_RUNNING_IN_RECURSION="3968,2952"
PERL_CR_SMOKER_CURRENT="Palm-Magellan-NavCompanion-0.54"
PERL_EXTUTILS_AUTOINSTALL="--defaultdeps"
PERL_MM_USE_DEFAULT="1"
@INC:
C:\cpan\build\Palm-1.014-u5gmxY/blib/arch
C:\cpan\build\Palm-1.014-u5gmxY/blib/lib
C:\cpan\build\Palm-PDB-1.015-QFTioG/blib/arch
C:\cpan\build\Palm-PDB-1.015-QFTioG/blib/lib
C:/Strawberry/perl/site/lib
C:/Strawberry/perl/vendor/lib
C:/Strawberry/perl/lib
.