Report for XML-Feed-0.44

Back
From: metabase:user:30977d10-2aae-11df-837a-5e0a49663a4f
Subject: FAIL XML-Feed-0.44 v5.12.4 GNU/Linux
Date: 2011-07-14T03:40:56Z

This distribution has been tested as part of the CPAN Testers
project, supporting the Perl programming language.  See
http://wiki.cpantesters.org/ for more information or email
questions to cpan-testers-discuss@perl.org


--
Dear Matt S Trout,

This is a computer-generated report for XML-Feed-0.44
on perl 5.12.4, created by CPAN-Reporter-1.1902.

Thank you for uploading your work to CPAN.  However, there was a problem
testing your distribution.

If you think this report is invalid, please consult the CPAN Testers Wiki
for suggestions on how to avoid getting FAIL reports for missing library
or binary dependencies, unsupported operating systems, and so on:

http://wiki.cpantesters.org/wiki/CPANAuthorNotes

Sections of this report:

    * Tester comments
    * Program output
    * Prerequisites
    * Environment and other context

------------------------------
TESTER COMMENTS
------------------------------

Additional comments from tester:

this report is from an automated smoke testing program
and was not reviewed by a human for accuracy

------------------------------
PROGRAM OUTPUT
------------------------------

Output from '/usr/bin/make test':

PERL_DL_NONLAZY=1 /home/trushel/perl/perl5124/bin/perl "-MExtUtils::Command::MM" "-e" "test_harness(0, 'blib/lib', 'blib/arch')" t/*.t
t/00-compile.t ................ ok
t/01-parse.t .................. ok
t/02-create.t ................. ok
t/04-splice-atom.t ............ ok
t/04-splice-rss.t ............. ok
t/05-atom10-link.t ............ ok
t/06-atom10.t ................. ok

#   Failed test at t/07-atom10-create.t line 40.
#          got: '2011-07-14T01:53:12Z'
#     expected: '2011-07-14T01:53:12'

#   Failed test at t/07-atom10-create.t line 53.
#          got: '2011-07-14T01:53:12Z'
#     expected: '2011-07-14T01:53:12'
# 2 tests of 17 failed.
t/07-atom10-create.t .......... 
Dubious, test returned 2 (wstat 512, 0x200)
Failed 2/17 subtests 
t/08-convert-summary-bug.t .... ok
t/09-missing-content-bug.t .... ok
t/10-mix-and-match.t .......... ok
t/11-xml-base-atom.t .......... ok
t/11-xml-base-rss.t ........... ok
t/12-multi-categories-atom.t .. ok
t/12-multi-categories-rss.t ... ok
t/12-multi-subjects-rss.t ..... ok
t/13-category-hash-bug.t ...... ok
t/14-enclosures.t ............. ok
t/14-multi-enclosures.t ....... ok
t/15-odd-date.t ............... ok
t/17-double.t ................. ok
t/18-double2.t ................ ok
t/pod-coverage.t .............. ok
t/pod.t ....................... ok

Test Summary Report
-------------------
t/07-atom10-create.t        (Wstat: 512 Tests: 17 Failed: 2)
  Failed tests:  9, 17
  Non-zero exit status: 2
Files=24, Tests=425, 16 wallclock secs ( 0.13 usr  0.07 sys +  7.70 cusr  0.71 csys =  8.61 CPU)
Result: FAIL
Failed 1/24 test programs. 2/425 subtests failed.
make: *** [test_dynamic] Error 255

------------------------------
PREREQUISITES
------------------------------

Prerequisite modules loaded:

requires:

    Module                   Need Have   
    ------------------------ ---- -------
    Class::ErrorHandler      0    0.01   
    DateTime                 0    0.70   
    DateTime::Format::Mail   0    0.3001 
    DateTime::Format::W3CDTF 0    0.06   
    Feed::Find               0    0.07   
    HTML::Entities           0    3.68   
    HTML::TokeParser         0    3.57   
    List::Util               0    1.23   
    LWP::UserAgent           0    6.02   
    Module::Pluggable        0    3.9    
    Test::More               0    2.00_07
    URI::Fetch               0    0.09   
    XML::Atom                0.37 0.39   
    XML::LibXML              1.66 1.76   
    XML::RSS                 1.47 1.49   

build_requires:

    Module                   Need Have   
    ------------------------ ---- -------
    ExtUtils::MakeMaker      0    6.58   

configure_requires:

    Module                   Need Have   
    ------------------------ ---- -------
    Module::Build            0.38 0.3800 


------------------------------
ENVIRONMENT AND OTHER CONTEXT
------------------------------

Environment variables:

    AUTOMATED_TESTING = 1
    LANG = en_US.UTF-8
    LANGUAGE = en
    LC_COLLATE = C
    LC_MONETARY = C
    LC_NUMERIC = C
    LC_TIME = C
    PATH = /usr/local/sbin:/usr/local/bin:/usr/sbin:/usr/bin:/sbin:/bin
    PERL5LIB = 
    PERL5OPT = 
    PERL5_CPANPLUS_IS_RUNNING = 20013
    PERL5_CPAN_IS_RUNNING = 20013
    PERL5_CPAN_IS_RUNNING_IN_RECURSION = 3675,20013
    PERL_CR_SMOKER_CURRENT = Bot-BasicBot-Pluggable-Module-WoWPVP-0.02
    PERL_EXTUTILS_AUTOINSTALL = --defaultdeps
    PERL_MM_USE_DEFAULT = 1
    SHELL = /bin/bash
    TERM = xterm

Perl special variables (and OS-specific diagnostics, for MSWin32):

    $^X = /home/trushel/perl/perl5124/bin/perl
    $UID/$EUID = 138375 / 138375
    $GID = 5762 4 20 21 24 25 26 30 44 46 104 105 119 122 431 5762
    $EGID = 5762 4 20 21 24 25 26 30 44 46 104 105 119 122 431 5762

Perl module toolchain versions installed:

    Module              Have   
    ------------------- -------
    CPAN                1.9600 
    Cwd                 3.33   
    ExtUtils::CBuilder  0.27   
    ExtUtils::Command   1.17   
    ExtUtils::Install   1.54   
    ExtUtils::MakeMaker 6.58   
    ExtUtils::Manifest  1.58   
    ExtUtils::ParseXS   2.2206 
    File::Spec          3.33   
    Module::Build       0.3800 
    Module::Signature   0.68   
    Test::Harness       3.23   
    Test::More          2.00_07
    YAML                0.73   
    YAML::Syck          1.17   
    version             0.91   


--

Summary of my perl5 (revision 5 version 12 subversion 4) configuration:
   
  Platform:
    osname=linux, osvers=2.6.32-32-generic, archname=x86_64-linux
    uname='linux trushel-glaptop 2.6.32-32-generic #62-ubuntu smp wed apr 20 21:52:38 utc 2011 x86_64 gnulinux '
    config_args=''
    hint=recommended, useposix=true, d_sigaction=define
    useithreads=undef, usemultiplicity=undef
    useperlio=define, d_sfio=undef, uselargefiles=define, usesocks=undef
    use64bitint=define, use64bitall=define, uselongdouble=undef
    usemymalloc=n, bincompat5005=undef
  Compiler:
    cc='cc', ccflags ='-fno-strict-aliasing -pipe -fstack-protector -I/usr/local/include -D_LARGEFILE_SOURCE -D_FILE_OFFSET_BITS=64',
    optimize='-O2',
    cppflags='-fno-strict-aliasing -pipe -fstack-protector -I/usr/local/include'
    ccversion='', gccversion='4.4.3', gccosandvers=''
    intsize=4, longsize=8, ptrsize=8, doublesize=8, byteorder=12345678
    d_longlong=define, longlongsize=8, d_longdbl=define, longdblsize=16
    ivtype='long', ivsize=8, nvtype='double', nvsize=8, Off_t='off_t', lseeksize=8
    alignbytes=8, prototype=define
  Linker and Libraries:
    ld='cc', ldflags =' -fstack-protector -L/usr/local/lib'
    libpth=/usr/local/lib /lib/../lib /usr/lib/../lib /lib /usr/lib /usr/lib/x86_64-linux-gnu /lib64 /usr/lib64
    libs=-lnsl -ldl -lm -lcrypt -lutil -lc
    perllibs=-lnsl -ldl -lm -lcrypt -lutil -lc
    libc=/lib/libc-2.11.1.so, so=so, useshrplib=false, libperl=libperl.a
    gnulibc_version='2.11.1'
  Dynamic Linking:
    dlsrc=dl_dlopen.xs, dlext=so, d_dlsymun=undef, ccdlflags='-Wl,-E'
    cccdlflags='-fPIC', lddlflags='-shared -O2 -L/usr/local/lib -fstack-protector'


Characteristics of this binary (from libperl): 
  Compile-time options: PERL_DONT_CREATE_GVSV PERL_MALLOC_WRAP USE_64_BIT_ALL
                        USE_64_BIT_INT USE_LARGE_FILES USE_PERLIO
                        USE_PERL_ATOF
  Built under linux
  Compiled at Jun 22 2011 19:00:13
  %ENV:
    PERL5LIB=""
    PERL5OPT=""
    PERL5_CPANPLUS_IS_RUNNING="20013"
    PERL5_CPAN_IS_RUNNING="20013"
    PERL5_CPAN_IS_RUNNING_IN_RECURSION="3675,20013"
    PERL_CR_SMOKER_CURRENT="Bot-BasicBot-Pluggable-Module-WoWPVP-0.02"
    PERL_EXTUTILS_AUTOINSTALL="--defaultdeps"
    PERL_MM_USE_DEFAULT="1"
  @INC:
    /home/trushel/perl/perl5124/lib/site_perl/5.12.4/x86_64-linux
    /home/trushel/perl/perl5124/lib/site_perl/5.12.4
    /home/trushel/perl/perl5124/lib/5.12.4/x86_64-linux
    /home/trushel/perl/perl5124/lib/5.12.4
    .