Report for Expect-1.26

Back
From: metabase:user:314402c4-2aae-11df-837a-5e0a49663a4f
Subject: FAIL Expect-1.26 v5.14.4 FreeBSD
Date: 2014-08-13T05:45:48Z

This distribution has been tested as part of the CPAN Testers
project, supporting the Perl programming language.  See
http://wiki.cpantesters.org/ for more information or email
questions to cpan-testers-discuss@perl.org


--
Dear Gabor Szabo,

This is a computer-generated report for Expect-1.26
on perl 5.14.4, created by CPAN-Reporter-1.2006.

Thank you for uploading your work to CPAN.  However, there was a problem
testing your distribution.

If you think this report is invalid, please consult the CPAN Testers Wiki
for suggestions on how to avoid getting FAIL reports for missing library
or binary dependencies, unsupported operating systems, and so on:

http://wiki.cpantesters.org/wiki/CPANAuthorNotes

Sections of this report:

    * Tester comments
    * Program output
    * Prerequisites
    * Environment and other context

------------------------------
TESTER COMMENTS
------------------------------

Additional comments from tester:

none provided

------------------------------
PROGRAM OUTPUT
------------------------------

Output from '/usr/bin/make test':

PERL_DL_NONLAZY=1 /usr/local/bin/perl5.14.4 "-MExtUtils::Command::MM" "-e" "test_harness(0, 'blib/lib', 'blib/arch')" t/*.t
IO::Pty version 1.11 required--this is only version 1.10 at /usr/local/src/CPAN/build/Expect-1.26-4vwNJj/blib/lib/Expect.pm line 23.
BEGIN failed--compilation aborted at /usr/local/src/CPAN/build/Expect-1.26-4vwNJj/blib/lib/Expect.pm line 23.
Compilation failed in require at t/01-test.t line 6.
BEGIN failed--compilation aborted at t/01-test.t line 6.
# Looks like your test exited with 2 before it could output anything.
t/01-test.t ....... 
Dubious, test returned 2 (wstat 512, 0x200)
Failed 13/13 subtests 
IO::Pty version 1.11 required--this is only version 1.10 at /usr/local/src/CPAN/build/Expect-1.26-4vwNJj/blib/lib/Expect.pm line 23.
BEGIN failed--compilation aborted at /usr/local/src/CPAN/build/Expect-1.26-4vwNJj/blib/lib/Expect.pm line 23.
Compilation failed in require at t/02-bc.t line 6.
BEGIN failed--compilation aborted at t/02-bc.t line 6.
# Looks like your test exited with 2 before it could output anything.
t/02-bc.t ......... 
Dubious, test returned 2 (wstat 512, 0x200)
Failed 1/1 subtests 
IO::Pty version 1.11 required--this is only version 1.10 at /usr/local/src/CPAN/build/Expect-1.26-4vwNJj/blib/lib/Expect.pm line 23.
BEGIN failed--compilation aborted at /usr/local/src/CPAN/build/Expect-1.26-4vwNJj/blib/lib/Expect.pm line 23.
Compilation failed in require at t/03-log.t line 6.
BEGIN failed--compilation aborted at t/03-log.t line 6.
# Looks like your test exited with 2 before it could output anything.
t/03-log.t ........ 
Dubious, test returned 2 (wstat 512, 0x200)
Failed 11/11 subtests 
IO::Pty version 1.11 required--this is only version 1.10 at /usr/local/src/CPAN/build/Expect-1.26-4vwNJj/blib/lib/Expect.pm line 23.
BEGIN failed--compilation aborted at /usr/local/src/CPAN/build/Expect-1.26-4vwNJj/blib/lib/Expect.pm line 23.
Compilation failed in require at t/04-multiline.t line 5.
BEGIN failed--compilation aborted at t/04-multiline.t line 5.
# Looks like your test exited with 2 before it could output anything.
t/04-multiline.t .. 
Dubious, test returned 2 (wstat 512, 0x200)
Failed 21/21 subtests 

Test Summary Report
-------------------
t/01-test.t     (Wstat: 512 Tests: 0 Failed: 0)
  Non-zero exit status: 2
  Parse errors: Bad plan.  You planned 13 tests but ran 0.
t/02-bc.t       (Wstat: 512 Tests: 0 Failed: 0)
  Non-zero exit status: 2
  Parse errors: Bad plan.  You planned 1 tests but ran 0.
t/03-log.t      (Wstat: 512 Tests: 0 Failed: 0)
  Non-zero exit status: 2
  Parse errors: Bad plan.  You planned 11 tests but ran 0.
t/04-multiline.t (Wstat: 512 Tests: 0 Failed: 0)
  Non-zero exit status: 2
  Parse errors: Bad plan.  You planned 21 tests but ran 0.
Files=4, Tests=0,  1 wallclock secs ( 0.08 usr  0.05 sys +  0.62 cusr  0.12 csys =  0.87 CPU)
Result: FAIL
Failed 4/4 test programs. 0/0 subtests failed.
*** [test_dynamic] Error code 2

Stop in /usr/local/src/CPAN/build/Expect-1.26-4vwNJj.

------------------------------
PREREQUISITES
------------------------------

Prerequisite modules loaded:

configure_requires:

    Module              Need Have   
    ------------------- ---- -------
    ExtUtils::MakeMaker 0    6.57_05


------------------------------
ENVIRONMENT AND OTHER CONTEXT
------------------------------

Environment variables:

    DBIC_NO_WARN_BAD_PERL = 1
    LC_ALL = de_DE.ISO8859-1
    PATH = /usr/local/bin:/usr/bin:/bin:/usr/local/sbin:/usr/sbin:/sbin:/home/e/eserte/bin/freebsd9.1:/home/e/eserte/bin/sh:/home/e/eserte/bin:/usr/games:/home/e/eserte/devel:/home/e/eserte/src/srezic-misc/scripts
    PERL5LIB = 
    PERL5OPT = 
    PERL5_CPANPLUS_IS_RUNNING = 89591
    PERL5_CPAN_IS_RUNNING = 89591
    PERL5_CPAN_IS_RUNNING_IN_RECURSION = 55942,89591
    PERLDOC = -MPod::Perldoc::ToTextOverstrike
    PERL_BATCH = yes
    PERL_CPAN_REPORTER_CONFIG = /var/tmp/cpansmoker-1000/1sVVEFXNWa_config.ini
    PERL_EXTUTILS_AUTOINSTALL = --defaultdeps
    PERL_HTML_DISPLAY_CLASS = HTML::Display::Mozilla
    SHELL = /usr/local/bin/zsh
    STDPERL = perl
    TERM = screen
    TMPDIR = /var/tmp/cpansmoker-1000

Perl special variables (and OS-specific diagnostics, for MSWin32):

    $^X = /usr/local/bin/perl5.14.4
    $UID/$EUID = 1000 / 1000
    $GID = 1000 1000 0 5 1023 1024
    $EGID = 1000 1000 0 5 1023 1024

Perl module toolchain versions installed:

    Module              Have     
    ------------------- ---------
    CPAN                1.9600_01
    CPAN::Meta          2.110440 
    Cwd                 3.36     
    ExtUtils::CBuilder  0.280203 
    ExtUtils::Command   1.17     
    ExtUtils::Install   1.56     
    ExtUtils::MakeMaker 6.57_05  
    ExtUtils::Manifest  1.58     
    ExtUtils::ParseXS   2.2210   
    File::Spec          3.33     
    JSON                2.59     
    JSON::PP            2.27105  
    Module::Build       0.3800   
    Module::Signature   n/a      
    Parse::CPAN::Meta   1.4401   
    Test::Harness       3.23     
    Test::More          0.98     
    YAML                0.84     
    YAML::Syck          1.27     
    version             0.9902   


--

Summary of my perl5 (revision 5 version 14 subversion 4) configuration:
   
  Platform:
    osname=freebsd, osvers=9.1-release, archname=amd64-freebsd
    uname='freebsd localhost 9.1-release freebsd 9.1-release #0: tue jul 9 06:15:52 utc 2013 nobody@localhost:usrsrcsysmagickernelpath amd64 '
    config_args='-sde -Dprefix=/usr/local -Darchlib=/usr/local/lib/perl5/5.14/mach -Dprivlib=/usr/local/lib/perl5/5.14 -Dman3dir=/usr/local/lib/perl5/5.14/perl/man/man3 -Dman1dir=/usr/local/man/man1 -Dsitearch=/usr/local/lib/perl5/site_perl/5.14/mach -Dsitelib=/usr/local/lib/perl5/site_perl/5.14 -Dscriptdir=/usr/local/bin -Dsiteman3dir=/usr/local/lib/perl5/5.14/man/man3 -Dsiteman1dir=/usr/local/man/man1 -Ui_malloc -Ui_iconv -Uinstallusrbinperl -Dcc=cc -Duseshrplib -Dinc_version_list=none -Dccflags=-DAPPLLIB_EXP="/usr/local/lib/perl5/5.14/BSDPAN" -Doptimize=-O2 -pipe -fno-strict-aliasing -Ui_gdbm -Dusethreads=n -Dusemymalloc=n -Duse64bitint'
    hint=recommended, useposix=true, d_sigaction=define
    useithreads=undef, usemultiplicity=undef
    useperlio=define, d_sfio=undef, uselargefiles=define, usesocks=undef
    use64bitint=define, use64bitall=define, uselongdouble=undef
    usemymalloc=n, bincompat5005=undef
  Compiler:
    cc='cc', ccflags ='-DAPPLLIB_EXP="/usr/local/lib/perl5/5.14/BSDPAN" -DHAS_FPSETMASK -DHAS_FLOATINGPOINT_H -fno-strict-aliasing -pipe -fstack-protector -I/usr/local/include',
    optimize='-O2 -pipe -fno-strict-aliasing',
    cppflags='-DAPPLLIB_EXP="/usr/local/lib/perl5/5.14/BSDPAN" -DHAS_FPSETMASK -DHAS_FLOATINGPOINT_H -fno-strict-aliasing -pipe -fstack-protector -I/usr/local/include'
    ccversion='', gccversion='4.2.1 20070831 patched [FreeBSD]', gccosandvers=''
    intsize=4, longsize=8, ptrsize=8, doublesize=8, byteorder=12345678
    d_longlong=define, longlongsize=8, d_longdbl=define, longdblsize=16
    ivtype='long', ivsize=8, nvtype='double', nvsize=8, Off_t='off_t', lseeksize=8
    alignbytes=8, prototype=define
  Linker and Libraries:
    ld='cc', ldflags ='-pthread -Wl,-E  -fstack-protector -L/usr/local/lib'
    libpth=/usr/lib /usr/local/lib
    libs=-lm -lcrypt -lutil
    perllibs=-lm -lcrypt -lutil
    libc=, so=so, useshrplib=true, libperl=libperl.so
    gnulibc_version=''
  Dynamic Linking:
    dlsrc=dl_dlopen.xs, dlext=so, d_dlsymun=undef, ccdlflags='  -Wl,-R/usr/local/lib/perl5/5.14/mach/CORE'
    cccdlflags='-DPIC -fPIC', lddlflags='-shared  -L/usr/local/lib -fstack-protector'


Characteristics of this binary (from libperl): 
  Compile-time options: PERL_DONT_CREATE_GVSV PERL_MALLOC_WRAP
                        PERL_PRESERVE_IVUV USE_64_BIT_ALL USE_64_BIT_INT
                        USE_LARGE_FILES USE_PERLIO USE_PERL_ATOF
  Built under freebsd
  Compiled at Jul  9 2013 06:21:21
  %ENV:
    PERL5LIB=""
    PERL5OPT=""
    PERL5_CPANPLUS_IS_RUNNING="89591"
    PERL5_CPAN_IS_RUNNING="89591"
    PERL5_CPAN_IS_RUNNING_IN_RECURSION="55942,89591"
    PERLDOC="-MPod::Perldoc::ToTextOverstrike"
    PERL_BATCH="yes"
    PERL_CPAN_REPORTER_CONFIG="/var/tmp/cpansmoker-1000/1sVVEFXNWa_config.ini"
    PERL_EXTUTILS_AUTOINSTALL="--defaultdeps"
    PERL_HTML_DISPLAY_CLASS="HTML::Display::Mozilla"
  @INC:
    /usr/local/lib/perl5/5.14/BSDPAN
    /usr/local/lib/perl5/site_perl/5.14/mach
    /usr/local/lib/perl5/site_perl/5.14
    /usr/local/lib/perl5/5.14/mach
    /usr/local/lib/perl5/5.14
    .