Report for Tk-804.032_501

Back
From: metabase:user:320bfe00-2aae-11df-837a-5e0a49663a4f
Subject: FAIL Tk-804.032_501 v5.21.8 GNU/Linux
Date: 2015-01-31T10:58:23Z

This distribution has been tested as part of the CPAN Testers
project, supporting the Perl programming language.  See
http://wiki.cpantesters.org/ for more information or email
questions to cpan-testers-discuss@perl.org


--
Dear Slaven Rezic,

This is a computer-generated report for Tk-804.032_501
on perl 5.21.8, created by CPAN-Reporter-1.2011.

Thank you for uploading your work to CPAN.  However, there was a problem
testing your distribution.

If you think this report is invalid, please consult the CPAN Testers Wiki
for suggestions on how to avoid getting FAIL reports for missing library
or binary dependencies, unsupported operating systems, and so on:

http://wiki.cpantesters.org/wiki/CPANAuthorNotes

Sections of this report:

    * Tester comments
    * Program output
    * Prerequisites
    * Environment and other context

------------------------------
TESTER COMMENTS
------------------------------

Additional comments from tester:

this report is from an automated smoke testing program
and was not reviewed by a human for accuracy

------------------------------
PROGRAM OUTPUT
------------------------------

Output from '/usr/bin/make test':

make[1]: Entering directory '/tmp/loop_over_bdir-29921-OLZxYy/Tk-804.032_501-8Wqrnl/pTk'
make[1]: Leaving directory '/tmp/loop_over_bdir-29921-OLZxYy/Tk-804.032_501-8Wqrnl/pTk'
make[1]: Entering directory '/tmp/loop_over_bdir-29921-OLZxYy/Tk-804.032_501-8Wqrnl/pod'
make[1]: Leaving directory '/tmp/loop_over_bdir-29921-OLZxYy/Tk-804.032_501-8Wqrnl/pod'
make[1]: Entering directory '/tmp/loop_over_bdir-29921-OLZxYy/Tk-804.032_501-8Wqrnl/demos'
make[1]: Leaving directory '/tmp/loop_over_bdir-29921-OLZxYy/Tk-804.032_501-8Wqrnl/demos'
make[1]: Entering directory '/tmp/loop_over_bdir-29921-OLZxYy/Tk-804.032_501-8Wqrnl/Xlib'
make[2]: Entering directory '/tmp/loop_over_bdir-29921-OLZxYy/Tk-804.032_501-8Wqrnl/Xlib/X'
make[2]: Leaving directory '/tmp/loop_over_bdir-29921-OLZxYy/Tk-804.032_501-8Wqrnl/Xlib/X'
make[1]: Leaving directory '/tmp/loop_over_bdir-29921-OLZxYy/Tk-804.032_501-8Wqrnl/Xlib'
make[1]: Entering directory '/tmp/loop_over_bdir-29921-OLZxYy/Tk-804.032_501-8Wqrnl/WinPhoto'
make[1]: Leaving directory '/tmp/loop_over_bdir-29921-OLZxYy/Tk-804.032_501-8Wqrnl/WinPhoto'
make[1]: Entering directory '/tmp/loop_over_bdir-29921-OLZxYy/Tk-804.032_501-8Wqrnl/Tixish'
make[1]: Leaving directory '/tmp/loop_over_bdir-29921-OLZxYy/Tk-804.032_501-8Wqrnl/Tixish'
make[1]: Entering directory '/tmp/loop_over_bdir-29921-OLZxYy/Tk-804.032_501-8Wqrnl/TixPixmap'
make[1]: Leaving directory '/tmp/loop_over_bdir-29921-OLZxYy/Tk-804.032_501-8Wqrnl/TixPixmap'
make[1]: Entering directory '/tmp/loop_over_bdir-29921-OLZxYy/Tk-804.032_501-8Wqrnl/TixGrid'
make[1]: Leaving directory '/tmp/loop_over_bdir-29921-OLZxYy/Tk-804.032_501-8Wqrnl/TixGrid'
make[1]: Entering directory '/tmp/loop_over_bdir-29921-OLZxYy/Tk-804.032_501-8Wqrnl/TextList'
make[1]: Leaving directory '/tmp/loop_over_bdir-29921-OLZxYy/Tk-804.032_501-8Wqrnl/TextList'
make[1]: Entering directory '/tmp/loop_over_bdir-29921-OLZxYy/Tk-804.032_501-8Wqrnl/Text'
make[1]: Leaving directory '/tmp/loop_over_bdir-29921-OLZxYy/Tk-804.032_501-8Wqrnl/Text'
make[1]: Entering directory '/tmp/loop_over_bdir-29921-OLZxYy/Tk-804.032_501-8Wqrnl/TList'
make[1]: Leaving directory '/tmp/loop_over_bdir-29921-OLZxYy/Tk-804.032_501-8Wqrnl/TList'
make[1]: Entering directory '/tmp/loop_over_bdir-29921-OLZxYy/Tk-804.032_501-8Wqrnl/Scrollbar'
make[1]: Leaving directory '/tmp/loop_over_bdir-29921-OLZxYy/Tk-804.032_501-8Wqrnl/Scrollbar'
make[1]: Entering directory '/tmp/loop_over_bdir-29921-OLZxYy/Tk-804.032_501-8Wqrnl/Scale'
make[1]: Leaving directory '/tmp/loop_over_bdir-29921-OLZxYy/Tk-804.032_501-8Wqrnl/Scale'
make[1]: Entering directory '/tmp/loop_over_bdir-29921-OLZxYy/Tk-804.032_501-8Wqrnl/PNG'
make[1]: Leaving directory '/tmp/loop_over_bdir-29921-OLZxYy/Tk-804.032_501-8Wqrnl/PNG'
make[1]: Entering directory '/tmp/loop_over_bdir-29921-OLZxYy/Tk-804.032_501-8Wqrnl/NBFrame'
make[1]: Leaving directory '/tmp/loop_over_bdir-29921-OLZxYy/Tk-804.032_501-8Wqrnl/NBFrame'
make[1]: Entering directory '/tmp/loop_over_bdir-29921-OLZxYy/Tk-804.032_501-8Wqrnl/Mwm'
make[1]: Leaving directory '/tmp/loop_over_bdir-29921-OLZxYy/Tk-804.032_501-8Wqrnl/Mwm'
make[1]: Entering directory '/tmp/loop_over_bdir-29921-OLZxYy/Tk-804.032_501-8Wqrnl/Menubutton'
make[1]: Leaving directory '/tmp/loop_over_bdir-29921-OLZxYy/Tk-804.032_501-8Wqrnl/Menubutton'
make[1]: Entering directory '/tmp/loop_over_bdir-29921-OLZxYy/Tk-804.032_501-8Wqrnl/Listbox'
make[1]: Leaving directory '/tmp/loop_over_bdir-29921-OLZxYy/Tk-804.032_501-8Wqrnl/Listbox'
make[1]: Entering directory '/tmp/loop_over_bdir-29921-OLZxYy/Tk-804.032_501-8Wqrnl/JPEG'
make[1]: Leaving directory '/tmp/loop_over_bdir-29921-OLZxYy/Tk-804.032_501-8Wqrnl/JPEG'
make[1]: Entering directory '/tmp/loop_over_bdir-29921-OLZxYy/Tk-804.032_501-8Wqrnl/InputO'
make[1]: Leaving directory '/tmp/loop_over_bdir-29921-OLZxYy/Tk-804.032_501-8Wqrnl/InputO'
make[1]: Entering directory '/tmp/loop_over_bdir-29921-OLZxYy/Tk-804.032_501-8Wqrnl/IO'
make[1]: Leaving directory '/tmp/loop_over_bdir-29921-OLZxYy/Tk-804.032_501-8Wqrnl/IO'
make[1]: Entering directory '/tmp/loop_over_bdir-29921-OLZxYy/Tk-804.032_501-8Wqrnl/HList'
make[1]: Leaving directory '/tmp/loop_over_bdir-29921-OLZxYy/Tk-804.032_501-8Wqrnl/HList'
make[1]: Entering directory '/tmp/loop_over_bdir-29921-OLZxYy/Tk-804.032_501-8Wqrnl/Event'
make[1]: Leaving directory '/tmp/loop_over_bdir-29921-OLZxYy/Tk-804.032_501-8Wqrnl/Event'
make[1]: Entering directory '/tmp/loop_over_bdir-29921-OLZxYy/Tk-804.032_501-8Wqrnl/Entry'
make[1]: Leaving directory '/tmp/loop_over_bdir-29921-OLZxYy/Tk-804.032_501-8Wqrnl/Entry'
make[1]: Entering directory '/tmp/loop_over_bdir-29921-OLZxYy/Tk-804.032_501-8Wqrnl/DragDrop'
make[1]: Leaving directory '/tmp/loop_over_bdir-29921-OLZxYy/Tk-804.032_501-8Wqrnl/DragDrop'
make[1]: Entering directory '/tmp/loop_over_bdir-29921-OLZxYy/Tk-804.032_501-8Wqrnl/Compound'
make[1]: Leaving directory '/tmp/loop_over_bdir-29921-OLZxYy/Tk-804.032_501-8Wqrnl/Compound'
make[1]: Entering directory '/tmp/loop_over_bdir-29921-OLZxYy/Tk-804.032_501-8Wqrnl/Canvas'
make[1]: Leaving directory '/tmp/loop_over_bdir-29921-OLZxYy/Tk-804.032_501-8Wqrnl/Canvas'
"/home/sand/src/perl/repoperls/installed-perls/perl/v5.21.8/9980/bin/perl" -MExtUtils::Command::MM -e 'cp_nonempty' -- Tk.bs blib/arch/auto/Tk/Tk.bs 644
cd pTk && make DEFINE="" LIBPERL_A="libperl.a" LINKTYPE="dynamic" OPTIMIZE="-O2 -g" PREFIX="/home/sand/src/perl/repoperls/installed-perls/perl/v5.21.8/9980" PASTHRU_DEFINE=' ' PASTHRU_INC=' -I/usr/include/freetype2 '
make[1]: Entering directory '/tmp/loop_over_bdir-29921-OLZxYy/Tk-804.032_501-8Wqrnl/pTk'
make[1]: Leaving directory '/tmp/loop_over_bdir-29921-OLZxYy/Tk-804.032_501-8Wqrnl/pTk'
make[1]: Entering directory '/tmp/loop_over_bdir-29921-OLZxYy/Tk-804.032_501-8Wqrnl/pTk'
make[1]: Leaving directory '/tmp/loop_over_bdir-29921-OLZxYy/Tk-804.032_501-8Wqrnl/pTk'
make[1]: Entering directory '/tmp/loop_over_bdir-29921-OLZxYy/Tk-804.032_501-8Wqrnl/pod'
make[1]: Leaving directory '/tmp/loop_over_bdir-29921-OLZxYy/Tk-804.032_501-8Wqrnl/pod'
make[1]: Entering directory '/tmp/loop_over_bdir-29921-OLZxYy/Tk-804.032_501-8Wqrnl/demos'
make[1]: Leaving directory '/tmp/loop_over_bdir-29921-OLZxYy/Tk-804.032_501-8Wqrnl/demos'
make[1]: Entering directory '/tmp/loop_over_bdir-29921-OLZxYy/Tk-804.032_501-8Wqrnl/Xlib'
make[2]: Entering directory '/tmp/loop_over_bdir-29921-OLZxYy/Tk-804.032_501-8Wqrnl/Xlib/X'
make[2]: Leaving directory '/tmp/loop_over_bdir-29921-OLZxYy/Tk-804.032_501-8Wqrnl/Xlib/X'
"/home/sand/src/perl/repoperls/installed-perls/perl/v5.21.8/9980/bin/perl" -MExtUtils::Command::MM -e 'cp_nonempty' -- Xlib.bs ../blib/arch/auto/Tk/Xlib/Xlib.bs 644
make[2]: Entering directory '/tmp/loop_over_bdir-29921-OLZxYy/Tk-804.032_501-8Wqrnl/Xlib/X'
"/home/sand/src/perl/repoperls/installed-perls/perl/v5.21.8/9980/bin/perl" -MExtUtils::Command::MM -e 'cp_nonempty' -- X.bs ../../blib/arch/auto/Tk/X/X.bs 644
make[2]: Leaving directory '/tmp/loop_over_bdir-29921-OLZxYy/Tk-804.032_501-8Wqrnl/Xlib/X'
make[1]: Leaving directory '/tmp/loop_over_bdir-29921-OLZxYy/Tk-804.032_501-8Wqrnl/Xlib'
make[1]: Entering directory '/tmp/loop_over_bdir-29921-OLZxYy/Tk-804.032_501-8Wqrnl/WinPhoto'
"/home/sand/src/perl/repoperls/installed-perls/perl/v5.21.8/9980/bin/perl" -MExtUtils::Command::MM -e 'cp_nonempty' -- WinPhoto.bs ../blib/arch/auto/Tk/WinPhoto/WinPhoto.bs 644
make[1]: Leaving directory '/tmp/loop_over_bdir-29921-OLZxYy/Tk-804.032_501-8Wqrnl/WinPhoto'
make[1]: Entering directory '/tmp/loop_over_bdir-29921-OLZxYy/Tk-804.032_501-8Wqrnl/Tixish'
make[1]: Leaving directory '/tmp/loop_over_bdir-29921-OLZxYy/Tk-804.032_501-8Wqrnl/Tixish'
make[1]: Entering directory '/tmp/loop_over_bdir-29921-OLZxYy/Tk-804.032_501-8Wqrnl/TixPixmap'
"/home/sand/src/perl/repoperls/installed-perls/perl/v5.21.8/9980/bin/perl" -MExtUtils::Command::MM -e 'cp_nonempty' -- Pixmap.bs ../blib/arch/auto/Tk/Pixmap/Pixmap.bs 644
make[1]: Leaving directory '/tmp/loop_over_bdir-29921-OLZxYy/Tk-804.032_501-8Wqrnl/TixPixmap'
make[1]: Entering directory '/tmp/loop_over_bdir-29921-OLZxYy/Tk-804.032_501-8Wqrnl/TixGrid'
"/home/sand/src/perl/repoperls/installed-perls/perl/v5.21.8/9980/bin/perl" -MExtUtils::Command::MM -e 'cp_nonempty' -- TixGrid.bs ../blib/arch/auto/Tk/TixGrid/TixGrid.bs 644
make[1]: Leaving directory '/tmp/loop_over_bdir-29921-OLZxYy/Tk-804.032_501-8Wqrnl/TixGrid'
make[1]: Entering directory '/tmp/loop_over_bdir-29921-OLZxYy/Tk-804.032_501-8Wqrnl/TextList'
make[1]: Leaving directory '/tmp/loop_over_bdir-29921-OLZxYy/Tk-804.032_501-8Wqrnl/TextList'
make[1]: Entering directory '/tmp/loop_over_bdir-29921-OLZxYy/Tk-804.032_501-8Wqrnl/Text'
"/home/sand/src/perl/repoperls/installed-perls/perl/v5.21.8/9980/bin/perl" -MExtUtils::Command::MM -e 'cp_nonempty' -- Text.bs ../blib/arch/auto/Tk/Text/Text.bs 644
make[1]: Leaving directory '/tmp/loop_over_bdir-29921-OLZxYy/Tk-804.032_501-8Wqrnl/Text'
make[1]: Entering directory '/tmp/loop_over_bdir-29921-OLZxYy/Tk-804.032_501-8Wqrnl/TList'
"/home/sand/src/perl/repoperls/installed-perls/perl/v5.21.8/9980/bin/perl" -MExtUtils::Command::MM -e 'cp_nonempty' -- TList.bs ../blib/arch/auto/Tk/TList/TList.bs 644
make[1]: Leaving directory '/tmp/loop_over_bdir-29921-OLZxYy/Tk-804.032_501-8Wqrnl/TList'
make[1]: Entering directory '/tmp/loop_over_bdir-29921-OLZxYy/Tk-804.032_501-8Wqrnl/Scrollbar'
"/home/sand/src/perl/repoperls/installed-perls/perl/v5.21.8/9980/bin/perl" -MExtUtils::Command::MM -e 'cp_nonempty' -- Scrollbar.bs ../blib/arch/auto/Tk/Scrollbar/Scrollbar.bs 644
make[1]: Leaving directory '/tmp/loop_over_bdir-29921-OLZxYy/Tk-804.032_501-8Wqrnl/Scrollbar'
make[1]: Entering directory '/tmp/loop_over_bdir-29921-OLZxYy/Tk-804.032_501-8Wqrnl/Scale'
"/home/sand/src/perl/repoperls/installed-perls/perl/v5.21.8/9980/bin/perl" -MExtUtils::Command::MM -e 'cp_nonempty' -- Scale.bs ../blib/arch/auto/Tk/Scale/Scale.bs 644
make[1]: Leaving directory '/tmp/loop_over_bdir-29921-OLZxYy/Tk-804.032_501-8Wqrnl/Scale'
make[1]: Entering directory '/tmp/loop_over_bdir-29921-OLZxYy/Tk-804.032_501-8Wqrnl/PNG'
"/home/sand/src/perl/repoperls/installed-perls/perl/v5.21.8/9980/bin/perl" -MExtUtils::Command::MM -e 'cp_nonempty' -- PNG.bs ../blib/arch/auto/Tk/PNG/PNG.bs 644
make[1]: Leaving directory '/tmp/loop_over_bdir-29921-OLZxYy/Tk-804.032_501-8Wqrnl/PNG'
make[1]: Entering directory '/tmp/loop_over_bdir-29921-OLZxYy/Tk-804.032_501-8Wqrnl/NBFrame'
"/home/sand/src/perl/repoperls/installed-perls/perl/v5.21.8/9980/bin/perl" -MExtUtils::Command::MM -e 'cp_nonempty' -- NBFrame.bs ../blib/arch/auto/Tk/NBFrame/NBFrame.bs 644
make[1]: Leaving directory '/tmp/loop_over_bdir-29921-OLZxYy/Tk-804.032_501-8Wqrnl/NBFrame'
make[1]: Entering directory '/tmp/loop_over_bdir-29921-OLZxYy/Tk-804.032_501-8Wqrnl/Mwm'
"/home/sand/src/perl/repoperls/installed-perls/perl/v5.21.8/9980/bin/perl" -MExtUtils::Command::MM -e 'cp_nonempty' -- Mwm.bs ../blib/arch/auto/Tk/Mwm/Mwm.bs 644
make[1]: Leaving directory '/tmp/loop_over_bdir-29921-OLZxYy/Tk-804.032_501-8Wqrnl/Mwm'
make[1]: Entering directory '/tmp/loop_over_bdir-29921-OLZxYy/Tk-804.032_501-8Wqrnl/Menubutton'
"/home/sand/src/perl/repoperls/installed-perls/perl/v5.21.8/9980/bin/perl" -MExtUtils::Command::MM -e 'cp_nonempty' -- Menubutton.bs ../blib/arch/auto/Tk/Menubutton/Menubutton.bs 644
make[1]: Leaving directory '/tmp/loop_over_bdir-29921-OLZxYy/Tk-804.032_501-8Wqrnl/Menubutton'
make[1]: Entering directory '/tmp/loop_over_bdir-29921-OLZxYy/Tk-804.032_501-8Wqrnl/Listbox'
"/home/sand/src/perl/repoperls/installed-perls/perl/v5.21.8/9980/bin/perl" -MExtUtils::Command::MM -e 'cp_nonempty' -- Listbox.bs ../blib/arch/auto/Tk/Listbox/Listbox.bs 644
make[1]: Leaving directory '/tmp/loop_over_bdir-29921-OLZxYy/Tk-804.032_501-8Wqrnl/Listbox'
make[1]: Entering directory '/tmp/loop_over_bdir-29921-OLZxYy/Tk-804.032_501-8Wqrnl/JPEG'
"/home/sand/src/perl/repoperls/installed-perls/perl/v5.21.8/9980/bin/perl" -MExtUtils::Command::MM -e 'cp_nonempty' -- JPEG.bs ../blib/arch/auto/Tk/JPEG/JPEG.bs 644
make[1]: Leaving directory '/tmp/loop_over_bdir-29921-OLZxYy/Tk-804.032_501-8Wqrnl/JPEG'
make[1]: Entering directory '/tmp/loop_over_bdir-29921-OLZxYy/Tk-804.032_501-8Wqrnl/InputO'
"/home/sand/src/perl/repoperls/installed-perls/perl/v5.21.8/9980/bin/perl" -MExtUtils::Command::MM -e 'cp_nonempty' -- InputO.bs ../blib/arch/auto/Tk/InputO/InputO.bs 644
make[1]: Leaving directory '/tmp/loop_over_bdir-29921-OLZxYy/Tk-804.032_501-8Wqrnl/InputO'
make[1]: Entering directory '/tmp/loop_over_bdir-29921-OLZxYy/Tk-804.032_501-8Wqrnl/IO'
"/home/sand/src/perl/repoperls/installed-perls/perl/v5.21.8/9980/bin/perl" -MExtUtils::Command::MM -e 'cp_nonempty' -- IO.bs ../blib/arch/auto/Tk/IO/IO.bs 644
make[1]: Leaving directory '/tmp/loop_over_bdir-29921-OLZxYy/Tk-804.032_501-8Wqrnl/IO'
make[1]: Entering directory '/tmp/loop_over_bdir-29921-OLZxYy/Tk-804.032_501-8Wqrnl/HList'
"/home/sand/src/perl/repoperls/installed-perls/perl/v5.21.8/9980/bin/perl" -MExtUtils::Command::MM -e 'cp_nonempty' -- HList.bs ../blib/arch/auto/Tk/HList/HList.bs 644
make[1]: Leaving directory '/tmp/loop_over_bdir-29921-OLZxYy/Tk-804.032_501-8Wqrnl/HList'
make[1]: Entering directory '/tmp/loop_over_bdir-29921-OLZxYy/Tk-804.032_501-8Wqrnl/Event'
"/home/sand/src/perl/repoperls/installed-perls/perl/v5.21.8/9980/bin/perl" -MExtUtils::Command::MM -e 'cp_nonempty' -- Event.bs ../blib/arch/auto/Tk/Event/Event.bs 644
make[1]: Leaving directory '/tmp/loop_over_bdir-29921-OLZxYy/Tk-804.032_501-8Wqrnl/Event'
make[1]: Entering directory '/tmp/loop_over_bdir-29921-OLZxYy/Tk-804.032_501-8Wqrnl/Entry'
"/home/sand/src/perl/repoperls/installed-perls/perl/v5.21.8/9980/bin/perl" -MExtUtils::Command::MM -e 'cp_nonempty' -- Entry.bs ../blib/arch/auto/Tk/Entry/Entry.bs 644
make[1]: Leaving directory '/tmp/loop_over_bdir-29921-OLZxYy/Tk-804.032_501-8Wqrnl/Entry'
make[1]: Entering directory '/tmp/loop_over_bdir-29921-OLZxYy/Tk-804.032_501-8Wqrnl/DragDrop'
make[1]: Leaving directory '/tmp/loop_over_bdir-29921-OLZxYy/Tk-804.032_501-8Wqrnl/DragDrop'
make[1]: Entering directory '/tmp/loop_over_bdir-29921-OLZxYy/Tk-804.032_501-8Wqrnl/Compound'
"/home/sand/src/perl/repoperls/installed-perls/perl/v5.21.8/9980/bin/perl" -MExtUtils::Command::MM -e 'cp_nonempty' -- Compound.bs ../blib/arch/auto/Tk/Compound/Compound.bs 644
make[1]: Leaving directory '/tmp/loop_over_bdir-29921-OLZxYy/Tk-804.032_501-8Wqrnl/Compound'
make[1]: Entering directory '/tmp/loop_over_bdir-29921-OLZxYy/Tk-804.032_501-8Wqrnl/Canvas'
"/home/sand/src/perl/repoperls/installed-perls/perl/v5.21.8/9980/bin/perl" -MExtUtils::Command::MM -e 'cp_nonempty' -- Canvas.bs ../blib/arch/auto/Tk/Canvas/Canvas.bs 644
make[1]: Leaving directory '/tmp/loop_over_bdir-29921-OLZxYy/Tk-804.032_501-8Wqrnl/Canvas'
make[1]: Entering directory '/tmp/loop_over_bdir-29921-OLZxYy/Tk-804.032_501-8Wqrnl/PNG'
"/home/sand/src/perl/repoperls/installed-perls/perl/v5.21.8/9980/bin/perl" -MExtUtils::Command::MM -e 'cp_nonempty' -- PNG.bs ../blib/arch/auto/Tk/PNG/PNG.bs 644
"/home/sand/src/perl/repoperls/installed-perls/perl/v5.21.8/9980/bin/perl" "-I../t" "-MTkTest" "-e" "checked_test_harness('../xt', 0, '../blib/lib', '../blib/arch')" t/*.t
t/basic.t .. ok
t/crash.t .. ok
All tests successful.
Files=2, Tests=6,  1 wallclock secs ( 0.03 usr  0.01 sys +  0.26 cusr  0.03 csys =  0.33 CPU)
Result: PASS
make[1]: Leaving directory '/tmp/loop_over_bdir-29921-OLZxYy/Tk-804.032_501-8Wqrnl/PNG'
make[1]: Entering directory '/tmp/loop_over_bdir-29921-OLZxYy/Tk-804.032_501-8Wqrnl/JPEG'
"/home/sand/src/perl/repoperls/installed-perls/perl/v5.21.8/9980/bin/perl" -MExtUtils::Command::MM -e 'cp_nonempty' -- JPEG.bs ../blib/arch/auto/Tk/JPEG/JPEG.bs 644
"/home/sand/src/perl/repoperls/installed-perls/perl/v5.21.8/9980/bin/perl" "-I../t" "-MTkTest" "-e" "checked_test_harness('../xt', 0, '../blib/lib', '../blib/arch')" t/*.t
t/more.t .. ok
t/Read.t .. ok
All tests successful.
Files=2, Tests=46,  2 wallclock secs ( 0.03 usr  0.00 sys +  0.31 cusr  0.03 csys =  0.37 CPU)
Result: PASS
make[1]: Leaving directory '/tmp/loop_over_bdir-29921-OLZxYy/Tk-804.032_501-8Wqrnl/JPEG'
make[1]: Entering directory '/tmp/loop_over_bdir-29921-OLZxYy/Tk-804.032_501-8Wqrnl/Event'
"/home/sand/src/perl/repoperls/installed-perls/perl/v5.21.8/9980/bin/perl" -MExtUtils::Command::MM -e 'cp_nonempty' -- Event.bs ../blib/arch/auto/Tk/Event/Event.bs 644
"/home/sand/src/perl/repoperls/installed-perls/perl/v5.21.8/9980/bin/perl" "-I../t" "-MTkTest" "-e" "checked_test_harness('../xt', 0, '../blib/lib', '../blib/arch')" t/*.t
t/basic.t .. ok
All tests successful.
Files=1, Tests=1,  0 wallclock secs ( 0.02 usr  0.00 sys +  0.05 cusr  0.01 csys =  0.08 CPU)
Result: PASS
make[1]: Leaving directory '/tmp/loop_over_bdir-29921-OLZxYy/Tk-804.032_501-8Wqrnl/Event'
"/home/sand/src/perl/repoperls/installed-perls/perl/v5.21.8/9980/bin/perl" "-It" "-MTkTest" "-e" "checked_test_harness('./xt', 0, 'blib/lib', 'blib/arch')" t/00wmcheck.t t/JP.t t/KR.t t/Require.t t/Tkxs.t t/Trace.t t/X.t t/adjuster.t t/after.t t/async.t t/autoload.t t/balloon.t t/bind.t t/browseentry-grabtest.t t/browseentry-subclassing.t t/browseentry.t t/browseentry2.t t/button-tcl.t t/button.t t/canvas-grid.t t/canvas.t t/canvas2.t t/coloreditor.t t/create.t t/cursor.t t/dash.t t/dialogbox.t t/dirtree.t t/entry.t t/errordialog.t t/eventGenerate.t t/exefiles.t t/fbox.t t/fileevent.t t/fileevent2.t t/fileselect.t t/font.t t/fork.t t/geomgr.t t/iso8859-1.t t/itemstyle.t t/leak.t t/list.t t/listbox.t t/listvar.t t/magic.t t/mega.t t/msgbox.t t/mwm.t t/objglue.t t/optmenu.t t/photo.t t/pixmap.t t/progbar.t t/property.t t/regexp.t t/rotext.t t/slaves.t t/sv.t t/table.t t/text.t t/text2.t t/textundo.t t/trace1.t t/unicode.t t/widget.t t/wm-tcl.t t/wm-time.t t/wm.t t/zzHList.t t/zzPhoto.t t/zzScrolled.t t/zzText.t t/zzTixGrid.t

# Tk platform:    unix
# server info:    X11R0 The X.Org Foundation 11602901
# window manager: <unknown>
#        version: <unknown>
# XFT:            yes
t/00wmcheck.t ................ ok
t/adjuster.t ................. ok
t/after.t .................... ok
t/async.t .................... ok
t/autoload.t ................. ok
t/balloon.t .................. ok
t/bind.t ..................... ok
t/browseentry-grabtest.t ..... ok
t/browseentry-subclassing.t .. ok
t/browseentry.t .............. ok
t/browseentry2.t ............. ok
t/button-tcl.t ............... ok
t/button.t ................... ok
t/canvas-grid.t .............. ok
t/canvas.t ................... ok
t/canvas2.t .................. ok
t/coloreditor.t .............. ok
t/create.t ................... ok
t/cursor.t ................... ok
t/dash.t ..................... ok
t/dialogbox.t ................ ok
t/dirtree.t .................. ok
t/entry.t .................... ok
XS_Tk__Callback_Call error:Intentional error.

XS_Tk__Callback_Call error:Intentional error.

t/errordialog.t .............. ok
t/eventGenerate.t ............ ok
t/exefiles.t ................. ok
t/fbox.t ..................... ok
t/fileevent.t ................ ok
t/fileevent2.t ............... ok
t/fileselect.t ............... ok
Font Courier -12 still in cache.
t/font.t ..................... ok
t/fork.t ..................... ok
t/geomgr.t ................... ok
t/iso8859-1.t ................ ok
t/itemstyle.t ................ ok
t/JP.t ....................... ok
t/KR.t ....................... ok
t/leak.t ..................... skipped: need Devel::Leak
t/list.t ..................... ok
t/listbox.t .................. ok
t/listvar.t .................. ok
t/magic.t .................... ok
t/mega.t ..................... ok
t/msgbox.t ................... ok
t/mwm.t ...................... ok
t/objglue.t .................. ok
t/optmenu.t .................. ok
t/photo.t .................... ok
t/pixmap.t ................... ok
t/progbar.t .................. ok
t/property.t ................. ok
t/regexp.t ................... ok
t/Require.t .................. ok
t/rotext.t ................... ok
t/slaves.t ................... ok
t/sv.t ....................... ok
t/table.t .................... ok
Stack moved 1c78910 => 1c78918
t/text.t ..................... ok
untie attempted while 3 inner references still exist at t/text2.t line 59.
untie attempted while 10 inner references still exist at t/text2.t line 70.
t/text2.t .................... ok
t/textundo.t ................. 
Failed 1/4 subtests 
t/Tkxs.t ..................... ok
t/Trace.t .................... ok
t/trace1.t ................... ok
t/unicode.t .................. ok
t/widget.t ................... ok
t/wm-tcl.t ................... ok
# Start update 2
# . update 0.00153 2
# .label update 0.0049 1
# Start Popup 2
# .toplevel Popup 0.000914 2
# .toplevel.label Popup 0.0014 1
# Start withdraw 0
# Start Popup Again 2
# .toplevel Popup Again 0.000378 2
# .toplevel.label Popup Again 0.000847 1
# Start destroy 0
t/wm-time.t .................. ok
t/wm.t ....................... ok
t/X.t ........................ ok
t/zzHList.t .................. ok
t/zzPhoto.t .................. ok
t/zzScrolled.t ............... ok
t/zzText.t ................... ok
t/zzTixGrid.t ................ ok

Test Summary Report
-------------------
t/canvas.t                 (Wstat: 0 Tests: 166 Failed: 0)
  TODO passed:   124
t/listbox.t                (Wstat: 0 Tests: 537 Failed: 0)
  TODO passed:   320-322, 328, 502
t/text.t                   (Wstat: 0 Tests: 415 Failed: 0)
  TODO passed:   121
t/textundo.t               (Wstat: 0 Tests: 3 Failed: 0)
  Parse errors: Bad plan.  You planned 4 tests but ran 3.
t/wm-tcl.t                 (Wstat: 0 Tests: 315 Failed: 0)
  TODO passed:   86-87, 154-157, 164-165, 175-178, 221-224
                237-239, 264-265, 275-276, 280-283
t/zzScrolled.t             (Wstat: 0 Tests: 94 Failed: 0)
  TODO passed:   52, 66, 80, 94
Files=74, Tests=4349, 52 wallclock secs ( 0.61 usr  0.08 sys + 13.30 cusr  1.10 csys = 15.09 CPU)
Result: FAIL
Failed 1/74 test programs. 0/4349 subtests failed.
Makefile:1587: recipe for target 'test_dynamic' failed
make: *** [test_dynamic] Error 255

------------------------------
PREREQUISITES
------------------------------

Prerequisite modules loaded:

requires:

    Module              Need Have        
    ------------------- ---- ------------
    Encode              0    2.67        
    Test::More          0    1.301001_098

build_requires:

    Module              Need Have        
    ------------------- ---- ------------
    ExtUtils::MakeMaker 0    7.05_09     

configure_requires:

    Module              Need Have        
    ------------------- ---- ------------
    ExtUtils::MakeMaker 0    7.05_09     


------------------------------
ENVIRONMENT AND OTHER CONTEXT
------------------------------

Environment variables:

    AUTOMATED_TESTING = 1
    LANG = en_US.UTF-8
    LANGUAGE = en_US:en
    PATH = /home/sand/bin:/usr/local/bin:/usr/bin:/bin:/usr/games:/usr/local/perl/bin:/usr/X11/bin:/sbin:/usr/sbin
    PERL5LIB = 
    PERL5OPT = 
    PERL5_CPANPLUS_IS_RUNNING = 29922
    PERL5_CPAN_IS_RUNNING = 29922
    PERL_MM_USE_DEFAULT = 1
    SHELL = /usr/bin/zsh
    TERM = screen

Perl special variables (and OS-specific diagnostics, for MSWin32):

    $^X = /home/sand/src/perl/repoperls/installed-perls/perl/v5.21.8/9980/bin/perl
    $UID/$EUID = 1005 / 1005
    $GID = 1005 1005
    $EGID = 1005 1005

Perl module toolchain versions installed:

    Module              Have        
    ------------------- ------------
    CPAN                2.05        
    CPAN::Meta          2.143240    
    Cwd                 3.54        
    ExtUtils::CBuilder  0.280221    
    ExtUtils::Command   7.05_09     
    ExtUtils::Install   2.04        
    ExtUtils::MakeMaker 7.05_09     
    ExtUtils::Manifest  1.70        
    ExtUtils::ParseXS   3.27        
    File::Spec          3.53        
    JSON                2.90        
    JSON::PP            2.27300     
    Module::Build       0.4211      
    Module::Signature   0.73        
    Parse::CPAN::Meta   1.4414      
    Test::Harness       3.35        
    Test::More          1.301001_098
    YAML                1.14        
    YAML::Syck          1.29        
    version             0.9912      


--

Summary of my perl5 (revision 5 version 21 subversion 8) configuration:
  Commit id: eaee347ce4f7d9b8965d022a06b90c4b07bcad4a
  Platform:
    osname=linux, osvers=3.16.0-4-amd64, archname=x86_64-linux-thread-multi
    uname='linux k83 3.16.0-4-amd64 #1 smp debian 3.16.7-ckt2-1 (2014-12-08) x86_64 gnulinux '
    config_args='-Dprefix=/home/sand/src/perl/repoperls/installed-perls/perl/v5.21.8/9980 -Dmyhostname=k83 -Dinstallusrbinperl=n -Uversiononly -Dusedevel -des -Ui_db -Duseithreads -Uuselongdouble -DDEBUGGING=-g'
    hint=recommended, useposix=true, d_sigaction=define
    useithreads=define, usemultiplicity=define
    use64bitint=define, use64bitall=define, uselongdouble=undef
    usemymalloc=n, bincompat5005=undef
  Compiler:
    cc='cc', ccflags ='-D_REENTRANT -D_GNU_SOURCE -fwrapv -fno-strict-aliasing -pipe -fstack-protector-strong -I/usr/local/include -D_LARGEFILE_SOURCE -D_FILE_OFFSET_BITS=64 -D_FORTIFY_SOURCE=2',
    optimize='-O2 -g',
    cppflags='-D_REENTRANT -D_GNU_SOURCE -fwrapv -fno-strict-aliasing -pipe -fstack-protector-strong -I/usr/local/include'
    ccversion='', gccversion='4.9.2', gccosandvers=''
    intsize=4, longsize=8, ptrsize=8, doublesize=8, byteorder=12345678, doublekind=3
    d_longlong=define, longlongsize=8, d_longdbl=define, longdblsize=16, longdblkind=3
    ivtype='long', ivsize=8, nvtype='double', nvsize=8, Off_t='off_t', lseeksize=8
    alignbytes=8, prototype=define
  Linker and Libraries:
    ld='cc', ldflags =' -fstack-protector-strong -L/usr/local/lib'
    libpth=/usr/local/lib /usr/lib/gcc/x86_64-linux-gnu/4.9/include-fixed /usr/include/x86_64-linux-gnu /usr/lib /lib/x86_64-linux-gnu /lib/../lib /usr/lib/x86_64-linux-gnu /usr/lib/../lib /lib
    libs=-lpthread -lnsl -lgdbm -ldb -ldl -lm -lcrypt -lutil -lc -lgdbm_compat
    perllibs=-lpthread -lnsl -ldl -lm -lcrypt -lutil -lc
    libc=libc-2.19.so, so=so, useshrplib=false, libperl=libperl.a
    gnulibc_version='2.19'
  Dynamic Linking:
    dlsrc=dl_dlopen.xs, dlext=so, d_dlsymun=undef, ccdlflags='-Wl,-E'
    cccdlflags='-fPIC', lddlflags='-shared -O2 -g -L/usr/local/lib -fstack-protector-strong'


Characteristics of this binary (from libperl): 
  Compile-time options: HAS_TIMES MULTIPLICITY PERLIO_LAYERS
                        PERL_DONT_CREATE_GVSV
                        PERL_HASH_FUNC_ONE_AT_A_TIME_HARD
                        PERL_IMPLICIT_CONTEXT PERL_MALLOC_WRAP
                        PERL_NEW_COPY_ON_WRITE PERL_PRESERVE_IVUV
                        PERL_USE_DEVEL USE_64_BIT_ALL USE_64_BIT_INT
                        USE_ITHREADS USE_LARGE_FILES USE_LOCALE
                        USE_LOCALE_COLLATE USE_LOCALE_CTYPE
                        USE_LOCALE_NUMERIC USE_LOCALE_TIME USE_PERLIO
                        USE_PERL_ATOF USE_REENTRANT_API
  Built under linux
  Compiled at Jan 20 2015 23:40:38
  %ENV:
    PERL5LIB=""
    PERL5OPT=""
    PERL5_CPANPLUS_IS_RUNNING="29922"
    PERL5_CPAN_IS_RUNNING="29922"
    PERL_MM_USE_DEFAULT="1"
  @INC:
    /home/sand/src/perl/repoperls/installed-perls/perl/v5.21.8/9980/lib/site_perl/5.21.8/x86_64-linux-thread-multi
    /home/sand/src/perl/repoperls/installed-perls/perl/v5.21.8/9980/lib/site_perl/5.21.8
    /home/sand/src/perl/repoperls/installed-perls/perl/v5.21.8/9980/lib/5.21.8/x86_64-linux-thread-multi
    /home/sand/src/perl/repoperls/installed-perls/perl/v5.21.8/9980/lib/5.21.8
    .