Report for DynGig-RCE-0.01

Back
From: metabase:user:320bfe00-2aae-11df-837a-5e0a49663a4f
Subject: FAIL DynGig-RCE-0.01 v5.10.1 GNU/Linux
Date: 2011-04-26T21:17:06Z

This distribution has been tested as part of the CPAN Testers
project, supporting the Perl programming language.  See
http://wiki.cpantesters.org/ for more information or email
questions to cpan-testers-discuss@perl.org


--
Dear Kan Liu,

This is a computer-generated report for DynGig-RCE-0.01
on perl 5.10.1, created by CPAN-Reporter-1.1902.

Thank you for uploading your work to CPAN.  However, there was a problem
testing your distribution.

If you think this report is invalid, please consult the CPAN Testers Wiki
for suggestions on how to avoid getting FAIL reports for missing library
or binary dependencies, unsupported operating systems, and so on:

http://wiki.cpantesters.org/wiki/CPANAuthorNotes

Sections of this report:

    * Tester comments
    * Program output
    * Prerequisites
    * Environment and other context

------------------------------
TESTER COMMENTS
------------------------------

Additional comments from tester:

this report is from an automated smoke testing program
and was not reviewed by a human for accuracy

------------------------------
PROGRAM OUTPUT
------------------------------

Output from '/usr/bin/make test':

PERL_DL_NONLAZY=1 /usr/local/perl-5.10.1-uld/bin/perl "-MExtUtils::Command::MM" "-e" "test_harness(0, 'blib/lib', 'blib/arch')" t/*.t
# Testing DynGig::RCE 0.01, Perl 5.010001, /usr/local/perl-5.10.1-uld/bin/perl
t/00-load.t ....... ok

#   Failed test 'Pod coverage on DynGig::RCE::Query'
#   at /usr/local/perl-5.10.1-uld/lib/site_perl/5.10.1/Test/Pod/Coverage.pm line 126.
# Coverage for DynGig::RCE::Query is 0.0%, with 5 naked subroutines:
# 	new
# 	query
# 	serial
# 	unzip
# 	zip

#   Failed test 'Pod coverage on DynGig::RCE::Access'
#   at /usr/local/perl-5.10.1-uld/lib/site_perl/5.10.1/Test/Pod/Coverage.pm line 126.
# Coverage for DynGig::RCE::Access is 0.0%, with 3 naked subroutines:
# 	getid
# 	names
# 	new

#   Failed test 'Pod coverage on DynGig::RCE::Code'
#   at /usr/local/perl-5.10.1-uld/lib/site_perl/5.10.1/Test/Pod/Coverage.pm line 126.
# Coverage for DynGig::RCE::Code is 0.0%, with 4 naked subroutines:
# 	code
# 	error
# 	new
# 	run
# Looks like you failed 3 tests of 7.
t/pod-coverage.t .. 
Dubious, test returned 3 (wstat 768, 0x300)
Failed 3/7 subtests 
t/pod.t ........... ok

Test Summary Report
-------------------
t/pod-coverage.t (Wstat: 768 Tests: 7 Failed: 3)
  Failed tests:  2-3, 6
  Non-zero exit status: 3
Files=3, Tests=15,  3 wallclock secs ( 0.04 usr  0.03 sys +  0.31 cusr  0.03 csys =  0.41 CPU)
Result: FAIL
Failed 1/3 test programs. 3/15 subtests failed.
make: *** [test_dynamic] Error 255

------------------------------
PREREQUISITES
------------------------------

Prerequisite modules loaded:

requires:

    Module              Need Have   
    ------------------- ---- -------
    Test::More          0    0.98   

build_requires:

    Module              Need Have   
    ------------------- ---- -------
    ExtUtils::MakeMaker 0    6.57_10


------------------------------
ENVIRONMENT AND OTHER CONTEXT
------------------------------

Environment variables:

    AUTOMATED_TESTING = 1
    LANG = en_US.UTF-8
    LC_TIME = de_DE.utf8
    PATH = /usr/lib/ccache:/home/sand/bin:/usr/local/bin:/usr/bin:/bin:/usr/bin/X11:/usr/games:/usr/local/perl/bin:/usr/X11/bin:/sbin:/usr/sbin
    PERL5LIB = 
    PERL5OPT = 
    PERL5_CPANPLUS_IS_RUNNING = 7521
    PERL5_CPAN_IS_RUNNING = 7521
    PERL_MM_USE_DEFAULT = 1
    SHELL = /usr/bin/zsh
    TERM = screen

Perl special variables (and OS-specific diagnostics, for MSWin32):

    $^X = /usr/local/perl-5.10.1-uld/bin/perl
    $UID/$EUID = 1001 / 1001
    $GID = 1001 1001
    $EGID = 1001 1001

Perl module toolchain versions installed:

    Module              Have    
    ------------------- --------
    CPAN                1.9600  
    Cwd                 3.33    
    ExtUtils::CBuilder  0.280202
    ExtUtils::Command   1.16    
    ExtUtils::Install   1.54    
    ExtUtils::MakeMaker 6.57_10 
    ExtUtils::Manifest  1.58    
    ExtUtils::ParseXS   2.2206  
    File::Spec          3.33    
    Module::Build       0.3800  
    Module::Signature   0.66    
    Test::Harness       3.23    
    Test::More          0.98    
    YAML                0.73    
    YAML::Syck          1.17    
    version             0.88    


--

Summary of my perl5 (revision 5 version 10 subversion 1) configuration:
   
  Platform:
    osname=linux, osvers=2.6.30-1-amd64, archname=x86_64-linux-ld
    uname='linux k81 2.6.30-1-amd64 #1 smp sat aug 15 18:09:19 utc 2009 x86_64 gnulinux '
    config_args='-Dprefix=/usr/local/perl-5.10.1-uld -Dinstallusrbinperl=n -Uversiononly -Dusedevel -des -Ui_db -Duselongdouble'
    hint=recommended, useposix=true, d_sigaction=define
    useithreads=undef, usemultiplicity=undef
    useperlio=define, d_sfio=undef, uselargefiles=define, usesocks=undef
    use64bitint=define, use64bitall=define, uselongdouble=define
    usemymalloc=n, bincompat5005=undef
  Compiler:
    cc='cc', ccflags ='-fno-strict-aliasing -pipe -fstack-protector -I/usr/local/include -D_LARGEFILE_SOURCE -D_FILE_OFFSET_BITS=64',
    optimize='-O2',
    cppflags='-fno-strict-aliasing -pipe -fstack-protector -I/usr/local/include'
    ccversion='', gccversion='4.3.4', gccosandvers=''
    intsize=4, longsize=8, ptrsize=8, doublesize=8, byteorder=12345678
    d_longlong=define, longlongsize=8, d_longdbl=define, longdblsize=16
    ivtype='long', ivsize=8, nvtype='long double', nvsize=16, Off_t='off_t', lseeksize=8
    alignbytes=16, prototype=define
  Linker and Libraries:
    ld='cc', ldflags =' -fstack-protector -L/usr/local/lib'
    libpth=/usr/local/lib /lib /usr/lib /lib64 /usr/lib64
    libs=-lnsl -lgdbm -ldb -ldl -lm -lcrypt -lutil -lc -lgdbm_compat
    perllibs=-lnsl -ldl -lm -lcrypt -lutil -lc
    libc=/lib/libc-2.9.so, so=so, useshrplib=false, libperl=libperl.a
    gnulibc_version='2.9'
  Dynamic Linking:
    dlsrc=dl_dlopen.xs, dlext=so, d_dlsymun=undef, ccdlflags='-Wl,-E'
    cccdlflags='-fPIC', lddlflags='-shared -O2 -L/usr/local/lib -fstack-protector'


Characteristics of this binary (from libperl): 
  Compile-time options: PERL_DONT_CREATE_GVSV PERL_MALLOC_WRAP PERL_USE_DEVEL
                        USE_64_BIT_ALL USE_64_BIT_INT USE_LARGE_FILES
                        USE_LONG_DOUBLE USE_PERLIO
  Built under linux
  Compiled at Sep 10 2009 08:12:49
  %ENV:
    PERL5LIB=""
    PERL5OPT=""
    PERL5_CPANPLUS_IS_RUNNING="7521"
    PERL5_CPAN_IS_RUNNING="7521"
    PERL_MM_USE_DEFAULT="1"
  @INC:
    /usr/local/perl-5.10.1-uld/lib/5.10.1/x86_64-linux-ld
    /usr/local/perl-5.10.1-uld/lib/5.10.1
    /usr/local/perl-5.10.1-uld/lib/site_perl/5.10.1/x86_64-linux-ld
    /usr/local/perl-5.10.1-uld/lib/site_perl/5.10.1
    .