Report for Class-Value-Net-1.110250

Back
From: metabase:user:3198cbe2-2aae-11df-837a-5e0a49663a4f
Subject: FAIL Class-Value-Net-1.110250 v5.12.1 GNU/Linux
Date: 2011-02-13T22:00:52Z

This distribution has been tested as part of the CPAN Testers
project, supporting the Perl programming language.  See
http://wiki.cpantesters.org/ for more information or email
questions to cpan-testers-discuss@perl.org


--
Dear Marcel Gruenauer,

This is a computer-generated report for Class-Value-Net-1.110250
on perl 5.12.1, created by CPAN-Reporter-1.1902.

Thank you for uploading your work to CPAN.  However, there was a problem
testing your distribution.

If you think this report is invalid, please consult the CPAN Testers Wiki
for suggestions on how to avoid getting FAIL reports for missing library
or binary dependencies, unsupported operating systems, and so on:

http://wiki.cpantesters.org/wiki/CPANAuthorNotes

Sections of this report:

    * Tester comments
    * Program output
    * Prerequisites
    * Environment and other context

------------------------------
TESTER COMMENTS
------------------------------

Additional comments from tester:

this report is from an automated smoke testing program
and was not reviewed by a human for accuracy

------------------------------
PROGRAM OUTPUT
------------------------------

Output from '/usr/bin/make test':

PERL_DL_NONLAZY=1 /home/graham/perltest/perl5121/perl/bin/perl "-MExtUtils::Command::MM" "-e" "test_harness(0, 'blib/lib', 'blib/arch')" t/*.t
t/00-compile.t ............... ok
# Testing with Perl 5.012001, /home/graham/perltest/perl5121/perl/bin/perl
#     Carp version is 1.16
#     Class::Value version is 1.100840
#     Class::Value::Boolean version is 1.100840
#     Class::Value::Enum version is 1.100840
#     Class::Value::Exception::Base version is 1.100840
#     Class::Value::SemanticAdapter version is 1.100841
#     Class::Value::String version is 1.100840
#     Class::Value::Test version is 1.100840
#     Data::Semantic::Net::IPAddress::TestData::IPv4 version is 1.101760
#     Data::Semantic::Net::IPAddress::TestData::IPv6 version is 1.101760
#     English version is 1.04
#     Error version is 0.17016
#     Error::Hierarchy::Mixin version is 1.103530
#     Error::Hierarchy::Test version is 1.103530
#     ExtUtils::MakeMaker version is 6.57_06
#     File::Find version is 1.15
#     File::Temp version is 0.22
#     Scalar::Util version is 1.2303
#     Test::CompanionClasses version is 1.101370
#     Test::CompanionClasses::Base version is 1.101370
#     Test::More version is 2.0006
#     constant version is 1.20
#     parent version is 0.224
t/000-report-versions.t ...... ok
t/01_companion_classes.t ..... 
All 12 subtests passed 
t/02_hostname.t .............. ok
t/author-critic.t ............ skipped: these tests are for testing by the author
t/release-check-changes.t .... skipped: these tests are for release candidate testing
t/release-dist-manifest.t .... skipped: these tests are for release candidate testing
t/release-distmeta.t ......... skipped: these tests are for release candidate testing
t/release-eol.t .............. skipped: these tests are for release candidate testing
t/release-has-version.t ...... skipped: these tests are for release candidate testing
t/release-kwalitee.t ......... skipped: these tests are for release candidate testing
t/release-minimum-version.t .. skipped: these tests are for release candidate testing
t/release-no-tabs.t .......... skipped: these tests are for release candidate testing
t/release-pod-coverage.t ..... skipped: these tests are for release candidate testing
t/release-pod-spell.t ........ skipped: these tests are for release candidate testing
t/release-pod-syntax.t ....... skipped: these tests are for release candidate testing
t/release-portability.t ...... skipped: these tests are for release candidate testing
t/release-synopsis.t ......... skipped: these tests are for release candidate testing
t/release-unused-vars.t ...... skipped: these tests are for release candidate testing

Test Summary Report
-------------------
t/01_companion_classes.t   (Wstat: 0 Tests: 855 Failed: 843)
  Failed tests:  1, 1, 1, 1, 1, 1, 1, 1, 1, 1, 1, 1-2, 2
                2, 2, 2, 2, 2, 2, 2, 2, 2-3, 3, 3, 3, 3
                3, 3-4, 4, 4, 4, 4, 4-5, 5, 5, 5, 5, 5-6
                6, 6, 6, 6, 6-7, 7, 7, 7, 7, 7-8, 8, 8
                8, 8, 8-9, 9, 9, 9, 9, 9-10, 10, 10, 10
                10, 10-11, 11, 11, 11, 11, 11-12, 12, 12
                12, 12, 12-13, 13, 13, 13, 13, 13-14, 14
                14, 14, 14-15, 15, 15, 15, 15-16, 16, 16
                16, 16-17, 17, 17, 17, 17-18, 18, 18, 18
                18-19, 19, 19, 19, 19-20, 20, 20, 20, 20-21
                21, 21, 21, 21-22, 22, 22, 22, 22-23, 23
                23, 23, 23-24, 24, 24, 24, 24-25, 25, 25
                25, 25-26, 26, 26, 26, 26-27, 27, 27, 27
                27-28, 28, 28, 28, 28-29, 29, 29, 29, 29-30
                30, 30, 30, 30-31, 31, 31, 31-32, 32, 32
                32-33, 33, 33, 33-34, 34, 34, 34-35, 35
                35, 35-36, 36, 36, 36-37, 37, 37, 37-38
                38, 38, 38-39, 39, 39, 39-40, 40, 40, 40-41
                41, 41, 41-42, 42, 42, 42-43, 43, 43, 43-44
                44, 44, 44-45, 45, 45, 45-46, 46, 46, 46-47
                47, 47, 47-48, 48, 48, 48-49, 49, 49, 49-50
                50, 50, 50-51, 51, 51, 51-52, 52, 52, 52-53
                53, 53, 53-54, 54, 54, 54-55, 55, 55, 55-56
                56, 56, 56-57, 57, 57, 57-58, 58, 58, 58-59
                59, 59, 59-60, 60, 60, 60-61, 61, 61, 61-62
                62, 62, 62-63, 63, 63, 63-64, 64, 64, 64-65
                65, 65, 65-66, 66, 66, 66-67, 67, 67, 67-68
                68, 68, 68-69, 69, 69, 69-70, 70, 70, 70-71
                71, 71, 71-72, 72, 72, 72-73, 73, 73, 73-74
                74, 74, 74-75, 75, 75, 75-76, 76, 76, 76-77
                77, 77, 77-78, 78, 78, 78-79, 79, 79, 79-80
                80, 80, 80-81, 81, 81, 81-82, 82, 82, 82-83
                83, 83, 83-84, 84, 84, 84-85, 85, 85, 85-86
                86, 86, 86-87, 87, 87, 87-88, 88, 88, 88-89
                89, 89, 89-90, 90, 90, 90-91, 91, 91, 91-92
                92, 92, 92-93, 93, 93, 93-94, 94, 94, 94-95
                95, 95, 95-96, 96, 96, 96-97, 97, 97, 97-98
                98, 98, 98-99, 99, 99, 99-100, 100, 100
                100-101, 101, 101, 101-102, 102, 102, 102-103
                103, 103, 103-104, 104, 104, 104-105, 105
                105, 105-106, 106, 106, 106-107, 107, 107
                107-108, 108, 108, 108-109, 109, 109, 109-110
                110, 110, 110-111, 111, 111, 111-112, 112
                112, 112-113, 113, 113, 113-114, 114, 114
                114-115, 115, 115, 115-116, 116, 116, 116-117
                117, 117, 117-118, 118, 118, 118-119, 119
                119, 119-120, 120, 120, 120-121, 121, 121
                121-122, 122, 122, 122-123, 123, 123, 123-124
                124, 124, 124-125, 125, 125, 125-126, 126
                126, 126-127, 127, 127, 127-128, 128, 128-129
                129, 129-130, 130, 130-131, 131, 131-132
                132, 132-133, 133, 133-134, 134, 134-135
                135, 135-136, 136, 136-137, 137, 137-138
                138, 138-139, 139, 139-140, 140, 140-141
                141, 141-142, 142, 142-143, 143, 143-144
                144, 144-145, 145, 145-146, 146, 146-147
                147-148, 148-149, 149-150, 150-151, 151-152
                152-153, 153-154, 154-155, 155-156, 156-157
                157-158, 158-159, 159-160, 160-161, 161-162
                162-163, 163-164, 164-165, 165-166, 166-167
                167-168, 168-169, 169-170, 170-171, 171-172
                172-173, 173-174, 174-175, 175-176, 176-177
                177-178, 178-179, 179-180, 180-181, 181-182
                182-183, 183-184, 184-185, 185-186, 186-187
                187-188, 188-189, 189-190, 190-191, 191-192
                192-193, 193-194, 194-195, 195-196, 196-197
                197-198, 198-199, 199-200, 200-201, 201-202
                202-203, 203-204, 204-205, 205-206, 206-207
                207-208, 208-209, 209-210, 210-211, 211-212
                212-213, 213-214, 214-215, 215-216, 216-217
                217-218, 218-219, 219-220, 220-221, 221-222
                222-223, 223-224, 224-225, 225-226, 226-227
                227-228, 228-229, 229-230, 230-231, 231-232
                232-233, 233-234, 234-235, 235-236, 236-237
                237-238, 238-239, 239-240, 240-241, 241-242
                242-243, 243-244, 244-245, 245-246, 246-247
                247-248, 248-249, 249-250, 250-251, 251-252
                252-253, 253-254, 254-255, 255-256, 256-257
                257-258
  Parse errors: If TAP version is present it must be the first line of output
                More than one plan found in TAP output
                Tests out of sequence.  Found (1) but expected (147)
                If TAP version is present it must be the first line of output
                More than one plan found in TAP output
Displayed the first 5 of 734 TAP syntax errors.
Re-run prove with the -p option to see them all.
Files=19, Tests=939, 16 wallclock secs ( 0.83 usr  0.11 sys + 13.73 cusr  1.47 csys = 16.14 CPU)
Result: FAIL
Failed 1/19 test programs. 843/939 subtests failed.
make: *** [test_dynamic] Error 255

------------------------------
PREREQUISITES
------------------------------

Prerequisite modules loaded:

requires:

    Module                                         Need     Have    
    ---------------------------------------------- -------- --------
    Class::Value::Boolean                          0        1.100840
    Class::Value::Enum                             0        1.100840
    Class::Value::Exception::Base                  0        1.100840
    Class::Value::SemanticAdapter                  0        1.100841
    Class::Value::String                           0        1.100840
    Class::Value::Test                             0        1.100840
    constant                                       0        1.20    
    Data::Semantic::Net::IPAddress::TestData::IPv4 1.101750 1.101760
    Data::Semantic::Net::IPAddress::TestData::IPv6 0        1.101760
    Error::Hierarchy::Mixin                        0        1.103530
    Error::Hierarchy::Test                         0        1.103530
    parent                                         0        0.224   
    Test::CompanionClasses::Base                   0        1.101370
    Test::More                                     0        2.00_06 

build_requires:

    Module                                         Need     Have    
    ---------------------------------------------- -------- --------
    Carp                                           0        1.16    
    Class::Value                                   0        1.100840
    English                                        0        1.04    
    Error                                          0        0.17016 
    File::Find                                     0        1.15    
    File::Temp                                     0        0.22    
    Scalar::Util                                   0        1.23_03 
    Test::CompanionClasses                         0        1.101370
    Test::More                                     0.94     2.00_06 

configure_requires:

    Module                                         Need     Have    
    ---------------------------------------------- -------- --------
    ExtUtils::MakeMaker                            6.31     6.57_06 


------------------------------
ENVIRONMENT AND OTHER CONTEXT
------------------------------

Environment variables:

    AUTOMATED_TESTING = 1
    LANG = C
    PATH = /home/graham/perltest/perl5121/perl/bin:/usr/local/bin:/usr/bin:/bin:/usr/local/sbin:/usr/sbin:/sbin:/opt/java/bin:/opt/java/db/bin:/opt/java/jre/bin:/opt/kde/bin:/usr/bin/perlbin/site:/usr/bin/perlbin/vendor:/usr/lib/perl5/core_perl/bin:/opt/qt/bin
    PERL5LIB = 
    PERL5OPT = 
    PERL5_CPANPLUS_IS_RUNNING = 7898
    PERL5_CPAN_IS_RUNNING = 7898
    PERL5_CPAN_IS_RUNNING_IN_RECURSION = 3682,7898
    PERL_CR_SMOKER_CURRENT = Class-Value-Net-1.110250
    PERL_EXTUTILS_AUTOINSTALL = --defaultdeps
    PERL_MM_USE_DEFAULT = 1
    SHELL = /bin/bash
    TERM = xterm

Perl special variables (and OS-specific diagnostics, for MSWin32):

    $^X = /home/graham/perltest/perl5121/perl/bin/perl
    $UID/$EUID = 1000 / 1000
    $GID = 1000 7 10 91 92 93 95 98 100 108 1000 1001
    $EGID = 1000 7 10 91 92 93 95 98 100 108 1000 1001

Perl module toolchain versions installed:

    Module              Have    
    ------------------- --------
    CPAN                1.94_64 
    Cwd                 3.33    
    ExtUtils::CBuilder  0.280202
    ExtUtils::Command   1.16    
    ExtUtils::Install   1.55    
    ExtUtils::MakeMaker 6.57_06 
    ExtUtils::Manifest  1.58    
    ExtUtils::ParseXS   2.2206  
    File::Spec          3.33    
    Module::Build       0.3624  
    Module::Signature   0.66    
    Test::Harness       3.22    
    Test::More          2.00_06 
    YAML                0.72    
    YAML::Syck          1.17    
    version             0.88    


--

Summary of my perl5 (revision 5 version 12 subversion 1) configuration:
   
  Platform:
    osname=linux, osvers=2.6.33-arch, archname=i686-linux
    uname='linux lorant 2.6.33-arch #1 smp preempt thu may 13 12:06:25 cest 2010 i686 intel(r) pentium(r) 4 cpu 2.80ghz genuineintel gnulinux '
    config_args=''
    hint=recommended, useposix=true, d_sigaction=define
    useithreads=undef, usemultiplicity=undef
    useperlio=define, d_sfio=undef, uselargefiles=define, usesocks=undef
    use64bitint=undef, use64bitall=undef, uselongdouble=undef
    usemymalloc=n, bincompat5005=undef
  Compiler:
    cc='cc', ccflags ='-fno-strict-aliasing -pipe -fstack-protector -I/usr/local/include -D_LARGEFILE_SOURCE -D_FILE_OFFSET_BITS=64',
    optimize='-O2',
    cppflags='-fno-strict-aliasing -pipe -fstack-protector -I/usr/local/include'
    ccversion='', gccversion='4.5.0 20100520 (prerelease)', gccosandvers=''
    intsize=4, longsize=4, ptrsize=4, doublesize=8, byteorder=1234
    d_longlong=define, longlongsize=8, d_longdbl=define, longdblsize=12
    ivtype='long', ivsize=4, nvtype='double', nvsize=8, Off_t='off_t', lseeksize=8
    alignbytes=4, prototype=define
  Linker and Libraries:
    ld='cc', ldflags =' -fstack-protector -L/usr/local/lib'
    libpth=/usr/local/lib /lib /usr/lib
    libs=-lnsl -lgdbm -ldb -ldl -lm -lcrypt -lutil -lc -lgdbm_compat
    perllibs=-lnsl -ldl -lm -lcrypt -lutil -lc
    libc=/lib/libc-2.12.so, so=so, useshrplib=true, libperl=libperl.so
    gnulibc_version='2.12'
  Dynamic Linking:
    dlsrc=dl_dlopen.xs, dlext=so, d_dlsymun=undef, ccdlflags='-Wl,-E -Wl,-rpath,/home/graham/perltest/perl5121/perl/lib/5.12.1/i686-linux/CORE'
    cccdlflags='-fPIC', lddlflags='-shared -O2 -L/usr/local/lib -fstack-protector'


Characteristics of this binary (from libperl): 
  Compile-time options: PERL_DONT_CREATE_GVSV PERL_MALLOC_WRAP
                        USE_LARGE_FILES USE_PERLIO USE_PERL_ATOF
  Built under linux
  Compiled at Jul 20 2010 13:38:07
  %ENV:
    PERL5LIB=""
    PERL5OPT=""
    PERL5_CPANPLUS_IS_RUNNING="7898"
    PERL5_CPAN_IS_RUNNING="7898"
    PERL5_CPAN_IS_RUNNING_IN_RECURSION="3682,7898"
    PERL_CR_SMOKER_CURRENT="Class-Value-Net-1.110250"
    PERL_EXTUTILS_AUTOINSTALL="--defaultdeps"
    PERL_MM_USE_DEFAULT="1"
  @INC:
    /home/graham/perltest/perl5121/perl/lib/site_perl/5.12.1/i686-linux
    /home/graham/perltest/perl5121/perl/lib/site_perl/5.12.1
    /home/graham/perltest/perl5121/perl/lib/5.12.1/i686-linux
    /home/graham/perltest/perl5121/perl/lib/5.12.1
    .