Back
From: metabase:user:30ae4450-2aae-11df-837a-5e0a49663a4f
Subject: FAIL Test-Mocha-0.66 5.18.2
Date: 2019-02-04T22:12:30Z
This distribution has been tested as part of the CPAN Testers
project, supporting the Perl programming language. See
http://wiki.cpantesters.org/ for more information or email
questions to cpan-testers-discuss@perl.org
--
Dear Steven Lee,
This is a computer-generated report for Test-Mocha-0.66
on perl 5.18.2, created by CPAN-Reporter-1.2018.
Thank you for uploading your work to CPAN. However, there was a problem
testing your distribution.
If you think this report is invalid, please consult the CPAN Testers Wiki
for suggestions on how to avoid getting FAIL reports for missing library
or binary dependencies, unsupported operating systems, and so on:
http://wiki.cpantesters.org/wiki/CPANAuthorNotes
Sections of this report:
* Tester comments
* Program output
* Prerequisites
* Environment and other context
------------------------------
TESTER COMMENTS
------------------------------
Additional comments from tester:
this report is from an automated smoke testing program
and was not reviewed by a human for accuracy
------------------------------
PROGRAM OUTPUT
------------------------------
Output from 'C:\strawberry182\c\bin\dmake.exe test':
C:\strawberry182\perl\bin\perl.exe "-MExtUtils::Command::MM" "-MTest::Harness" "-e" "undef *Test::Harness::Switches; test_harness(0, 'blib\lib', 'blib\arch')" t/*.t
t/author-critic.t ......... skipped: these tests are for testing by the author
t/author-no-tabs.t ........ skipped: these tests are for testing by the author
t/author-pod-syntax.t ..... skipped: these tests are for testing by the author
# Failed test 'use Test::Mocha;'
# at t/called_ok.t line 14.
# Tried to use 'Test::Mocha'.
# Error: Can't locate UNIVERSAL/ref.pm in @INC (you may need to install the UNIVERSAL::ref module) (@INC contains: t/lib C:\strawberry182\cpan\build\Test-Mocha-0.66-0\blib\lib C:\strawberry182\cpan\build\Test-Mocha-0.66-0\blib\arch C:/strawberry182/perl/site/lib C:/strawberry182/perl/vendor/lib C:/strawberry182/perl/lib) at C:/strawberry182/perl/lib/if.pm line 13.
# BEGIN failed--compilation aborted at C:\strawberry182\cpan\build\Test-Mocha-0.66-0\blib\lib/Test/Mocha/Mock.pm line 12.
# Compilation failed in require at C:\strawberry182\cpan\build\Test-Mocha-0.66-0\blib\lib/Test/Mocha.pm line 15.
# BEGIN failed--compilation aborted at C:\strawberry182\cpan\build\Test-Mocha-0.66-0\blib\lib/Test/Mocha.pm line 15.
# Compilation failed in require at t/called_ok.t line 14.
# BEGIN failed--compilation aborted at t/called_ok.t line 14.
Bareword "SlurpyArray" not allowed while "strict subs" in use at t/called_ok.t line 332.
Bareword "mock" not allowed while "strict subs" in use at t/called_ok.t line 18.
Execution of t/called_ok.t aborted due to compilation errors.
t/called_ok.t .............
Dubious, test returned 255 (wstat 65280, 0xff00)
Failed 64/64 subtests
# Failed test 'use Test::Mocha;'
# at t/class_mock.t line 10.
# Tried to use 'Test::Mocha'.
# Error: Can't locate UNIVERSAL/ref.pm in @INC (you may need to install the UNIVERSAL::ref module) (@INC contains: C:\strawberry182\cpan\build\Test-Mocha-0.66-0\blib\lib C:\strawberry182\cpan\build\Test-Mocha-0.66-0\blib\arch C:/strawberry182/perl/site/lib C:/strawberry182/perl/vendor/lib C:/strawberry182/perl/lib) at C:/strawberry182/perl/lib/if.pm line 13.
# BEGIN failed--compilation aborted at C:\strawberry182\cpan\build\Test-Mocha-0.66-0\blib\lib/Test/Mocha/Mock.pm line 12.
# Compilation failed in require at C:\strawberry182\cpan\build\Test-Mocha-0.66-0\blib\lib/Test/Mocha.pm line 15.
# BEGIN failed--compilation aborted at C:\strawberry182\cpan\build\Test-Mocha-0.66-0\blib\lib/Test/Mocha.pm line 15.
# Compilation failed in require at t/class_mock.t line 10.
# BEGIN failed--compilation aborted at t/class_mock.t line 10.
String found where operator expected at t/class_mock.t line 17, near "class_mock 'Test::Builder::Tester'"
(Do you need to predeclare class_mock?)
Number found where operator expected at t/class_mock.t line 30, near "returns 1"
(Do you need to predeclare returns?)
String found where operator expected at t/class_mock.t line 38, near "returns "foo""
(Do you need to predeclare returns?)
String found where operator expected at t/class_mock.t line 49, near "returns "foo""
(Do you need to predeclare returns?)
String found where operator expected at t/class_mock.t line 78, near "throws 'My::Exception'"
(Do you need to predeclare throws?)
String found where operator expected at t/class_mock.t line 85, near "throws 'My::Exception'"
(Do you need to predeclare throws?)
syntax error at t/class_mock.t line 17, near "class_mock 'Test::Builder::Tester'"
syntax error at t/class_mock.t line 30, near "returns 1"
syntax error at t/class_mock.t line 38, near "returns "foo""
syntax error at t/class_mock.t line 49, near "returns "foo""
syntax error at t/class_mock.t line 78, near "throws 'My::Exception'"
syntax error at t/class_mock.t line 85, near "throws 'My::Exception'"
Execution of t/class_mock.t aborted due to compilation errors.
t/class_mock.t ............
Dubious, test returned 255 (wstat 65280, 0xff00)
Failed 14/14 subtests
# Failed test 'use Test::Mocha;'
# at t/clear.t line 12.
# Tried to use 'Test::Mocha'.
# Error: Can't locate UNIVERSAL/ref.pm in @INC (you may need to install the UNIVERSAL::ref module) (@INC contains: t/lib C:\strawberry182\cpan\build\Test-Mocha-0.66-0\blib\lib C:\strawberry182\cpan\build\Test-Mocha-0.66-0\blib\arch C:/strawberry182/perl/site/lib C:/strawberry182/perl/vendor/lib C:/strawberry182/perl/lib) at C:/strawberry182/perl/lib/if.pm line 13.
# BEGIN failed--compilation aborted at C:\strawberry182\cpan\build\Test-Mocha-0.66-0\blib\lib/Test/Mocha/Mock.pm line 12.
# Compilation failed in require at C:\strawberry182\cpan\build\Test-Mocha-0.66-0\blib\lib/Test/Mocha.pm line 15.
# BEGIN failed--compilation aborted at C:\strawberry182\cpan\build\Test-Mocha-0.66-0\blib\lib/Test/Mocha.pm line 15.
# Compilation failed in require at t/clear.t line 12.
# BEGIN failed--compilation aborted at t/clear.t line 12.
Useless use of private variable in void context at t/clear.t line 28.
Number found where operator expected at t/clear.t line 45, near "clear 1"
(Do you need to predeclare clear?)
Bareword "clear" not allowed while "strict subs" in use at t/clear.t line 37.
syntax error at t/clear.t line 45, near "clear 1"
Bareword "mock" not allowed while "strict subs" in use at t/clear.t line 16.
Execution of t/clear.t aborted due to compilation errors.
t/clear.t .................
Dubious, test returned 255 (wstat 65280, 0xff00)
Failed 4/4 subtests
# Failed test 'use Test::Mocha;'
# at t/inspect.t line 13.
# Tried to use 'Test::Mocha'.
# Error: Can't locate UNIVERSAL/ref.pm in @INC (you may need to install the UNIVERSAL::ref module) (@INC contains: t/lib C:\strawberry182\cpan\build\Test-Mocha-0.66-0\blib\lib C:\strawberry182\cpan\build\Test-Mocha-0.66-0\blib\arch C:/strawberry182/perl/site/lib C:/strawberry182/perl/vendor/lib C:/strawberry182/perl/lib) at C:/strawberry182/perl/lib/if.pm line 13.
# BEGIN failed--compilation aborted at C:\strawberry182\cpan\build\Test-Mocha-0.66-0\blib\lib/Test/Mocha/Mock.pm line 12.
# Compilation failed in require at C:\strawberry182\cpan\build\Test-Mocha-0.66-0\blib\lib/Test/Mocha.pm line 15.
# BEGIN failed--compilation aborted at C:\strawberry182\cpan\build\Test-Mocha-0.66-0\blib\lib/Test/Mocha.pm line 15.
# Compilation failed in require at t/inspect.t line 13.
# BEGIN failed--compilation aborted at t/inspect.t line 13.
Bareword "SlurpyArray" not allowed while "strict subs" in use at t/inspect.t line 51.
Bareword "mock" not allowed while "strict subs" in use at t/inspect.t line 16.
Execution of t/inspect.t aborted due to compilation errors.
t/inspect.t ...............
Dubious, test returned 255 (wstat 65280, 0xff00)
Failed 11/11 subtests
# Failed test 'use Test::Mocha;'
# at t/inspect_all.t line 12.
# Tried to use 'Test::Mocha'.
# Error: Can't locate UNIVERSAL/ref.pm in @INC (you may need to install the UNIVERSAL::ref module) (@INC contains: t/lib C:\strawberry182\cpan\build\Test-Mocha-0.66-0\blib\lib C:\strawberry182\cpan\build\Test-Mocha-0.66-0\blib\arch C:/strawberry182/perl/site/lib C:/strawberry182/perl/vendor/lib C:/strawberry182/perl/lib) at C:/strawberry182/perl/lib/if.pm line 13.
# BEGIN failed--compilation aborted at C:\strawberry182\cpan\build\Test-Mocha-0.66-0\blib\lib/Test/Mocha/Mock.pm line 12.
# Compilation failed in require at C:\strawberry182\cpan\build\Test-Mocha-0.66-0\blib\lib/Test/Mocha.pm line 15.
# BEGIN failed--compilation aborted at C:\strawberry182\cpan\build\Test-Mocha-0.66-0\blib\lib/Test/Mocha.pm line 15.
# Compilation failed in require at t/inspect_all.t line 12.
# BEGIN failed--compilation aborted at t/inspect_all.t line 12.
String found where operator expected at t/inspect_all.t line 44, near "inspect_all 'string'"
(Do you need to predeclare inspect_all?)
syntax error at t/inspect_all.t line 44, near "inspect_all 'string'"
Bareword "mock" not allowed while "strict subs" in use at t/inspect_all.t line 16.
Execution of t/inspect_all.t aborted due to compilation errors.
t/inspect_all.t ...........
Dubious, test returned 255 (wstat 65280, 0xff00)
Failed 9/9 subtests
# Failed test 'use Test::Mocha;'
# at t/matcher_moose.t line 19.
# Tried to use 'Test::Mocha'.
# Error: Can't locate UNIVERSAL/ref.pm in @INC (you may need to install the UNIVERSAL::ref module) (@INC contains: C:\strawberry182\cpan\build\Test-Mocha-0.66-0\blib\lib C:\strawberry182\cpan\build\Test-Mocha-0.66-0\blib\arch C:/strawberry182/perl/site/lib C:/strawberry182/perl/vendor/lib C:/strawberry182/perl/lib) at C:/strawberry182/perl/lib/if.pm line 13.
# BEGIN failed--compilation aborted at C:\strawberry182\cpan\build\Test-Mocha-0.66-0\blib\lib/Test/Mocha/Mock.pm line 12.
# Compilation failed in require at C:\strawberry182\cpan\build\Test-Mocha-0.66-0\blib\lib/Test/Mocha.pm line 15.
# BEGIN failed--compilation aborted at C:\strawberry182\cpan\build\Test-Mocha-0.66-0\blib\lib/Test/Mocha.pm line 15.
# Compilation failed in require at t/matcher_moose.t line 19.
# BEGIN failed--compilation aborted at t/matcher_moose.t line 19.
String found where operator expected at t/matcher_moose.t line 37, near "returns 'any'"
(Do you need to predeclare returns?)
syntax error at t/matcher_moose.t line 37, near "returns 'any'"
Bareword "mock" not allowed while "strict subs" in use at t/matcher_moose.t line 21.
Bareword "mock" not allowed while "strict subs" in use at t/matcher_moose.t line 34.
Execution of t/matcher_moose.t aborted due to compilation errors.
t/matcher_moose.t .........
Dubious, test returned 255 (wstat 65280, 0xff00)
Failed 9/9 subtests
# Failed test 'use Test::Mocha;'
# at t/matcher_typetiny.t line 12.
# Tried to use 'Test::Mocha'.
# Error: Can't locate UNIVERSAL/ref.pm in @INC (you may need to install the UNIVERSAL::ref module) (@INC contains: C:\strawberry182\cpan\build\Test-Mocha-0.66-0\blib\lib C:\strawberry182\cpan\build\Test-Mocha-0.66-0\blib\arch C:/strawberry182/perl/site/lib C:/strawberry182/perl/vendor/lib C:/strawberry182/perl/lib) at C:/strawberry182/perl/lib/if.pm line 13.
# BEGIN failed--compilation aborted at C:\strawberry182\cpan\build\Test-Mocha-0.66-0\blib\lib/Test/Mocha/Mock.pm line 12.
# Compilation failed in require at C:\strawberry182\cpan\build\Test-Mocha-0.66-0\blib\lib/Test/Mocha.pm line 15.
# BEGIN failed--compilation aborted at C:\strawberry182\cpan\build\Test-Mocha-0.66-0\blib\lib/Test/Mocha.pm line 15.
# Compilation failed in require at t/matcher_typetiny.t line 12.
# BEGIN failed--compilation aborted at t/matcher_typetiny.t line 12.
Bareword "mock" not allowed while "strict subs" in use at t/matcher_typetiny.t line 14.
Bareword "mock" not allowed while "strict subs" in use at t/matcher_typetiny.t line 28.
Bareword "SlurpyArray" not allowed while "strict subs" in use at t/matcher_typetiny.t line 96.
Bareword "SlurpyHash" not allowed while "strict subs" in use at t/matcher_typetiny.t line 100.
Bareword "SlurpyArray" not allowed while "strict subs" in use at t/matcher_typetiny.t line 104.
Bareword "SlurpyHash" not allowed while "strict subs" in use at t/matcher_typetiny.t line 108.
Execution of t/matcher_typetiny.t aborted due to compilation errors.
t/matcher_typetiny.t ......
Dubious, test returned 255 (wstat 65280, 0xff00)
Failed 20/20 subtests
# Failed test 'use Test::Mocha;'
# at t/mock.t line 9.
# Tried to use 'Test::Mocha'.
# Error: Can't locate UNIVERSAL/ref.pm in @INC (you may need to install the UNIVERSAL::ref module) (@INC contains: C:\strawberry182\cpan\build\Test-Mocha-0.66-0\blib\lib C:\strawberry182\cpan\build\Test-Mocha-0.66-0\blib\arch C:/strawberry182/perl/site/lib C:/strawberry182/perl/vendor/lib C:/strawberry182/perl/lib) at C:/strawberry182/perl/lib/if.pm line 13.
# BEGIN failed--compilation aborted at C:\strawberry182\cpan\build\Test-Mocha-0.66-0\blib\lib/Test/Mocha/Mock.pm line 12.
# Compilation failed in require at C:\strawberry182\cpan\build\Test-Mocha-0.66-0\blib\lib/Test/Mocha.pm line 15.
# BEGIN failed--compilation aborted at C:\strawberry182\cpan\build\Test-Mocha-0.66-0\blib\lib/Test/Mocha.pm line 15.
# Compilation failed in require at t/mock.t line 9.
# BEGIN failed--compilation aborted at t/mock.t line 9.
Undefined subroutine &main::mock called at t/mock.t line 14.
# Looks like you planned 12 tests but ran 1.
# Looks like you failed 1 test of 1 run.
# Looks like your test exited with 255 just after 1.
t/mock.t ..................
Dubious, test returned 255 (wstat 65280, 0xff00)
Failed 12/12 subtests
# Failed test 'use Test::Mocha;'
# at t/mock_universal.t line 8.
# Tried to use 'Test::Mocha'.
# Error: Can't locate UNIVERSAL/ref.pm in @INC (you may need to install the UNIVERSAL::ref module) (@INC contains: C:\strawberry182\cpan\build\Test-Mocha-0.66-0\blib\lib C:\strawberry182\cpan\build\Test-Mocha-0.66-0\blib\arch C:/strawberry182/perl/site/lib C:/strawberry182/perl/vendor/lib C:/strawberry182/perl/lib) at C:/strawberry182/perl/lib/if.pm line 13.
# BEGIN failed--compilation aborted at C:\strawberry182\cpan\build\Test-Mocha-0.66-0\blib\lib/Test/Mocha/Mock.pm line 12.
# Compilation failed in require at C:\strawberry182\cpan\build\Test-Mocha-0.66-0\blib\lib/Test/Mocha.pm line 15.
# BEGIN failed--compilation aborted at C:\strawberry182\cpan\build\Test-Mocha-0.66-0\blib\lib/Test/Mocha.pm line 15.
# Compilation failed in require at t/mock_universal.t line 8.
# BEGIN failed--compilation aborted at t/mock_universal.t line 8.
Number found where operator expected at t/mock_universal.t line 12, near "returns 0"
(Do you need to predeclare returns?)
Number found where operator expected at t/mock_universal.t line 18, near "returns 0"
(Do you need to predeclare returns?)
Number found where operator expected at t/mock_universal.t line 24, near "returns 0"
(Do you need to predeclare returns?)
String found where operator expected at t/mock_universal.t line 37, near "returns 'Foo'"
(Do you need to predeclare returns?)
syntax error at t/mock_universal.t line 12, near "returns 0"
syntax error at t/mock_universal.t line 18, near "returns 0"
syntax error at t/mock_universal.t line 24, near "returns 0"
syntax error at t/mock_universal.t line 30, near "returns undef"
syntax error at t/mock_universal.t line 37, near "returns 'Foo'"
Bareword "mock" not allowed while "strict subs" in use at t/mock_universal.t line 10.
Execution of t/mock_universal.t aborted due to compilation errors.
t/mock_universal.t ........
Dubious, test returned 255 (wstat 65280, 0xff00)
Failed 1/1 subtests
# Failed test 'use Test::Mocha;'
# at t/namespace.t line 7.
# Tried to use 'Test::Mocha'.
# Error: Can't locate UNIVERSAL/ref.pm in @INC (you may need to install the UNIVERSAL::ref module) (@INC contains: C:\strawberry182\cpan\build\Test-Mocha-0.66-0\blib\lib C:\strawberry182\cpan\build\Test-Mocha-0.66-0\blib\arch C:/strawberry182/perl/site/lib C:/strawberry182/perl/vendor/lib C:/strawberry182/perl/lib) at C:/strawberry182/perl/lib/if.pm line 13.
# BEGIN failed--compilation aborted at C:\strawberry182\cpan\build\Test-Mocha-0.66-0\blib\lib/Test/Mocha/Mock.pm line 12.
# Compilation failed in require at C:\strawberry182\cpan\build\Test-Mocha-0.66-0\blib\lib/Test/Mocha.pm line 15.
# BEGIN failed--compilation aborted at C:\strawberry182\cpan\build\Test-Mocha-0.66-0\blib\lib/Test/Mocha.pm line 15.
# Compilation failed in require at t/namespace.t line 7.
# BEGIN failed--compilation aborted at t/namespace.t line 7.
# Looks like you failed 1 test of 3.
t/namespace.t .............
Dubious, test returned 1 (wstat 256, 0x100)
Failed 1/3 subtests
t/release-pod-coverage.t .. skipped: these tests are for release candidate testing
# Failed test 'use Test::Mocha;'
# at t/smartmatch.t line 14.
# Tried to use 'Test::Mocha'.
# Error: Can't locate UNIVERSAL/ref.pm in @INC (you may need to install the UNIVERSAL::ref module) (@INC contains: C:\strawberry182\cpan\build\Test-Mocha-0.66-0\blib\lib C:\strawberry182\cpan\build\Test-Mocha-0.66-0\blib\arch C:/strawberry182/perl/site/lib C:/strawberry182/perl/vendor/lib C:/strawberry182/perl/lib) at C:/strawberry182/perl/lib/if.pm line 13.
# BEGIN failed--compilation aborted at C:\strawberry182\cpan\build\Test-Mocha-0.66-0\blib\lib/Test/Mocha/Mock.pm line 12.
# Compilation failed in require at C:\strawberry182\cpan\build\Test-Mocha-0.66-0\blib\lib/Test/Mocha.pm line 15.
# BEGIN failed--compilation aborted at C:\strawberry182\cpan\build\Test-Mocha-0.66-0\blib\lib/Test/Mocha.pm line 15.
# Compilation failed in require at t/smartmatch.t line 14.
# BEGIN failed--compilation aborted at t/smartmatch.t line 14.
Bareword "mock" not allowed while "strict subs" in use at t/smartmatch.t line 17.
BEGIN not safe after errors--compilation aborted at t/smartmatch.t line 162.
t/smartmatch.t ............
Dubious, test returned 255 (wstat 65280, 0xff00)
Failed 11/11 subtests
# Failed test 'use Test::Mocha;'
# at t/spy.t line 13.
# Tried to use 'Test::Mocha'.
# Error: Can't locate UNIVERSAL/ref.pm in @INC (you may need to install the UNIVERSAL::ref module) (@INC contains: t/lib C:\strawberry182\cpan\build\Test-Mocha-0.66-0\blib\lib C:\strawberry182\cpan\build\Test-Mocha-0.66-0\blib\arch C:/strawberry182/perl/site/lib C:/strawberry182/perl/vendor/lib C:/strawberry182/perl/lib) at C:/strawberry182/perl/lib/if.pm line 13.
# BEGIN failed--compilation aborted at C:\strawberry182\cpan\build\Test-Mocha-0.66-0\blib\lib/Test/Mocha/Mock.pm line 12.
# Compilation failed in require at C:\strawberry182\cpan\build\Test-Mocha-0.66-0\blib\lib/Test/Mocha.pm line 15.
# BEGIN failed--compilation aborted at C:\strawberry182\cpan\build\Test-Mocha-0.66-0\blib\lib/Test/Mocha.pm line 15.
# Compilation failed in require at t/spy.t line 13.
# BEGIN failed--compilation aborted at t/spy.t line 13.
Number found where operator expected at t/spy.t line 95, near "returns 1"
(Do you need to predeclare returns?)
syntax error at t/spy.t line 95, near "returns 1"
Execution of t/spy.t aborted due to compilation errors.
t/spy.t ...................
Dubious, test returned 255 (wstat 65280, 0xff00)
Failed 1/1 subtests
# Failed test 'use Test::Mocha;'
# at t/spy_universal.t line 11.
# Tried to use 'Test::Mocha'.
# Error: Can't locate UNIVERSAL/ref.pm in @INC (you may need to install the UNIVERSAL::ref module) (@INC contains: t/lib C:\strawberry182\cpan\build\Test-Mocha-0.66-0\blib\lib C:\strawberry182\cpan\build\Test-Mocha-0.66-0\blib\arch C:/strawberry182/perl/site/lib C:/strawberry182/perl/vendor/lib C:/strawberry182/perl/lib) at C:/strawberry182/perl/lib/if.pm line 13.
# BEGIN failed--compilation aborted at C:\strawberry182\cpan\build\Test-Mocha-0.66-0\blib\lib/Test/Mocha/Mock.pm line 12.
# Compilation failed in require at C:\strawberry182\cpan\build\Test-Mocha-0.66-0\blib\lib/Test/Mocha.pm line 15.
# BEGIN failed--compilation aborted at C:\strawberry182\cpan\build\Test-Mocha-0.66-0\blib\lib/Test/Mocha.pm line 15.
# Compilation failed in require at t/spy_universal.t line 11.
# BEGIN failed--compilation aborted at t/spy_universal.t line 11.
Undefined subroutine &main::spy called at t/spy_universal.t line 13.
# Tests were run but no plan was declared and done_testing() was not seen.
# Looks like your test exited with 255 just after 1.
t/spy_universal.t .........
Dubious, test returned 255 (wstat 65280, 0xff00)
Failed 1/1 subtests
# Failed test 'use Test::Mocha;'
# at t/stub.t line 15.
# Tried to use 'Test::Mocha'.
# Error: Can't locate UNIVERSAL/ref.pm in @INC (you may need to install the UNIVERSAL::ref module) (@INC contains: t/lib C:\strawberry182\cpan\build\Test-Mocha-0.66-0\blib\lib C:\strawberry182\cpan\build\Test-Mocha-0.66-0\blib\arch C:/strawberry182/perl/site/lib C:/strawberry182/perl/vendor/lib C:/strawberry182/perl/lib) at C:/strawberry182/perl/lib/if.pm line 13.
# BEGIN failed--compilation aborted at C:\strawberry182\cpan\build\Test-Mocha-0.66-0\blib\lib/Test/Mocha/Mock.pm line 12.
# Compilation failed in require at C:\strawberry182\cpan\build\Test-Mocha-0.66-0\blib\lib/Test/Mocha.pm line 15.
# BEGIN failed--compilation aborted at C:\strawberry182\cpan\build\Test-Mocha-0.66-0\blib\lib/Test/Mocha.pm line 15.
# Compilation failed in require at t/stub.t line 15.
# BEGIN failed--compilation aborted at t/stub.t line 15.
Number found where operator expected at t/stub.t line 47, near "returns 4"
(Do you need to predeclare returns?)
Number found where operator expected at t/stub.t line 56, near "returns 1"
(Do you need to predeclare returns?)
String found where operator expected at t/stub.t line 76, near "throws 'error, '"
(Do you need to predeclare throws?)
String found where operator expected at t/stub.t line 137, near "returns 'first'"
(Do you need to predeclare returns?)
String found where operator expected at t/stub.t line 138, near "returns 'second'"
(Do you need to predeclare returns?)
Number found where operator expected at t/stub.t line 149, near "returns 10"
(Do you need to predeclare returns?)
Number found where operator expected at t/stub.t line 152, near "returns 20"
(Do you need to predeclare returns?)
Number found where operator expected at t/stub.t line 172, near "returns 1"
(Do you need to predeclare returns?)
String found where operator expected at t/stub.t line 200, near "throws 'invalid'"
(Do you need to predeclare throws?)
String found where operator expected at t/stub.t line 208, near "throws 'invalid'"
(Do you need to predeclare throws?)
syntax error at t/stub.t line 47, near "returns 4"
syntax error at t/stub.t line 56, near "returns 1"
syntax error at t/stub.t line 76, near "throws 'error, '"
syntax error at t/stub.t line 137, near "returns 'first'"
syntax error at t/stub.t line 138, near "returns 'second'"
syntax error at t/stub.t line 149, near "returns 10"
syntax error at t/stub.t line 152, near "returns 20"
syntax error at t/stub.t line 172, near "returns 1"
syntax error at t/stub.t line 200, near "throws 'invalid'"
syntax error at t/stub.t line 208, near "throws 'invalid'"
t/stub.t has too many errors.
t/stub.t ..................
Dubious, test returned 255 (wstat 65280, 0xff00)
Failed 46/46 subtests
Test Summary Report
-------------------
t/called_ok.t (Wstat: 65280 Tests: 1 Failed: 1)
Failed test: 1
Non-zero exit status: 255
Parse errors: Bad plan. You planned 64 tests but ran 1.
t/class_mock.t (Wstat: 65280 Tests: 1 Failed: 1)
Failed test: 1
Non-zero exit status: 255
Parse errors: Bad plan. You planned 14 tests but ran 1.
t/clear.t (Wstat: 65280 Tests: 1 Failed: 1)
Failed test: 1
Non-zero exit status: 255
Parse errors: Bad plan. You planned 4 tests but ran 1.
t/inspect.t (Wstat: 65280 Tests: 1 Failed: 1)
Failed test: 1
Non-zero exit status: 255
Parse errors: Bad plan. You planned 11 tests but ran 1.
t/inspect_all.t (Wstat: 65280 Tests: 1 Failed: 1)
Failed test: 1
Non-zero exit status: 255
Parse errors: Bad plan. You planned 9 tests but ran 1.
t/matcher_moose.t (Wstat: 65280 Tests: 1 Failed: 1)
Failed test: 1
Non-zero exit status: 255
Parse errors: Bad plan. You planned 9 tests but ran 1.
t/matcher_typetiny.t (Wstat: 65280 Tests: 1 Failed: 1)
Failed test: 1
Non-zero exit status: 255
Parse errors: Bad plan. You planned 20 tests but ran 1.
t/mock.t (Wstat: 65280 Tests: 1 Failed: 1)
Failed test: 1
Non-zero exit status: 255
Parse errors: Bad plan. You planned 12 tests but ran 1.
t/mock_universal.t (Wstat: 65280 Tests: 1 Failed: 1)
Failed test: 1
Non-zero exit status: 255
Parse errors: No plan found in TAP output
t/namespace.t (Wstat: 256 Tests: 3 Failed: 1)
Failed test: 1
Non-zero exit status: 1
t/smartmatch.t (Wstat: 65280 Tests: 1 Failed: 1)
Failed test: 1
Non-zero exit status: 255
Parse errors: Bad plan. You planned 11 tests but ran 1.
t/spy.t (Wstat: 65280 Tests: 1 Failed: 1)
Failed test: 1
Non-zero exit status: 255
Parse errors: No plan found in TAP output
t/spy_universal.t (Wstat: 65280 Tests: 1 Failed: 1)
Failed test: 1
Non-zero exit status: 255
Parse errors: No plan found in TAP output
t/stub.t (Wstat: 65280 Tests: 1 Failed: 1)
Failed test: 1
Non-zero exit status: 255
Parse errors: Bad plan. You planned 46 tests but ran 1.
Files=18, Tests=16, 6 wallclock secs ( 0.12 usr + 0.06 sys = 0.18 CPU)
Result: FAIL
Failed 14/18 test programs. 14/16 subtests failed.
dmake.exe: Error code 255, while making 'test_dynamic'
------------------------------
PREREQUISITES
------------------------------
Prerequisite modules loaded:
requires:
Module Need Have
--------------------- -------- --------
Carp 1.22 1.32
Devel::PartialDump 0.17 0.17
experimental 0 0.006
Exporter 0 5.68
if 0 0.0602
overload 0 1.22
parent 0 0.228
perl 5.010001 5.018002
Scalar::Util 0 1.38
strict 0 1.07
Test::Builder 0 1.001002
Type::Library 0 0.038
Type::Utils 0 0.038
Types::Standard 0.008 0.038
warnings 0 1.18
build_requires:
Module Need Have
--------------------- -------- --------
ExtUtils::MakeMaker 0 6.84
lib 0 0.63
ok 0 0.11
Test::Builder::Tester 0 1.23_002
Test::Fatal 0 0.013
Test::More 1.001002 1.001002
Test::Requires 0 0.07
configure_requires:
Module Need Have
--------------------- -------- --------
ExtUtils::MakeMaker 0 6.84
------------------------------
ENVIRONMENT AND OTHER CONTEXT
------------------------------
Environment variables:
AUTOMATED_TESTING = 1
COMSPEC = C:\WINDOWS\system32\cmd.exe
NUMBER_OF_PROCESSORS = 1
PATH = C:\WINDOWS\system32;C:\WINDOWS;C:\WINDOWS\System32\Wbem;C:\strawberry182\c\bin;C:\strawberry182\perl\site\bin;C:\strawberry182\perl\bin
PERL5LIB =
PERL5OPT =
PERL5_CPANPLUS_IS_RUNNING = 852
PERL5_CPAN_IS_RUNNING = 852
PERL5_CPAN_IS_RUNNING_IN_RECURSION = 1212,852
PERL_CR_SMOKER_CURRENT = Test-Mocha-0.66
PERL_CR_SMOKER_RUNONCE = 1
PERL_EXTUTILS_AUTOINSTALL = --defaultdeps
PERL_HASH_SEED = 0x11111111
PERL_MM_USE_DEFAULT = 1
PROCESSOR_IDENTIFIER = x86 Family 18 Model 1 Stepping 0, AuthenticAMD
TEMP = C:\DOCUME~1\c\LOCALS~1\Temp
TERM = dumb
Perl special variables (and OS-specific diagnostics, for MSWin32):
$^X = C:\strawberry182\perl\bin\perl.exe
$UID/$EUID = 0 / 0
$GID = 0
$EGID = 0
Win32::GetOSName = WinXP/.Net
Win32::GetOSVersion = Service Pack 3, 5, 1, 2600, 2, 3, 0, 256, 1
Win32::FsType = NTFS
Win32::IsAdminUser = 1
Perl module toolchain versions installed:
Module Have
------------------- --------
CPAN 2.16
CPAN::Meta 2.133380
Cwd 3.40
ExtUtils::CBuilder 0.280212
ExtUtils::Command 1.18
ExtUtils::Install 1.59
ExtUtils::MakeMaker 6.84
ExtUtils::Manifest 1.63
ExtUtils::ParseXS 3.22
File::Spec 3.40
JSON 2.90
JSON::PP 2.27203
Module::Build 0.4203
Module::Signature n/a
Parse::CPAN::Meta 1.4414
Test::Harness 3.30
Test::More 1.001002
YAML 0.90
YAML::Syck 1.27
version 0.9904
--
Summary of my perl5 (revision 5 version 18 subversion 2) configuration:
Platform:
osname=MSWin32, osvers=6.2, archname=MSWin32-x86-multi-thread-64int
uname='Win32 strawberry-perl 5.18.2.1 #1 Tue Jan 7 16:30:36 2014 i386'
config_args='undef'
hint=recommended, useposix=true, d_sigaction=undef
useithreads=define, usemultiplicity=define
useperlio=define, d_sfio=undef, uselargefiles=define, usesocks=undef
use64bitint=define, use64bitall=undef, uselongdouble=undef
usemymalloc=n, bincompat5005=undef
Compiler:
cc='gcc', ccflags =' -s -O2 -DWIN32 -DPERL_TEXTMODE_SCRIPTS -DPERL_IMPLICIT_CONTEXT -DPERL_IMPLICIT_SYS -DUSE_PERLIO -fno-strict-aliasing -mms-bitfields',
optimize='-s -O2',
cppflags='-DWIN32'
ccversion='', gccversion='4.7.3', gccosandvers=''
intsize=4, longsize=4, ptrsize=4, doublesize=8, byteorder=12345678
d_longlong=define, longlongsize=8, d_longdbl=define, longdblsize=12
ivtype='long long', ivsize=8, nvtype='double', nvsize=8, Off_t='long long', lseeksize=8
alignbytes=8, prototype=define
Linker and Libraries:
ld='g++', ldflags ='-s -L"C:\strawberry182\perl\lib\CORE" -L"C:\strawberry182\c\lib"'
libpth=C:\strawberry182\c\lib C:\strawberry182\c\i686-w64-mingw32\lib C:\strawberry182\c\lib\gcc\i686-w64-mingw32\4.7.3
libs=-lmoldname -lkernel32 -luser32 -lgdi32 -lwinspool -lcomdlg32 -ladvapi32 -lshell32 -lole32 -loleaut32 -lnetapi32 -luuid -lws2_32 -lmpr -lwinmm -lversion -lodbc32 -lodbccp32 -lcomctl32
perllibs=-lmoldname -lkernel32 -luser32 -lgdi32 -lwinspool -lcomdlg32 -ladvapi32 -lshell32 -lole32 -loleaut32 -lnetapi32 -luuid -lws2_32 -lmpr -lwinmm -lversion -lodbc32 -lodbccp32 -lcomctl32
libc=, so=dll, useshrplib=true, libperl=libperl518.a
gnulibc_version=''
Dynamic Linking:
dlsrc=dl_win32.xs, dlext=dll, d_dlsymun=undef, ccdlflags=' '
cccdlflags=' ', lddlflags='-mdll -s -L"C:\strawberry182\perl\lib\CORE" -L"C:\strawberry182\c\lib"'
Characteristics of this binary (from libperl):
Compile-time options: HAS_TIMES HAVE_INTERP_INTERN MULTIPLICITY
PERLIO_LAYERS PERL_DONT_CREATE_GVSV
PERL_HASH_FUNC_ONE_AT_A_TIME_HARD
PERL_IMPLICIT_CONTEXT PERL_IMPLICIT_SYS
PERL_MALLOC_WRAP PERL_PRESERVE_IVUV PERL_SAWAMPERSAND
USE_64_BIT_INT USE_ITHREADS USE_LARGE_FILES
USE_LOCALE USE_LOCALE_COLLATE USE_LOCALE_CTYPE
USE_LOCALE_NUMERIC USE_PERLIO USE_PERL_ATOF
Built under MSWin32
Compiled at Jan 7 2014 16:39:31
%ENV:
PERL5_CPANPLUS_IS_RUNNING="852"
PERL5_CPAN_IS_RUNNING="852"
PERL5_CPAN_IS_RUNNING_IN_RECURSION="1212,852"
PERL_CR_SMOKER_CURRENT="Test-Mocha-0.66"
PERL_CR_SMOKER_RUNONCE="1"
PERL_EXTUTILS_AUTOINSTALL="--defaultdeps"
PERL_HASH_SEED="0x11111111"
PERL_MM_USE_DEFAULT="1"
@INC:
C:/strawberry182/perl/site/lib
C:/strawberry182/perl/vendor/lib
C:/strawberry182/perl/lib
.