Report for App-Sqitch-0.999

Back
From: metabase:user:320bfe00-2aae-11df-837a-5e0a49663a4f
Subject: FAIL App-Sqitch-0.999 v5.10.1 GNU/Linux
Date: 2015-02-12T19:55:15Z

This distribution has been tested as part of the CPAN Testers
project, supporting the Perl programming language.  See
http://wiki.cpantesters.org/ for more information or email
questions to cpan-testers-discuss@perl.org


--
Dear David E. Wheeler,

This is a computer-generated report for App-Sqitch-0.999
on perl 5.10.1, created by CPAN-Reporter-1.2011.

Thank you for uploading your work to CPAN.  However, there was a problem
testing your distribution.

If you think this report is invalid, please consult the CPAN Testers Wiki
for suggestions on how to avoid getting FAIL reports for missing library
or binary dependencies, unsupported operating systems, and so on:

http://wiki.cpantesters.org/wiki/CPANAuthorNotes

Sections of this report:

    * Tester comments
    * Program output
    * Prerequisites
    * Environment and other context

------------------------------
TESTER COMMENTS
------------------------------

Additional comments from tester:

this report is from an automated smoke testing program
and was not reviewed by a human for accuracy

------------------------------
PROGRAM OUTPUT
------------------------------

Output from './Build test':

t/add.t ............. ok
t/base.t ............ ok
t/blank.t ........... ok
t/bundle.t .......... ok
t/change.t .......... ok
t/changelist.t ...... ok
t/checkout.t ........ ok
t/command.t ......... ok
t/config.t .......... ok
t/configuration.t ... ok
t/datetime.t ........ ok
t/depend.t .......... ok
t/deploy.t .......... ok
t/engine.t .......... ok
t/engine_cmd.t ...... ok
t/firebird.t ........ ok
t/help.t ............ ok
t/init.t ............ ok
t/item_formatter.t .. ok
t/linelist.t ........ ok
t/log.t ............. ok
t/mysql.t ........... ok
t/options.t ......... ok
t/oracle.t .......... ok
t/pg.t .............. ok
t/plan.t ............ ok
t/plan_command.t .... 
Failed 121/215 subtests 
t/pragma.t .......... ok
t/rebase.t .......... ok
t/revert.t .......... ok
t/rework.t .......... ok
t/show.t ............ ok
t/sqlite.t .......... ok
t/status.t .......... ok
t/tag.t ............. ok
t/tag_cmd.t ......... ok
t/target.t .......... ok
t/target_cmd.t ...... ok
t/upgrade.t ......... ok
t/verify.t .......... ok
t/vertica.t ......... ok
t/x.t ............... ok

Test Summary Report
-------------------
t/plan_command.t  (Wstat: 139 Tests: 94 Failed: 0)
  Non-zero wait status: 139
  Parse errors: Bad plan.  You planned 215 tests but ran 94.
Files=42, Tests=5702, 46 wallclock secs ( 0.61 usr  0.08 sys + 18.90 cusr  1.91 csys = 21.50 CPU)
Result: FAIL
Failed 1/42 test programs. 0/5702 subtests failed.

------------------------------
PREREQUISITES
------------------------------

Prerequisite modules loaded:

requires:

    Module                Need     Have        
    --------------------- -------- ------------
    Clone                 0        0.38        
    Config::GitLike       1.11     1.15        
    constant              0        1.17        
    DateTime              0        1.18        
    DBI                   0        1.633       
    Devel::StackTrace     1.30     2.00        
    Digest::SHA           0        5.95        
    Encode                0        2.69        
    Encode::Locale        0        1.03        
    File::Basename        0        2.77        
    File::Copy            0        2.14        
    File::HomeDir         0        1.00        
    File::Path            0        2.09        
    File::Temp            0        0.2304      
    Getopt::Long          0        2.43        
    Hash::Merge           0        0.200       
    if                    0        0.05        
    IO::Pager             0        0.31        
    IPC::Run3             0        0.048       
    IPC::System::Simple   1.17     1.25        
    List::MoreUtils       0        0.403       
    List::Util            0        1.41        
    Locale::Messages      0        1.23        
    Locale::TextDomain    1.20     1.23        
    Moo                   1.002000 1.999_001   
    Moo::Role             0        1.999_001   
    Moo::sification       0        0           
    namespace::autoclean  0.16     0.24        
    overload              0        1.07        
    parent                0        0.228       
    Path::Class           0.33     0.35        
    perl                  5.010    5.010001    
    PerlIO::utf8_strict   0        0.005       
    Pod::Find             0        1.62        
    Pod::Usage            0        1.64        
    POSIX                 0        1.17        
    Scalar::Util          0        1.41        
    StackTrace::Auto      0        0.200012    
    strict                0        1.04        
    String::Formatter     0        0.102084    
    String::ShellQuote    0        1.04        
    Sub::Exporter         0        0.987       
    Sub::Exporter::Util   0        0.987       
    Sys::Hostname         0        1.11        
    Template::Tiny        0.11     1.12        
    Term::ANSIColor       2.02     4.03        
    Throwable             0.200009 0.200012    
    Time::HiRes           0        1.9726      
    Time::Local           0        1.2300      
    Try::Tiny             0        0.22        
    Type::Library         0.040    1.000005    
    Type::Utils           0        1.000005    
    Types::Standard       0        1.000005    
    URI                   0        1.65        
    URI::db               0.15     0.15        
    User::pwent           0        1.00        
    utf8                  0        1.07        
    warnings              0        1.06        

build_requires:

    Module                Need     Have        
    --------------------- -------- ------------
    Capture::Tiny         0.12     0.28        
    Carp                  0        1.3301      
    File::Spec            0        3.47        
    File::Spec::Functions 0        3.47        
    FindBin               0        1.50        
    lib                   0        0.62        
    Module::Build         0.35     0.4211      
    Path::Class           0.33     0.35        
    Test::Deep            0        0.115       
    Test::Dir             0        1.014       
    Test::Exception       0        0.36        
    Test::File            0        1.41        
    Test::File::Contents  0.20     0.21        
    Test::MockModule      0.05     0.05        
    Test::More            0.94     1.301001_098
    Test::NoWarnings      0.083    1.04        

configure_requires:

    Module                Need     Have        
    --------------------- -------- ------------
    Module::Build         0.35     0.4211      


------------------------------
ENVIRONMENT AND OTHER CONTEXT
------------------------------

Environment variables:

    AUTOMATED_TESTING = 1
    LANG = en_US.UTF-8
    LANGUAGE = en_US:en
    PATH = /home/sand/bin:/usr/local/bin:/usr/bin:/bin:/usr/games:/usr/local/perl/bin:/usr/X11/bin:/sbin:/usr/sbin
    PERL5LIB = 
    PERL5OPT = 
    PERL5_CPANPLUS_IS_RUNNING = 13296
    PERL5_CPAN_IS_RUNNING = 13296
    PERL_MM_USE_DEFAULT = 1
    SHELL = /usr/bin/zsh
    TERM = screen

Perl special variables (and OS-specific diagnostics, for MSWin32):

    $^X = /home/sand/src/perl/repoperls/installed-perls/perl/perl-5.10.1/5da8/bin/perl
    $UID/$EUID = 1005 / 1005
    $GID = 1005 1005
    $EGID = 1005 1005

Perl module toolchain versions installed:

    Module              Have        
    ------------------- ------------
    CPAN                2.09        
    CPAN::Meta          2.143240    
    Cwd                 3.47        
    ExtUtils::CBuilder  0.280220    
    ExtUtils::Command   7.05_12     
    ExtUtils::Install   1.54        
    ExtUtils::MakeMaker 7.05_12     
    ExtUtils::Manifest  1.70        
    ExtUtils::ParseXS   3.24        
    File::Spec          3.47        
    JSON                2.90        
    JSON::PP            2.27203     
    Module::Build       0.4211      
    Module::Signature   0.73        
    Parse::CPAN::Meta   1.4414      
    Test::Harness       3.35        
    Test::More          1.301001_098
    YAML                1.14        
    YAML::Syck          1.29        
    version             0.9912      


--

Summary of my perl5 (revision 5 version 10 subversion 1) configuration:
  Commit id: 5348debf9fd57fc15c26529386769684fab96e57
  Platform:
    osname=linux, osvers=3.16.0-4-amd64, archname=x86_64-linux
    uname='linux k83 3.16.0-4-amd64 #1 smp debian 3.16.7-ckt2-1 (2014-12-08) x86_64 gnulinux '
    config_args='-Dprefix=/home/sand/src/perl/repoperls/installed-perls/perl/perl-5.10.1/5da8 -Dmyhostname=k83 -Dinstallusrbinperl=n -Uversiononly -Dusedevel -des -Ui_db -Uuseithreads -Uuselongdouble -DDEBUGGING=-g -Dusedl -Ddlsrc=dl_dlopen.xs -Dlibs=-lnsl -ldb -ldl -lm -lcrypt -lutil -lc -Dlibpth=/usr/lib/x86_64-linux-gnu /usr/local/lib /lib /usr/lib'
    hint=recommended, useposix=true, d_sigaction=define
    useithreads=undef, usemultiplicity=undef
    useperlio=define, d_sfio=undef, uselargefiles=define, usesocks=undef
    use64bitint=define, use64bitall=define, uselongdouble=undef
    usemymalloc=n, bincompat5005=undef
  Compiler:
    cc='cc', ccflags ='-fno-strict-aliasing -pipe -fstack-protector -I/usr/local/include -D_LARGEFILE_SOURCE -D_FILE_OFFSET_BITS=64',
    optimize='-O2 -g',
    cppflags='-fno-strict-aliasing -pipe -fstack-protector -I/usr/local/include'
    ccversion='', gccversion='4.9.2', gccosandvers=''
    intsize=4, longsize=8, ptrsize=8, doublesize=8, byteorder=12345678
    d_longlong=define, longlongsize=8, d_longdbl=define, longdblsize=16
    ivtype='long', ivsize=8, nvtype='double', nvsize=8, Off_t='off_t', lseeksize=8
    alignbytes=8, prototype=define
  Linker and Libraries:
    ld='cc', ldflags =' -fstack-protector -L/usr/local/lib'
    libpth=/usr/lib/x86_64-linux-gnu /usr/local/lib /lib /usr/lib
    libs=-lnsl -ldb -ldl -lm -lcrypt -lutil -lc
    perllibs=-lnsl -ldl -lm -lcrypt -lutil -lc
    libc=, so=so, useshrplib=false, libperl=libperl.a
    gnulibc_version='2.19'
  Dynamic Linking:
    dlsrc=dl_dlopen.xs, dlext=so, d_dlsymun=undef, ccdlflags='-Wl,-E'
    cccdlflags='-fPIC', lddlflags='-shared -O2 -g -L/usr/local/lib -fstack-protector'


Characteristics of this binary (from libperl): 
  Compile-time options: PERL_DONT_CREATE_GVSV PERL_MALLOC_WRAP PERL_USE_DEVEL
                        USE_64_BIT_ALL USE_64_BIT_INT USE_LARGE_FILES
                        USE_PERLIO
  Built under linux
  Compiled at Jan 10 2015 11:26:43
  %ENV:
    PERL5LIB=""
    PERL5OPT=""
    PERL5_CPANPLUS_IS_RUNNING="13296"
    PERL5_CPAN_IS_RUNNING="13296"
    PERL_MM_USE_DEFAULT="1"
  @INC:
    /home/sand/src/perl/repoperls/installed-perls/perl/perl-5.10.1/5da8/lib/5.10.1/x86_64-linux
    /home/sand/src/perl/repoperls/installed-perls/perl/perl-5.10.1/5da8/lib/5.10.1
    /home/sand/src/perl/repoperls/installed-perls/perl/perl-5.10.1/5da8/lib/site_perl/5.10.1/x86_64-linux
    /home/sand/src/perl/repoperls/installed-perls/perl/perl-5.10.1/5da8/lib/site_perl/5.10.1
    .