Back
From: metabase:user:320bfe00-2aae-11df-837a-5e0a49663a4f
Subject: FAIL JSON-PPdev-2.27100 v5.17.10 GNU/Linux
Date: 2013-03-20T02:51:21Z
This distribution has been tested as part of the CPAN Testers
project, supporting the Perl programming language. See
http://wiki.cpantesters.org/ for more information or email
questions to cpan-testers-discuss@perl.org
--
Dear Makamaka Hannyaharamitu,
This is a computer-generated report for JSON-PPdev-2.27100
on perl 5.17.10, created by CPAN-Reporter-1.2009.
Thank you for uploading your work to CPAN. However, there was a problem
testing your distribution.
If you think this report is invalid, please consult the CPAN Testers Wiki
for suggestions on how to avoid getting FAIL reports for missing library
or binary dependencies, unsupported operating systems, and so on:
http://wiki.cpantesters.org/wiki/CPANAuthorNotes
Sections of this report:
* Tester comments
* Program output
* Prerequisites
* Environment and other context
------------------------------
TESTER COMMENTS
------------------------------
Additional comments from tester:
this report is from an automated smoke testing program
and was not reviewed by a human for accuracy
------------------------------
PROGRAM OUTPUT
------------------------------
Output from '/usr/bin/make test':
PERL_DL_NONLAZY=1 /tmp/basesmoker-reloperl-RCiq/bin/perl "-MExtUtils::Command::MM" "-e" "test_harness(0, 'blib/lib', 'blib/arch')" t/*.t
t/000_load.t ............... ok
t/001_utf8.t ............... ok
t/002_error.t .............. ok
t/003_types.t .............. ok
t/006_pc_pretty.t .......... ok
t/007_pc_esc.t ............. ok
t/008_pc_base.t ............ ok
t/009_pc_extra_number.t .... ok
t/010_pc_keysort.t ......... ok
t/011_pc_expo.t ............ ok
t/012_blessed.t ............ ok
t/013_limit.t .............. ok
t/014_latin1.t ............. ok
t/015_prefix.t ............. ok
t/016_tied.t ............... ok
t/017_relaxed.t ............ ok
t/018_json_checker.t ....... ok
# Failed test 'data'
# at (eval 48) line 14.
# Failed test 'data'
# at (eval 48) line 14.
# Failed test 'data'
# at (eval 48) line 14.
# Failed test 'data'
# at (eval 48) line 14.
# Failed test 'data'
# at (eval 48) line 14.
# Failed test 'data'
# at (eval 48) line 14.
# Failed test 'data'
# at (eval 48) line 14.
# Failed test 'data'
# at (eval 48) line 14.
# Failed test 'data'
# at (eval 48) line 14.
# Failed test 'data'
# at (eval 48) line 14.
# Failed test 'data'
# at (eval 48) line 14.
# Failed test 'data'
# at (eval 48) line 14.
# Failed test 'data'
# at (eval 48) line 14.
# Failed test 'data'
# at (eval 48) line 14.
# Failed test 'data'
# at (eval 48) line 14.
# Failed test 'data'
# at (eval 48) line 14.
# Failed test 'data'
# at (eval 48) line 14.
# Failed test 'data'
# at (eval 48) line 14.
# Failed test 'data'
# at (eval 48) line 14.
# Failed test 'data'
# at (eval 48) line 14.
# Failed test 'data'
# at (eval 48) line 14.
# Failed test 'data'
# at (eval 48) line 14.
# Failed test 'data'
# at (eval 48) line 14.
# Failed test 'data'
# at (eval 48) line 14.
# Failed test 'data'
# at (eval 48) line 14.
# Failed test 'data'
# at (eval 48) line 14.
# Failed test 'data'
# at (eval 48) line 14.
# Failed test 'data'
# at (eval 48) line 14.
# Failed test 'data'
# at (eval 48) line 14.
# Failed test 'data'
# at (eval 48) line 14.
# Failed test 'data'
# at (eval 48) line 14.
# Failed test 'data'
# at (eval 48) line 14.
# Failed test 'data'
# at (eval 48) line 14.
# Failed test 'data'
# at (eval 48) line 14.
# Failed test 'data'
# at (eval 48) line 14.
# Failed test 'data'
# at (eval 48) line 14.
# Failed test 'data'
# at (eval 48) line 14.
# Failed test 'data'
# at (eval 48) line 14.
# Failed test 'data'
# at (eval 48) line 14.
# Failed test 'data'
# at (eval 48) line 14.
# Failed test 'data'
# at (eval 48) line 14.
# Failed test 'data'
# at (eval 48) line 14.
# Failed test 'data'
# at (eval 48) line 14.
# Failed test 'data'
# at (eval 48) line 14.
# Failed test 'data'
# at (eval 48) line 14.
# Failed test 'data'
# at (eval 48) line 14.
# Failed test 'data'
# at (eval 48) line 14.
# Failed test 'data'
# at (eval 48) line 14.
# Failed test 'data'
# at (eval 48) line 14.
# Failed test 'data'
# at (eval 48) line 14.
# Failed test 'data'
# at (eval 48) line 14.
# Failed test 'data'
# at (eval 48) line 14.
# Looks like you failed 52 tests of 697.
t/019_incr.t ...............
Dubious, test returned 52 (wstat 13312, 0x3400)
Failed 52/697 subtests
t/020_unknown.t ............ ok
t/021_evans_bugrep.t ....... ok
t/022_comment_at_eof.t ..... ok
t/099_binary.t ............. ok
t/104_sortby.t ............. ok
t/105_esc_slash.t .......... ok
t/106_allow_barekey.t ...... ok
t/107_allow_singlequote.t .. ok
t/108_decode.t ............. ok
t/109_encode.t ............. ok
t/110_bignum.t ............. ok
t/112_upgrade.t ............ ok
t/113_overloaded_eq.t ...... ok
t/114_decode_prefix.t ...... ok
t/115_tie_ixhash.t ......... ok
t/900_pod.t ................ ok
Test Summary Report
-------------------
t/019_incr.t (Wstat: 13312 Tests: 697 Failed: 52)
Failed tests: 8, 17, 20, 23, 32, 38, 41, 44, 47, 53, 56
62, 65, 71, 74, 83, 86, 89, 92, 104, 107
116, 119, 128, 131, 137, 140, 143, 146
152, 155, 167, 176, 179, 185, 188, 191
194, 215, 218, 221, 227, 236, 248, 251
257, 263, 266, 269, 278, 284, 293
Non-zero exit status: 52
Files=34, Tests=3467, 3 wallclock secs ( 0.32 usr 0.05 sys + 2.81 cusr 0.20 csys = 3.38 CPU)
Result: FAIL
Failed 1/34 test programs. 52/3467 subtests failed.
make: *** [test_dynamic] Error 255
------------------------------
PREREQUISITES
------------------------------
Prerequisite modules loaded:
requires:
Module Need Have
------------------- ---- -------
Test::More 0 0.98
build_requires:
Module Need Have
------------------- ---- -------
ExtUtils::MakeMaker 0 6.65_01
configure_requires:
Module Need Have
------------------- ---- -------
ExtUtils::MakeMaker 0 6.65_01
------------------------------
ENVIRONMENT AND OTHER CONTEXT
------------------------------
Environment variables:
AUTOMATED_TESTING = 1
LANG = en_US.UTF-8
LANGUAGE = en_US:en
PATH = /usr/lib/ccache:/home/sand/bin:/usr/local/bin:/usr/bin:/bin:/usr/bin/X11:/usr/games:/usr/local/perl/bin:/usr/X11/bin:/sbin:/usr/sbin
PERL5LIB = /tmp/loop_over_bdir-8154-0KvU7r/Encode-IBM-0.11-GJ2nB9/blib/arch:/tmp/loop_over_bdir-8154-0KvU7r/Encode-IBM-0.11-GJ2nB9/blib/lib
PERL5OPT =
PERL5_CPANPLUS_IS_RUNNING = 10959
PERL5_CPAN_IS_RUNNING = 10959
PERL_MM_USE_DEFAULT = 1
SHELL = /usr/bin/zsh
TERM = screen
Perl special variables (and OS-specific diagnostics, for MSWin32):
$^X = /tmp/basesmoker-reloperl-RCiq/bin/perl
$UID/$EUID = 1005 / 1005
$GID = 1005 1005
$EGID = 1005 1005
Perl module toolchain versions installed:
Module Have
------------------- --------
CPAN 1.9800
CPAN::Meta 2.120921
Cwd 3.40
ExtUtils::CBuilder 0.280209
ExtUtils::Command 1.17
ExtUtils::Install 1.59
ExtUtils::MakeMaker 6.65_01
ExtUtils::Manifest 1.63
ExtUtils::ParseXS 3.18
File::Spec 3.40
JSON n/a
JSON::PP 2.27202
Module::Build 0.4003
Module::Signature 0.70
Parse::CPAN::Meta 1.4404
Test::Harness 3.26
Test::More 0.98
YAML 0.84
YAML::Syck 1.25
version 0.9902
--
Summary of my perl5 (revision 5 version 17 subversion 10) configuration:
Commit id: a7b39f85d7caac0822fdcd78400e131a95f11148
Platform:
osname=linux, osvers=3.2.0-4-amd64, archname=x86_64-linux-thread-multi-ld
uname='linux k83 3.2.0-4-amd64 #1 smp debian 3.2.39-2 x86_64 gnulinux '
config_args='-Dprefix=/home/src/perl/repoperls/installed-perls/perl/v5.17.9-203-ga7b39f8/a2da -Dmyhostname=k83 -Dinstallusrbinperl=n -Uversiononly -Dusedevel -des -Ui_db -Duseithreads -Duselongdouble -DDEBUGGING=-g'
hint=recommended, useposix=true, d_sigaction=define
useithreads=define, usemultiplicity=define
useperlio=define, d_sfio=undef, uselargefiles=define, usesocks=undef
use64bitint=define, use64bitall=define, uselongdouble=define
usemymalloc=n, bincompat5005=undef
Compiler:
cc='cc', ccflags ='-D_REENTRANT -D_GNU_SOURCE -fno-strict-aliasing -pipe -fstack-protector -I/usr/local/include -D_LARGEFILE_SOURCE -D_FILE_OFFSET_BITS=64',
optimize='-O2 -g',
cppflags='-D_REENTRANT -D_GNU_SOURCE -fno-strict-aliasing -pipe -fstack-protector -I/usr/local/include'
ccversion='', gccversion='4.7.2', gccosandvers=''
intsize=4, longsize=8, ptrsize=8, doublesize=8, byteorder=12345678
d_longlong=define, longlongsize=8, d_longdbl=define, longdblsize=16
ivtype='long', ivsize=8, nvtype='long double', nvsize=16, Off_t='off_t', lseeksize=8
alignbytes=16, prototype=define
Linker and Libraries:
ld='cc', ldflags =' -fstack-protector -L/usr/local/lib'
libpth=/usr/local/lib /lib/x86_64-linux-gnu /lib/../lib /usr/lib/x86_64-linux-gnu /usr/lib/../lib /lib /usr/lib
libs=-lnsl -lgdbm -ldb -ldl -lm -lcrypt -lutil -lpthread -lc -lgdbm_compat
perllibs=-lnsl -ldl -lm -lcrypt -lutil -lpthread -lc
libc=, so=so, useshrplib=false, libperl=libperl.a
gnulibc_version='2.13'
Dynamic Linking:
dlsrc=dl_dlopen.xs, dlext=so, d_dlsymun=undef, ccdlflags='-Wl,-E'
cccdlflags='-fPIC', lddlflags='-shared -O2 -g -L/usr/local/lib -fstack-protector'
Characteristics of this binary (from libperl):
Compile-time options: HAS_TIMES MULTIPLICITY PERLIO_LAYERS
PERL_DONT_CREATE_GVSV PERL_IMPLICIT_CONTEXT
PERL_MALLOC_WRAP PERL_PRESERVE_IVUV PERL_SAWAMPERSAND
PERL_USE_DEVEL USE_64_BIT_ALL USE_64_BIT_INT
USE_ITHREADS USE_LARGE_FILES USE_LOCALE
USE_LOCALE_COLLATE USE_LOCALE_CTYPE
USE_LOCALE_NUMERIC USE_LONG_DOUBLE USE_PERLIO
USE_PERL_ATOF USE_REENTRANT_API
Built under linux
Compiled at Mar 19 2013 00:37:12
%ENV:
PERL5LIB="/tmp/loop_over_bdir-8154-0KvU7r/Encode-IBM-0.11-GJ2nB9/blib/arch:/tmp/loop_over_bdir-8154-0KvU7r/Encode-IBM-0.11-GJ2nB9/blib/lib"
PERL5OPT=""
PERL5_CPANPLUS_IS_RUNNING="10959"
PERL5_CPAN_IS_RUNNING="10959"
PERL_MM_USE_DEFAULT="1"
@INC:
/tmp/loop_over_bdir-8154-0KvU7r/Encode-IBM-0.11-GJ2nB9/blib/arch
/tmp/loop_over_bdir-8154-0KvU7r/Encode-IBM-0.11-GJ2nB9/blib/lib
/home/src/perl/repoperls/installed-perls/perl/v5.17.9-203-ga7b39f8/a2da/lib/site_perl/5.17.10/x86_64-linux-thread-multi-ld
/home/src/perl/repoperls/installed-perls/perl/v5.17.9-203-ga7b39f8/a2da/lib/site_perl/5.17.10
/home/src/perl/repoperls/installed-perls/perl/v5.17.9-203-ga7b39f8/a2da/lib/5.17.10/x86_64-linux-thread-multi-ld
/home/src/perl/repoperls/installed-perls/perl/v5.17.9-203-ga7b39f8/a2da/lib/5.17.10
.