Report for Catalyst-Authentication-Credential-RemoteHTTP-0.04

Back
From: metabase:user:320bfe00-2aae-11df-837a-5e0a49663a4f
Subject: FAIL Catalyst-Authentication-Credential-RemoteHTTP-0.04 v5.14.2 GNU/Linux
Date: 2012-02-07T10:25:24Z

This distribution has been tested as part of the CPAN Testers
project, supporting the Perl programming language.  See
http://wiki.cpantesters.org/ for more information or email
questions to cpan-testers-discuss@perl.org


--
Dear Nigel Metheringham,

This is a computer-generated report for Catalyst-Authentication-Credential-RemoteHTTP-0.04
on perl 5.14.2, created by CPAN-Reporter-1.1902.

Thank you for uploading your work to CPAN.  However, there was a problem
testing your distribution.

If you think this report is invalid, please consult the CPAN Testers Wiki
for suggestions on how to avoid getting FAIL reports for missing library
or binary dependencies, unsupported operating systems, and so on:

http://wiki.cpantesters.org/wiki/CPANAuthorNotes

Sections of this report:

    * Tester comments
    * Program output
    * Prerequisites
    * Environment and other context

------------------------------
TESTER COMMENTS
------------------------------

Additional comments from tester:

this report is from an automated smoke testing program
and was not reviewed by a human for accuracy

------------------------------
PROGRAM OUTPUT
------------------------------

Output from '/usr/bin/make test':

PERL_DL_NONLAZY=1 /home/sand/src/perl/repoperls/installed-perls/perl/v5.14.2/2b65/bin/perl "-MExtUtils::Command::MM" "-e" "test_harness(0, 'blib/lib', 'blib/arch')" t/*.t
# Testing Catalyst::Authentication::Credential::RemoteHTTP 0.04, Perl 5.014002, /home/sand/src/perl/repoperls/installed-perls/perl/v5.14.2/2b65/bin/perl
t/00-load.t ............... ok
Can't locate object method "on_scope_end" via package "B::Hooks::EndOfScope" at /home/src/perl/repoperls/installed-perls/perl/v5.14.2/2b65/lib/site_perl/5.14.2/Catalyst.pm line 1164, <DATA> line 16.
Compilation failed in require at /home/src/perl/repoperls/installed-perls/perl/v5.14.2/2b65/lib/site_perl/5.14.2/Module/Runtime.pm line 205, <DATA> line 16.
 at /home/src/perl/repoperls/installed-perls/perl/v5.14.2/2b65/lib/site_perl/5.14.2/Sub/Exporter.pm line 493
BEGIN failed--compilation aborted at t/live.t line 16, <DATA> line 16.
# Looks like your test exited with 255 before it could output anything.
t/live.t .................. 
Dubious, test returned 255 (wstat 65280, 0xff00)
No subtests run 
t/release-eol.t ........... skipped: these tests are for release candidate testing
t/release-no-tabs.t ....... skipped: these tests are for release candidate testing
t/release-pod-coverage.t .. skipped: these tests are for release candidate testing
t/release-pod-syntax.t .... skipped: these tests are for release candidate testing

Test Summary Report
-------------------
t/live.t                (Wstat: 65280 Tests: 0 Failed: 0)
  Non-zero exit status: 255
  Parse errors: No plan found in TAP output
Files=6, Tests=1,  2 wallclock secs ( 0.02 usr  0.00 sys +  0.84 cusr  0.06 csys =  0.92 CPU)
Result: FAIL
Failed 1/6 test programs. 0/1 subtests failed.
make: *** [test_dynamic] Error 255

------------------------------
PREREQUISITES
------------------------------

Prerequisite modules loaded:

requires:

    Module                                   Need Have   
    ---------------------------------------- ---- -------
    Catalyst::Exception                      0    0      
    LWP::UserAgent                           0    6.03   
    Moose                                    0    2.0402 
    MooseX::Types::Moose                     0    0.31   
    namespace::autoclean                     0    0.13   

build_requires:

    Module                                   Need Have   
    ---------------------------------------- ---- -------
    Carp                                     0    1.23   
    Catalyst                                 0    5.90007
    Catalyst::Authentication::Store::Minimal 0    0      
    Catalyst::Controller                     0    0      
    Catalyst::Test                           0    0      
    HTTP::Server::Simple                     0    0.45_02
    HTTP::Server::Simple::CGI                0    0.45_02
    IO::Socket::INET                         0    1.31   
    MIME::Base64                             0    3.13   
    Test::Exception                          0    0.31   
    Test::More                               0    0.98   

configure_requires:

    Module                                   Need Have   
    ---------------------------------------- ---- -------
    ExtUtils::MakeMaker                      6.31 6.63_02


------------------------------
ENVIRONMENT AND OTHER CONTEXT
------------------------------

Environment variables:

    AUTOMATED_TESTING = 1
    LANG = en_US.UTF-8
    LANGUAGE = en_US:en
    PATH = /home/sand/bin:/usr/local/bin:/usr/bin:/bin:/usr/bin/X11:/usr/games:/usr/local/perl/bin:/usr/X11/bin:/sbin:/usr/sbin
    PERL5LIB = 
    PERL5OPT = 
    PERL5_CPANPLUS_IS_RUNNING = 15057
    PERL5_CPAN_IS_RUNNING = 15057
    PERL_MM_USE_DEFAULT = 1
    SHELL = /usr/bin/zsh
    TERM = screen

Perl special variables (and OS-specific diagnostics, for MSWin32):

    $^X = /home/sand/src/perl/repoperls/installed-perls/perl/v5.14.2/2b65/bin/perl
    $UID/$EUID = 1005 / 1005
    $GID = 1005 1005
    $EGID = 1005 1005

Perl module toolchain versions installed:

    Module              Have    
    ------------------- --------
    CPAN                1.9800  
    Cwd                 3.39_01 
    ExtUtils::CBuilder  0.280202
    ExtUtils::Command   1.17    
    ExtUtils::Install   1.56    
    ExtUtils::MakeMaker 6.63_02 
    ExtUtils::Manifest  1.60    
    ExtUtils::ParseXS   3.15    
    File::Spec          3.39_01 
    Module::Build       0.39_01 
    Module::Signature   0.68    
    Test::Harness       3.23    
    Test::More          0.98    
    YAML                0.78    
    YAML::Syck          1.19    
    version             0.96    


--

Summary of my perl5 (revision 5 version 14 subversion 2) configuration:
  Commit id: dc281e6088d189558b79a5121119b7196c8b3db0
  Platform:
    osname=linux, osvers=2.6.32-5-amd64, archname=x86_64-linux-ld
    uname='linux k83 2.6.32-5-amd64 #1 smp mon oct 3 03:59:20 utc 2011 x86_64 gnulinux '
    config_args='-Dprefix=/home/src/perl/repoperls/installed-perls/perl/v5.14.2/2b65 -Dinstallusrbinperl=n -Uversiononly -Dusedevel -des -Ui_db -Uuseithreads -Duselongdouble -DDEBUGGING=-g'
    hint=recommended, useposix=true, d_sigaction=define
    useithreads=undef, usemultiplicity=undef
    useperlio=define, d_sfio=undef, uselargefiles=define, usesocks=undef
    use64bitint=define, use64bitall=define, uselongdouble=define
    usemymalloc=n, bincompat5005=undef
  Compiler:
    cc='cc', ccflags ='-fno-strict-aliasing -pipe -fstack-protector -I/usr/local/include -D_LARGEFILE_SOURCE -D_FILE_OFFSET_BITS=64',
    optimize='-O2 -g',
    cppflags='-fno-strict-aliasing -pipe -fstack-protector -I/usr/local/include'
    ccversion='', gccversion='4.4.5', gccosandvers=''
    intsize=4, longsize=8, ptrsize=8, doublesize=8, byteorder=12345678
    d_longlong=define, longlongsize=8, d_longdbl=define, longdblsize=16
    ivtype='long', ivsize=8, nvtype='long double', nvsize=16, Off_t='off_t', lseeksize=8
    alignbytes=16, prototype=define
  Linker and Libraries:
    ld='cc', ldflags =' -fstack-protector -L/usr/local/lib'
    libpth=/usr/local/lib /lib/../lib /usr/lib/../lib /lib /usr/lib /lib64 /usr/lib64
    libs=-lnsl -ldb -ldl -lm -lcrypt -lutil -lc
    perllibs=-lnsl -ldl -lm -lcrypt -lutil -lc
    libc=/lib/libc-2.11.2.so, so=so, useshrplib=false, libperl=libperl.a
    gnulibc_version='2.11.2'
  Dynamic Linking:
    dlsrc=dl_dlopen.xs, dlext=so, d_dlsymun=undef, ccdlflags='-Wl,-E'
    cccdlflags='-fPIC', lddlflags='-shared -O2 -g -L/usr/local/lib -fstack-protector'


Characteristics of this binary (from libperl): 
  Compile-time options: PERL_DONT_CREATE_GVSV PERL_MALLOC_WRAP
                        PERL_PRESERVE_IVUV PERL_USE_DEVEL USE_64_BIT_ALL
                        USE_64_BIT_INT USE_LARGE_FILES USE_LONG_DOUBLE
                        USE_PERLIO USE_PERL_ATOF
  Built under linux
  Compiled at Oct 16 2011 05:57:02
  %ENV:
    PERL5LIB=""
    PERL5OPT=""
    PERL5_CPANPLUS_IS_RUNNING="15057"
    PERL5_CPAN_IS_RUNNING="15057"
    PERL_MM_USE_DEFAULT="1"
  @INC:
    /home/src/perl/repoperls/installed-perls/perl/v5.14.2/2b65/lib/site_perl/5.14.2/x86_64-linux-ld
    /home/src/perl/repoperls/installed-perls/perl/v5.14.2/2b65/lib/site_perl/5.14.2
    /home/src/perl/repoperls/installed-perls/perl/v5.14.2/2b65/lib/5.14.2/x86_64-linux-ld
    /home/src/perl/repoperls/installed-perls/perl/v5.14.2/2b65/lib/5.14.2
    .