Report for Tcl-1.09

Back
From: Slaven Rezić (SREZIC) 
Subject: FAIL Tcl-1.09 5.10.1 FreeBSD
Date: 2018-06-27T21:57:12Z

This distribution has been tested as part of the CPAN Testers
project, supporting the Perl programming language.  See
http://wiki.cpantesters.org/ for more information or email
questions to cpan-testers-discuss@perl.org


--
Dear Vadim Konovalov,

This is a computer-generated report for Tcl-1.09
on perl 5.10.1, created by CPAN-Reporter-1.2018.

Thank you for uploading your work to CPAN.  However, there was a problem
testing your distribution.

If you think this report is invalid, please consult the CPAN Testers Wiki
for suggestions on how to avoid getting FAIL reports for missing library
or binary dependencies, unsupported operating systems, and so on:

http://wiki.cpantesters.org/wiki/CPANAuthorNotes

Sections of this report:

    * Tester comments
    * Program output
    * Prerequisites
    * Environment and other context

------------------------------
TESTER COMMENTS
------------------------------

Additional comments from tester:

none provided

------------------------------
PROGRAM OUTPUT
------------------------------

Output from '/usr/bin/make test':

"/usr/perl5.10.1/bin/perl" -MExtUtils::Command::MM -e 'cp_nonempty' -- Tcl.bs blib/arch/auto/Tcl/Tcl.bs 644
PERL_DL_NONLAZY=1 "/usr/perl5.10.1/bin/perl" "-MExtUtils::Command::MM" "-MTest::Harness" "-e" "undef *Test::Harness::Switches; test_harness(0, 'blib/lib', 'blib/arch')" t/*.t
Can't load '/usr/home/eserte/.cpan/build/2018062716/Tcl-1.09-4/blib/arch/auto/Tcl/Tcl.so' for module Tcl: /usr/home/eserte/.cpan/build/2018062716/Tcl-1.09-4/blib/arch/auto/Tcl/Tcl.so: Undefined symbol "tclStubsPtr" at /usr/perl5.10.1/lib/5.10.1/amd64-freebsd/DynaLoader.pm line 200.
 at t/call.t line 6.
Compilation failed in require at t/call.t line 6.
BEGIN failed--compilation aborted at t/call.t line 6.
Undefined subroutine &Tcl::_Finalize called at /usr/home/eserte/.cpan/build/2018062716/Tcl-1.09-4/blib/lib/Tcl.pm line 586.
END failed--call queue aborted at t/call.t line 6.
t/call.t ........... 
Dubious, test returned 9 (wstat 2304, 0x900)
No subtests run 
Can't load '/usr/home/eserte/.cpan/build/2018062716/Tcl-1.09-4/blib/arch/auto/Tcl/Tcl.so' for module Tcl: /usr/home/eserte/.cpan/build/2018062716/Tcl-1.09-4/blib/arch/auto/Tcl/Tcl.so: Undefined symbol "tclStubsPtr" at /usr/perl5.10.1/lib/5.10.1/amd64-freebsd/DynaLoader.pm line 200.
 at t/constants.t line 8.
Compilation failed in require at t/constants.t line 8.
BEGIN failed--compilation aborted at t/constants.t line 8.
Undefined subroutine &Tcl::_Finalize called at /usr/home/eserte/.cpan/build/2018062716/Tcl-1.09-4/blib/lib/Tcl.pm line 586.
END failed--call queue aborted at t/constants.t line 8.
t/constants.t ...... 
Dubious, test returned 2 (wstat 512, 0x200)
No subtests run 
Can't load '/usr/home/eserte/.cpan/build/2018062716/Tcl-1.09-4/blib/arch/auto/Tcl/Tcl.so' for module Tcl: /usr/home/eserte/.cpan/build/2018062716/Tcl-1.09-4/blib/arch/auto/Tcl/Tcl.so: Undefined symbol "tclStubsPtr" at /usr/perl5.10.1/lib/5.10.1/amd64-freebsd/DynaLoader.pm line 200.
 at t/createcmd.t line 1.
Compilation failed in require at t/createcmd.t line 1.
BEGIN failed--compilation aborted at t/createcmd.t line 1.
Undefined subroutine &Tcl::_Finalize called at /usr/home/eserte/.cpan/build/2018062716/Tcl-1.09-4/blib/lib/Tcl.pm line 586.
END failed--call queue aborted at t/createcmd.t line 1.
t/createcmd.t ...... 
Dubious, test returned 9 (wstat 2304, 0x900)
No subtests run 
Can't load '/usr/home/eserte/.cpan/build/2018062716/Tcl-1.09-4/blib/arch/auto/Tcl/Tcl.so' for module Tcl: /usr/home/eserte/.cpan/build/2018062716/Tcl-1.09-4/blib/arch/auto/Tcl/Tcl.so: Undefined symbol "tclStubsPtr" at /usr/perl5.10.1/lib/5.10.1/amd64-freebsd/DynaLoader.pm line 200.
 at t/disposal-subs.t line 3.
Compilation failed in require at t/disposal-subs.t line 3.
BEGIN failed--compilation aborted at t/disposal-subs.t line 3.
Undefined subroutine &Tcl::_Finalize called at /usr/home/eserte/.cpan/build/2018062716/Tcl-1.09-4/blib/lib/Tcl.pm line 586.
END failed--call queue aborted at t/disposal-subs.t line 3.
t/disposal-subs.t .. 
Dubious, test returned 9 (wstat 2304, 0x900)
No subtests run 
Can't load '/usr/home/eserte/.cpan/build/2018062716/Tcl-1.09-4/blib/arch/auto/Tcl/Tcl.so' for module Tcl: /usr/home/eserte/.cpan/build/2018062716/Tcl-1.09-4/blib/arch/auto/Tcl/Tcl.so: Undefined symbol "tclStubsPtr" at /usr/perl5.10.1/lib/5.10.1/amd64-freebsd/DynaLoader.pm line 200.
 at t/eval.t line 1.
Compilation failed in require at t/eval.t line 1.
BEGIN failed--compilation aborted at t/eval.t line 1.
Undefined subroutine &Tcl::_Finalize called at /usr/home/eserte/.cpan/build/2018062716/Tcl-1.09-4/blib/lib/Tcl.pm line 586.
END failed--call queue aborted at t/eval.t line 1.
t/eval.t ........... 
Dubious, test returned 9 (wstat 2304, 0x900)
No subtests run 
Can't load '/usr/home/eserte/.cpan/build/2018062716/Tcl-1.09-4/blib/arch/auto/Tcl/Tcl.so' for module Tcl: /usr/home/eserte/.cpan/build/2018062716/Tcl-1.09-4/blib/arch/auto/Tcl/Tcl.so: Undefined symbol "tclStubsPtr" at /usr/perl5.10.1/lib/5.10.1/amd64-freebsd/DynaLoader.pm line 200.
 at t/export_to_tcl.t line 5.
Compilation failed in require at t/export_to_tcl.t line 5.
BEGIN failed--compilation aborted at t/export_to_tcl.t line 5.
Undefined subroutine &Tcl::_Finalize called at /usr/home/eserte/.cpan/build/2018062716/Tcl-1.09-4/blib/lib/Tcl.pm line 586.
END failed--call queue aborted at t/export_to_tcl.t line 5.
t/export_to_tcl.t .. 
Dubious, test returned 2 (wstat 512, 0x200)
Failed 4/4 subtests 
Can't load '/usr/home/eserte/.cpan/build/2018062716/Tcl-1.09-4/blib/arch/auto/Tcl/Tcl.so' for module Tcl: /usr/home/eserte/.cpan/build/2018062716/Tcl-1.09-4/blib/arch/auto/Tcl/Tcl.so: Undefined symbol "tclStubsPtr" at /usr/perl5.10.1/lib/5.10.1/amd64-freebsd/DynaLoader.pm line 200.
 at t/info.t line 8.
Compilation failed in require at t/info.t line 8.
BEGIN failed--compilation aborted at t/info.t line 8.
Undefined subroutine &Tcl::_Finalize called at /usr/home/eserte/.cpan/build/2018062716/Tcl-1.09-4/blib/lib/Tcl.pm line 586.
END failed--call queue aborted at t/info.t line 8.
t/info.t ........... 
Dubious, test returned 2 (wstat 512, 0x200)
No subtests run 
Can't load '/usr/home/eserte/.cpan/build/2018062716/Tcl-1.09-4/blib/arch/auto/Tcl/Tcl.so' for module Tcl: /usr/home/eserte/.cpan/build/2018062716/Tcl-1.09-4/blib/arch/auto/Tcl/Tcl.so: Undefined symbol "tclStubsPtr" at /usr/perl5.10.1/lib/5.10.1/amd64-freebsd/DynaLoader.pm line 200.
 at t/result.t line 1.
Compilation failed in require at t/result.t line 1.
BEGIN failed--compilation aborted at t/result.t line 1.
Undefined subroutine &Tcl::_Finalize called at /usr/home/eserte/.cpan/build/2018062716/Tcl-1.09-4/blib/lib/Tcl.pm line 586.
END failed--call queue aborted at t/result.t line 1.
t/result.t ......... 
Dubious, test returned 9 (wstat 2304, 0x900)
No subtests run 
Can't load '/usr/home/eserte/.cpan/build/2018062716/Tcl-1.09-4/blib/arch/auto/Tcl/Tcl.so' for module Tcl: /usr/home/eserte/.cpan/build/2018062716/Tcl-1.09-4/blib/arch/auto/Tcl/Tcl.so: Undefined symbol "tclStubsPtr" at /usr/perl5.10.1/lib/5.10.1/amd64-freebsd/DynaLoader.pm line 200.
 at t/subclass.t line 10.
Compilation failed in require at t/subclass.t line 10.
Undefined subroutine &Tcl::_Finalize called at /usr/home/eserte/.cpan/build/2018062716/Tcl-1.09-4/blib/lib/Tcl.pm line 586.
END failed--call queue aborted at t/subclass.t line 10.
t/subclass.t ....... 
Dubious, test returned 2 (wstat 512, 0x200)
Failed 4/4 subtests 
Can't load '/usr/home/eserte/.cpan/build/2018062716/Tcl-1.09-4/blib/arch/auto/Tcl/Tcl.so' for module Tcl: /usr/home/eserte/.cpan/build/2018062716/Tcl-1.09-4/blib/arch/auto/Tcl/Tcl.so: Undefined symbol "tclStubsPtr" at /usr/perl5.10.1/lib/5.10.1/amd64-freebsd/DynaLoader.pm line 200.
 at t/trace.t line 1.
Compilation failed in require at t/trace.t line 1.
BEGIN failed--compilation aborted at t/trace.t line 1.
Undefined subroutine &Tcl::_Finalize called at /usr/home/eserte/.cpan/build/2018062716/Tcl-1.09-4/blib/lib/Tcl.pm line 586.
END failed--call queue aborted at t/trace.t line 1.
t/trace.t .......... 
Dubious, test returned 9 (wstat 2304, 0x900)
No subtests run 
Can't load '/usr/home/eserte/.cpan/build/2018062716/Tcl-1.09-4/blib/arch/auto/Tcl/Tcl.so' for module Tcl: /usr/home/eserte/.cpan/build/2018062716/Tcl-1.09-4/blib/arch/auto/Tcl/Tcl.so: Undefined symbol "tclStubsPtr" at /usr/perl5.10.1/lib/5.10.1/amd64-freebsd/DynaLoader.pm line 200.
 at t/unicode.t line 14.
Compilation failed in require at t/unicode.t line 14.
BEGIN failed--compilation aborted at t/unicode.t line 14.
Undefined subroutine &Tcl::_Finalize called at /usr/home/eserte/.cpan/build/2018062716/Tcl-1.09-4/blib/lib/Tcl.pm line 586.
END failed--call queue aborted at t/unicode.t line 14.
t/unicode.t ........ 
Dubious, test returned 2 (wstat 512, 0x200)
No subtests run 
Can't load '/usr/home/eserte/.cpan/build/2018062716/Tcl-1.09-4/blib/arch/auto/Tcl/Tcl.so' for module Tcl: /usr/home/eserte/.cpan/build/2018062716/Tcl-1.09-4/blib/arch/auto/Tcl/Tcl.so: Undefined symbol "tclStubsPtr" at /usr/perl5.10.1/lib/5.10.1/amd64-freebsd/DynaLoader.pm line 200.
 at t/var.t line 1.
Compilation failed in require at t/var.t line 1.
BEGIN failed--compilation aborted at t/var.t line 1.
Undefined subroutine &Tcl::_Finalize called at /usr/home/eserte/.cpan/build/2018062716/Tcl-1.09-4/blib/lib/Tcl.pm line 586.
END failed--call queue aborted at t/var.t line 1.
t/var.t ............ 
Dubious, test returned 9 (wstat 2304, 0x900)
No subtests run 

Test Summary Report
-------------------
t/call.t         (Wstat: 2304 Tests: 0 Failed: 0)
  Non-zero exit status: 9
  Parse errors: No plan found in TAP output
t/constants.t    (Wstat: 512 Tests: 0 Failed: 0)
  Non-zero exit status: 2
  Parse errors: No plan found in TAP output
t/createcmd.t    (Wstat: 2304 Tests: 0 Failed: 0)
  Non-zero exit status: 9
  Parse errors: No plan found in TAP output
t/disposal-subs.t (Wstat: 2304 Tests: 0 Failed: 0)
  Non-zero exit status: 9
  Parse errors: No plan found in TAP output
t/eval.t         (Wstat: 2304 Tests: 0 Failed: 0)
  Non-zero exit status: 9
  Parse errors: No plan found in TAP output
t/export_to_tcl.t (Wstat: 512 Tests: 0 Failed: 0)
  Non-zero exit status: 2
  Parse errors: Bad plan.  You planned 4 tests but ran 0.
t/info.t         (Wstat: 512 Tests: 0 Failed: 0)
  Non-zero exit status: 2
  Parse errors: No plan found in TAP output
t/result.t       (Wstat: 2304 Tests: 0 Failed: 0)
  Non-zero exit status: 9
  Parse errors: No plan found in TAP output
t/subclass.t     (Wstat: 512 Tests: 0 Failed: 0)
  Non-zero exit status: 2
  Parse errors: Bad plan.  You planned 4 tests but ran 0.
t/trace.t        (Wstat: 2304 Tests: 0 Failed: 0)
  Non-zero exit status: 9
  Parse errors: No plan found in TAP output
t/unicode.t      (Wstat: 512 Tests: 0 Failed: 0)
  Non-zero exit status: 2
  Parse errors: No plan found in TAP output
t/var.t          (Wstat: 2304 Tests: 0 Failed: 0)
  Non-zero exit status: 9
  Parse errors: No plan found in TAP output
Files=12, Tests=0,  0 wallclock secs ( 0.02 usr  0.03 sys +  0.09 cusr  0.05 csys =  0.18 CPU)
Result: FAIL
Failed 12/12 test programs. 0/0 subtests failed.
*** [test_dynamic] Error code 9

Stop in /usr/home/eserte/.cpan/build/2018062716/Tcl-1.09-4.

------------------------------
PREREQUISITES
------------------------------

Prerequisite modules loaded:

requires:

    Module              Need  Have    
    ------------------- ----- --------
    perl                5.006 5.010001

build_requires:

    Module              Need  Have    
    ------------------- ----- --------
    ExtUtils::MakeMaker 0     7.34    

configure_requires:

    Module              Need  Have    
    ------------------- ----- --------
    ExtUtils::MakeMaker 0     7.34    


------------------------------
ENVIRONMENT AND OTHER CONTEXT
------------------------------

Environment variables:

    LC_ALL = de_DE.ISO8859-1
    PATH = /usr/local/bin:/usr/bin:/bin:/usr/local/sbin:/usr/sbin:/sbin:/home/cpansand/bin/freebsd9.3:/home/cpansand/bin/sh:/home/cpansand/bin:/usr/games:/home/cpansand/devel:/usr/home/eserte/src/srezic-misc/scripts
    PERL5LIB = 
    PERL5OPT = 
    PERL5_CPANPLUS_IS_RUNNING = 17333
    PERL5_CPAN_IS_RUNNING = 17333
    PERL5_CPAN_IS_RUNNING_IN_RECURSION = 17286,17333
    PERLDOC = -MPod::Perldoc::ToTextOverstrike
    PERL_BATCH = yes
    PERL_CANARY_STABILITY_NOPROMPT = 1
    PERL_CPAN_REPORTER_CONFIG = /var/tmp/cpansmoker-1023/2018062716/cpanreporter_000_config.ini
    PERL_EXTUTILS_AUTOINSTALL = --defaultdeps
    SHELL = /usr/local/bin/zsh
    TERM = screen
    TMPDIR = /var/tmp/cpansmoker-1023/2018062716

Perl special variables (and OS-specific diagnostics, for MSWin32):

    $^X = /usr/perl5.10.1/bin/perl
    $UID/$EUID = 1023 / 1023
    $GID = 1023 1023
    $EGID = 1023 1023

Perl module toolchain versions installed:

    Module              Have    
    ------------------- --------
    CPAN                2.16    
    CPAN::Meta          2.150010
    Cwd                 3.74    
    ExtUtils::CBuilder  0.280230
    ExtUtils::Command   7.34    
    ExtUtils::Install   2.12    
    ExtUtils::MakeMaker 7.34    
    ExtUtils::Manifest  1.71    
    ExtUtils::ParseXS   3.35    
    File::Spec          3.74    
    JSON                2.97001 
    JSON::PP            2.97001 
    Module::Build       0.4224  
    Module::Signature   0.81    
    Parse::CPAN::Meta   2.150010
    Test::Harness       3.41    
    Test::More          1.302136
    YAML                1.23    
    YAML::Syck          1.30    
    version             0.9924  


--

Summary of my perl5 (revision 5 version 10 subversion 1) configuration:
   
  Platform:
    osname=freebsd, osvers=9.2-release-p4, archname=amd64-freebsd
    uname='freebsd cvrsnica-freebsd-92 9.2-release-p4 freebsd 9.2-release-p4 #0: tue apr 8 18:08:22 utc 2014 root@amd64-builder.daemonology.net:usrobjusrsrcsysgeneric amd64 '
    config_args='-ds -e -Dprefix=/usr/perl5.10.1'
    hint=recommended, useposix=true, d_sigaction=define
    useithreads=undef, usemultiplicity=undef
    useperlio=define, d_sfio=undef, uselargefiles=define, usesocks=undef
    use64bitint=define, use64bitall=define, uselongdouble=undef
    usemymalloc=n, bincompat5005=undef
  Compiler:
    cc='cc', ccflags ='-DHAS_FPSETMASK -DHAS_FLOATINGPOINT_H -fno-strict-aliasing -pipe -fstack-protector -I/usr/local/include',
    optimize='-O',
    cppflags='-DHAS_FPSETMASK -DHAS_FLOATINGPOINT_H -fno-strict-aliasing -pipe -fstack-protector -I/usr/local/include'
    ccversion='', gccversion='4.2.1 20070831 patched [FreeBSD]', gccosandvers=''
    intsize=4, longsize=8, ptrsize=8, doublesize=8, byteorder=12345678
    d_longlong=define, longlongsize=8, d_longdbl=define, longdblsize=16
    ivtype='long', ivsize=8, nvtype='double', nvsize=8, Off_t='off_t', lseeksize=8
    alignbytes=8, prototype=define
  Linker and Libraries:
    ld='cc', ldflags ='-Wl,-E  -fstack-protector -L/usr/local/lib'
    libpth=/usr/lib /usr/local/lib
    libs=-lgdbm -lm -lcrypt -lutil -lc
    perllibs=-lm -lcrypt -lutil -lc
    libc=, so=so, useshrplib=false, libperl=libperl.a
    gnulibc_version=''
  Dynamic Linking:
    dlsrc=dl_dlopen.xs, dlext=so, d_dlsymun=undef, ccdlflags=' '
    cccdlflags='-DPIC -fPIC', lddlflags='-shared  -L/usr/local/lib -fstack-protector'


Characteristics of this binary (from libperl): 
  Compile-time options: PERL_DONT_CREATE_GVSV PERL_MALLOC_WRAP USE_64_BIT_ALL
                        USE_64_BIT_INT USE_LARGE_FILES USE_PERLIO
  Built under freebsd
  Compiled at May 15 2014 23:30:26
  %ENV:
    PERL5LIB=""
    PERL5OPT=""
    PERL5_CPANPLUS_IS_RUNNING="17333"
    PERL5_CPAN_IS_RUNNING="17333"
    PERL5_CPAN_IS_RUNNING_IN_RECURSION="17286,17333"
    PERLDOC="-MPod::Perldoc::ToTextOverstrike"
    PERL_BATCH="yes"
    PERL_CANARY_STABILITY_NOPROMPT="1"
    PERL_CPAN_REPORTER_CONFIG="/var/tmp/cpansmoker-1023/2018062716/cpanreporter_000_config.ini"
    PERL_EXTUTILS_AUTOINSTALL="--defaultdeps"
  @INC:
    /usr/perl5.10.1/lib/5.10.1/amd64-freebsd
    /usr/perl5.10.1/lib/5.10.1
    /usr/perl5.10.1/lib/site_perl/5.10.1/amd64-freebsd
    /usr/perl5.10.1/lib/site_perl/5.10.1
    .