Back
From: metabase:user:320bfe00-2aae-11df-837a-5e0a49663a4f
Subject: FAIL B-DeparseTree-v3.1.0 5.16.3 GNU/Linux
Date: 2018-05-20T00:52:17Z
This distribution has been tested as part of the CPAN Testers
project, supporting the Perl programming language. See
http://wiki.cpantesters.org/ for more information or email
questions to cpan-testers-discuss@perl.org
--
Dear Rocky Bernstein,
This is a computer-generated report for B-DeparseTree-v3.1.0
on perl 5.16.3, created by CPAN-Reporter-1.2018.
Thank you for uploading your work to CPAN. However, there was a problem
testing your distribution.
If you think this report is invalid, please consult the CPAN Testers Wiki
for suggestions on how to avoid getting FAIL reports for missing library
or binary dependencies, unsupported operating systems, and so on:
http://wiki.cpantesters.org/wiki/CPANAuthorNotes
Sections of this report:
* Tester comments
* Program output
* Prerequisites
* Environment and other context
------------------------------
TESTER COMMENTS
------------------------------
Additional comments from tester:
this report is from an automated smoke testing program
and was not reviewed by a human for accuracy
------------------------------
PROGRAM OUTPUT
------------------------------
Output from './Build test':
"SVs_PADTMP" is not exported by the B module
Can't continue after import errors at /tmp/loop_over_bdir-24196-2kebnD/B-DeparseTree-v3.1.0-0/lib/B/DeparseTree/Common.pm line 18.
BEGIN failed--compilation aborted at /tmp/loop_over_bdir-24196-2kebnD/B-DeparseTree-v3.1.0-0/lib/B/DeparseTree/Common.pm line 42.
Compilation failed in require at /tmp/loop_over_bdir-24196-2kebnD/B-DeparseTree-v3.1.0-0/lib/B/DeparseTree/P518.pm line 34.
BEGIN failed--compilation aborted at /tmp/loop_over_bdir-24196-2kebnD/B-DeparseTree-v3.1.0-0/lib/B/DeparseTree/P518.pm line 34.
Compilation failed in require at /tmp/loop_over_bdir-24196-2kebnD/B-DeparseTree-v3.1.0-0/t/../lib/B/DeparseTree.pm line 35.
Compilation failed in require at /tmp/loop_over_bdir-24196-2kebnD/B-DeparseTree-v3.1.0-0/t/helper.pm line 10.
BEGIN failed--compilation aborted at /tmp/loop_over_bdir-24196-2kebnD/B-DeparseTree-v3.1.0-0/t/helper.pm line 10.
Compilation failed in require at t/10-core.t line 30.
BEGIN failed--compilation aborted at t/10-core.t line 30.
t/10-core.t ...........
Dubious, test returned 255 (wstat 65280, 0xff00)
No subtests run
"SVs_PADTMP" is not exported by the B module
Can't continue after import errors at /tmp/loop_over_bdir-24196-2kebnD/B-DeparseTree-v3.1.0-0/lib/B/DeparseTree/Common.pm line 18.
BEGIN failed--compilation aborted at /tmp/loop_over_bdir-24196-2kebnD/B-DeparseTree-v3.1.0-0/lib/B/DeparseTree/Common.pm line 42.
Compilation failed in require at /tmp/loop_over_bdir-24196-2kebnD/B-DeparseTree-v3.1.0-0/lib/B/DeparseTree/P518.pm line 34.
BEGIN failed--compilation aborted at /tmp/loop_over_bdir-24196-2kebnD/B-DeparseTree-v3.1.0-0/lib/B/DeparseTree/P518.pm line 34.
Compilation failed in require at /tmp/loop_over_bdir-24196-2kebnD/B-DeparseTree-v3.1.0-0/t/../lib/B/DeparseTree.pm line 35.
Compilation failed in require at /tmp/loop_over_bdir-24196-2kebnD/B-DeparseTree-v3.1.0-0/t/helper.pm line 10.
BEGIN failed--compilation aborted at /tmp/loop_over_bdir-24196-2kebnD/B-DeparseTree-v3.1.0-0/t/helper.pm line 10.
Compilation failed in require at t/20-core-516.t line 29.
BEGIN failed--compilation aborted at t/20-core-516.t line 29.
t/20-core-516.t .......
Dubious, test returned 255 (wstat 65280, 0xff00)
No subtests run
"SVs_PADTMP" is not exported by the B module
Can't continue after import errors at /tmp/loop_over_bdir-24196-2kebnD/B-DeparseTree-v3.1.0-0/lib/B/DeparseTree/Common.pm line 18.
BEGIN failed--compilation aborted at /tmp/loop_over_bdir-24196-2kebnD/B-DeparseTree-v3.1.0-0/lib/B/DeparseTree/Common.pm line 42.
Compilation failed in require at /tmp/loop_over_bdir-24196-2kebnD/B-DeparseTree-v3.1.0-0/lib/B/DeparseTree/P518.pm line 34.
BEGIN failed--compilation aborted at /tmp/loop_over_bdir-24196-2kebnD/B-DeparseTree-v3.1.0-0/lib/B/DeparseTree/P518.pm line 34.
Compilation failed in require at /tmp/loop_over_bdir-24196-2kebnD/B-DeparseTree-v3.1.0-0/t/../lib/B/DeparseTree.pm line 35.
Compilation failed in require at /tmp/loop_over_bdir-24196-2kebnD/B-DeparseTree-v3.1.0-0/t/helper.pm line 10.
BEGIN failed--compilation aborted at /tmp/loop_over_bdir-24196-2kebnD/B-DeparseTree-v3.1.0-0/t/helper.pm line 10.
Compilation failed in require at t/20-deparse-526c.t line 28.
BEGIN failed--compilation aborted at t/20-deparse-526c.t line 28.
t/20-deparse-526c.t ...
Dubious, test returned 255 (wstat 65280, 0xff00)
No subtests run
"SVs_PADTMP" is not exported by the B module
Can't continue after import errors at /tmp/loop_over_bdir-24196-2kebnD/B-DeparseTree-v3.1.0-0/lib/B/DeparseTree/Common.pm line 18.
BEGIN failed--compilation aborted at /tmp/loop_over_bdir-24196-2kebnD/B-DeparseTree-v3.1.0-0/lib/B/DeparseTree/Common.pm line 42.
Compilation failed in require at /tmp/loop_over_bdir-24196-2kebnD/B-DeparseTree-v3.1.0-0/lib/B/DeparseTree/P518.pm line 34.
BEGIN failed--compilation aborted at /tmp/loop_over_bdir-24196-2kebnD/B-DeparseTree-v3.1.0-0/lib/B/DeparseTree/P518.pm line 34.
Compilation failed in require at /tmp/loop_over_bdir-24196-2kebnD/B-DeparseTree-v3.1.0-0/t/../lib/B/DeparseTree.pm line 35.
Compilation failed in require at /tmp/loop_over_bdir-24196-2kebnD/B-DeparseTree-v3.1.0-0/t/helper.pm line 10.
BEGIN failed--compilation aborted at /tmp/loop_over_bdir-24196-2kebnD/B-DeparseTree-v3.1.0-0/t/helper.pm line 10.
Compilation failed in require at t/20-deparse-small.t line 4.
BEGIN failed--compilation aborted at t/20-deparse-small.t line 4.
t/20-deparse-small.t ..
Dubious, test returned 255 (wstat 65280, 0xff00)
No subtests run
Test Summary Report
-------------------
t/10-core.t (Wstat: 65280 Tests: 0 Failed: 0)
Non-zero exit status: 255
Parse errors: No plan found in TAP output
t/20-core-516.t (Wstat: 65280 Tests: 0 Failed: 0)
Non-zero exit status: 255
Parse errors: No plan found in TAP output
t/20-deparse-526c.t (Wstat: 65280 Tests: 0 Failed: 0)
Non-zero exit status: 255
Parse errors: No plan found in TAP output
t/20-deparse-small.t (Wstat: 65280 Tests: 0 Failed: 0)
Non-zero exit status: 255
Parse errors: No plan found in TAP output
Files=4, Tests=0, 1 wallclock secs ( 0.02 usr 0.04 sys + 0.09 cusr 0.05 csys = 0.20 CPU)
Result: FAIL
Failed 4/4 test programs. 0/0 subtests failed.
------------------------------
PREREQUISITES
------------------------------
Prerequisite modules loaded:
requires:
Module Need Have
------------- -------- --------
perl 5.016000 5.016003
rlib 0.02 0.02
version 0 0.9924
build_requires:
Module Need Have
------------- -------- --------
Data::Printer 0.40 0.99_006
Test::Simple 0.81 1.302133
Text::Diff 0 1.45
configure_requires:
Module Need Have
------------- -------- --------
Module::Build 0.4214 0.4224
------------------------------
ENVIRONMENT AND OTHER CONTEXT
------------------------------
Environment variables:
AUTOMATED_TESTING = 1
LANG = en_US.UTF-8
PATH = /home/sand/bin:/usr/local/bin:/usr/bin:/bin:/usr/games:/usr/local/perl/bin:/usr/X11/bin:/sbin:/usr/sbin
PERL5LIB =
PERL5OPT =
PERL5_CPANPLUS_IS_RUNNING = 24197
PERL5_CPAN_IS_RUNNING = 24197
PERL_CANARY_STABILITY_NOPROMPT = 1
PERL_MM_USE_DEFAULT = 1
PERL_USE_UNSAFE_INC = 1
SHELL = /usr/bin/zsh
TERM = screen
Perl special variables (and OS-specific diagnostics, for MSWin32):
$^X = /home/sand/src/perl/repoperls/installed-perls/host/k93msid/v5.16.3/da1c/bin/perl
$UID/$EUID = 1005 / 1005
$GID = 1005 1005
$EGID = 1005 1005
Perl module toolchain versions installed:
Module Have
------------------- --------
CPAN 2.20
CPAN::Meta 2.150010
Cwd 3.74
ExtUtils::CBuilder 0.280230
ExtUtils::Command 7.35_03
ExtUtils::Install 2.06
ExtUtils::MakeMaker 7.35_03
ExtUtils::Manifest 1.71
ExtUtils::ParseXS 3.35
File::Spec 3.74
JSON 2.97001
JSON::PP 2.97001
Module::Build 0.4224
Module::Signature 0.81
Parse::CPAN::Meta 2.150010
Test::Harness 3.43_01
Test::More 1.302133
YAML 1.24_001
YAML::Syck 1.30
version 0.9924
--
Summary of my perl5 (revision 5 version 16 subversion 3) configuration:
Derived from: fd04d42d38f4751b981eb6e9213ee1ab8ef11ea6
Platform:
osname=linux, osvers=4.14.0-3-amd64, archname=x86_64-linux
uname='linux k93msid 4.14.0-3-amd64 #1 smp debian 4.14.12-2 (2018-01-06) x86_64 gnulinux '
config_args='-Dprefix=/home/sand/src/perl/repoperls/installed-perls/host/k93msid/v5.16.3/da1c -Dmyhostname=k93msid -Dinstallusrbinperl=n -Uversiononly -Dusedevel -des -Ui_db -Dlibswanted=cl pthread socket inet nsl gdbm dbm malloc dl ld sun m crypt sec util c cposix posix ucb BSD gdbm_compat -Uuseithreads -Uuselongdouble -DEBUGGING=-g'
hint=recommended, useposix=true, d_sigaction=define
useithreads=undef, usemultiplicity=undef
useperlio=define, d_sfio=undef, uselargefiles=define, usesocks=undef
use64bitint=define, use64bitall=define, uselongdouble=undef
usemymalloc=n, bincompat5005=undef
Compiler:
cc='cc', ccflags ='-fno-strict-aliasing -pipe -fstack-protector -I/usr/local/include -D_LARGEFILE_SOURCE -D_FILE_OFFSET_BITS=64',
optimize='-O2 -g',
cppflags='-fno-strict-aliasing -pipe -fstack-protector -I/usr/local/include'
ccversion='', gccversion='7.2.0', gccosandvers=''
intsize=4, longsize=8, ptrsize=8, doublesize=8, byteorder=12345678
d_longlong=define, longlongsize=8, d_longdbl=define, longdblsize=16
ivtype='long', ivsize=8, nvtype='double', nvsize=8, Off_t='off_t', lseeksize=8
alignbytes=8, prototype=define
Linker and Libraries:
ld='cc', ldflags =' -fstack-protector -L/usr/local/lib'
libpth=/usr/local/lib /lib/x86_64-linux-gnu /lib/../lib /usr/lib/x86_64-linux-gnu /usr/lib/../lib /lib /usr/lib
libs=-lpthread -lnsl -ldl -lm -lcrypt -lutil -lc
perllibs=-lpthread -lnsl -ldl -lm -lcrypt -lutil -lc
libc=libc-2.26.so, so=so, useshrplib=false, libperl=libperl.a
gnulibc_version='2.26'
Dynamic Linking:
dlsrc=dl_dlopen.xs, dlext=so, d_dlsymun=undef, ccdlflags='-Wl,-E'
cccdlflags='-fPIC', lddlflags='-shared -O2 -g -L/usr/local/lib -fstack-protector'
Characteristics of this binary (from libperl):
Compile-time options: HAS_TIMES PERLIO_LAYERS PERL_DONT_CREATE_GVSV
PERL_MALLOC_WRAP PERL_PRESERVE_IVUV PERL_USE_DEVEL
USE_64_BIT_ALL USE_64_BIT_INT USE_LARGE_FILES
USE_LOCALE USE_LOCALE_COLLATE USE_LOCALE_CTYPE
USE_LOCALE_NUMERIC USE_PERLIO USE_PERL_ATOF
Locally applied patches:
uncommitted-changes
Built under linux
Compiled at Mar 6 2018 22:16:59
%ENV:
PERL5LIB=""
PERL5OPT=""
PERL5_CPANPLUS_IS_RUNNING="24197"
PERL5_CPAN_IS_RUNNING="24197"
PERL_CANARY_STABILITY_NOPROMPT="1"
PERL_MM_USE_DEFAULT="1"
PERL_USE_UNSAFE_INC="1"
@INC:
/home/sand/src/perl/repoperls/installed-perls/host/k93msid/v5.16.3/da1c/lib/site_perl/5.16.3/x86_64-linux
/home/sand/src/perl/repoperls/installed-perls/host/k93msid/v5.16.3/da1c/lib/site_perl/5.16.3
/home/sand/src/perl/repoperls/installed-perls/host/k93msid/v5.16.3/da1c/lib/5.16.3/x86_64-linux
/home/sand/src/perl/repoperls/installed-perls/host/k93msid/v5.16.3/da1c/lib/5.16.3
.