Report for Gtk2-Ex-NumAxis-5

Back
From: metabase:user:320bfe00-2aae-11df-837a-5e0a49663a4f
Subject: FAIL Gtk2-Ex-NumAxis-5 v5.21.4 GNU/Linux
Date: 2014-10-04T01:16:15Z

This distribution has been tested as part of the CPAN Testers
project, supporting the Perl programming language.  See
http://wiki.cpantesters.org/ for more information or email
questions to cpan-testers-discuss@perl.org


--
Dear Kevin Ryde,

This is a computer-generated report for Gtk2-Ex-NumAxis-5
on perl 5.21.4, created by CPAN-Reporter-1.2011.

Thank you for uploading your work to CPAN.  However, there was a problem
testing your distribution.

If you think this report is invalid, please consult the CPAN Testers Wiki
for suggestions on how to avoid getting FAIL reports for missing library
or binary dependencies, unsupported operating systems, and so on:

http://wiki.cpantesters.org/wiki/CPANAuthorNotes

Sections of this report:

    * Tester comments
    * Program output
    * Prerequisites
    * Environment and other context

------------------------------
TESTER COMMENTS
------------------------------

Additional comments from tester:

this report is from an automated smoke testing program
and was not reviewed by a human for accuracy

------------------------------
PROGRAM OUTPUT
------------------------------

Output from '/usr/bin/make test':

PERL_DL_NONLAZY=1 /home/sand/src/perl/repoperls/installed-perls/perl/v5.21.4/a2da/bin/perl "-MExtUtils::Command::MM" "-MTest::Harness" "-e" "undef *Test::Harness::Switches; test_harness(0, 'blib/lib', 'blib/arch')" t/*.t
Subroutine round redefined at /home/sand/src/perl/repoperls/installed-perls/perl/v5.21.4/a2da/lib/site_perl/5.21.4/Math/Round.pm line 24.
# Perl-Gtk2    version 1.2492
# Perl-Glib    version 1.305
# Compiled against Glib version 2.40.0.
# Running on       Glib version 2.40.0.
# Compiled against Gtk version 2.24.24.
# Running on       Gtk version 2.24.24.
# Saw 1 warning(s):
# 
# Trace begun at t/MyTestHelpers.pm line 51
# MyTestHelpers::nowarnings_handler('Subroutine round redefined at /home/sand/src/perl/repoperls/installed-perls/perl/v5.21.4/a2da/lib/site_perl/5.21.4/Math/Round.pm line 24.^J') called at /home/sand/src/perl/repoperls/installed-perls/perl/v5.21.4/a2da/lib/site_perl/5.21.4/Math/Round.pm line 24
# require Math/Round.pm at /tmp/loop_over_bdir-15920-veTWM_/Gtk2-Ex-NumAxis-5-O7NTAf/blib/lib/Gtk2/Ex/NumAxis.pm line 24
# Gtk2::Ex::NumAxis::BEGIN at /home/sand/src/perl/repoperls/installed-perls/perl/v5.21.4/a2da/lib/site_perl/5.21.4/Math/Round.pm line 24
# eval {...} at /home/sand/src/perl/repoperls/installed-perls/perl/v5.21.4/a2da/lib/site_perl/5.21.4/Math/Round.pm line 24
# require Gtk2/Ex/NumAxis.pm at t/NumAxis-buildable.t line 29
# 
# Exit code 1 for warnings
# Looks like your test exited with 1 just after 5.
t/NumAxis-buildable.t .. 
Dubious, test returned 1 (wstat 256, 0x100)
All 5 subtests passed 
Subroutine round redefined at /home/sand/src/perl/repoperls/installed-perls/perl/v5.21.4/a2da/lib/site_perl/5.21.4/Math/Round.pm line 24.
t/NumAxis-load.t ....... ok
# Perl-Gtk2    version 1.2492
# Perl-Glib    version 1.305
# Compiled against Glib version 2.40.0.
# Running on       Glib version 2.40.0.
# Compiled against Gtk version 2.24.24.
# Running on       Gtk version 2.24.24.
Xlib:  extension "RANDR" missing on display ":121".
t/NumAxis-weaken.t ..... skipped: due to Test::Weaken 2.002 and/or Test::Weaken::Gtk2 not available -- Can't locate Test/Weaken.pm in @INC (you may need to install the Test::Weaken module) (@INC contains: t /tmp/loop_over_bdir-15920-veTWM_/Gtk2-Ex-NumAxis-5-O7NTAf/blib/lib /tmp/loop_over_bdir-15920-veTWM_/Gtk2-Ex-NumAxis-5-O7NTAf/blib/arch /home/sand/src/perl/repoperls/installed-perls/perl/v5.21.4/a2da/lib/site_perl/5.21.4/x86_64-linux-thread-multi-ld /home/sand/src/perl/repoperls/installed-perls/perl/v5.21.4/a2da/lib/site_perl/5.21.4 /home/sand/src/perl/repoperls/installed-perls/perl/v5.21.4/a2da/lib/5.21.4/x86_64-linux-thread-multi-ld /home/sand/src/perl/repoperls/installed-perls/perl/v5.21.4/a2da/lib/5.21.4 .) at (eval 8) line 1.
Subroutine round redefined at /home/sand/src/perl/repoperls/installed-perls/perl/v5.21.4/a2da/lib/site_perl/5.21.4/Math/Round.pm line 24.
Xlib:  extension "RANDR" missing on display ":121".
# Saw 1 warning(s):
# 
# Trace begun at t/MyTestHelpers.pm line 51
# MyTestHelpers::nowarnings_handler('Subroutine round redefined at /home/sand/src/perl/repoperls/installed-perls/perl/v5.21.4/a2da/lib/site_perl/5.21.4/Math/Round.pm line 24.^J') called at /home/sand/src/perl/repoperls/installed-perls/perl/v5.21.4/a2da/lib/site_perl/5.21.4/Math/Round.pm line 24
# require Math/Round.pm at /tmp/loop_over_bdir-15920-veTWM_/Gtk2-Ex-NumAxis-5-O7NTAf/blib/lib/Gtk2/Ex/NumAxis.pm line 24
# Gtk2::Ex::NumAxis::BEGIN at /home/sand/src/perl/repoperls/installed-perls/perl/v5.21.4/a2da/lib/site_perl/5.21.4/Math/Round.pm line 24
# eval {...} at /home/sand/src/perl/repoperls/installed-perls/perl/v5.21.4/a2da/lib/site_perl/5.21.4/Math/Round.pm line 24
# require Gtk2/Ex/NumAxis.pm at t/NumAxis.t line 30
# 
# Exit code 1 for warnings
# Looks like your test exited with 1 just after 31.
t/NumAxis.t ............ 
Dubious, test returned 1 (wstat 256, 0x100)
All 31 subtests passed 

Test Summary Report
-------------------
t/NumAxis-buildable.t (Wstat: 256 Tests: 5 Failed: 0)
  Non-zero exit status: 1
t/NumAxis.t          (Wstat: 256 Tests: 31 Failed: 0)
  Non-zero exit status: 1
Files=4, Tests=37,  1 wallclock secs ( 0.03 usr  0.00 sys +  0.34 cusr  0.04 csys =  0.41 CPU)
Result: FAIL
Failed 2/4 test programs. 0/37 subtests failed.
Makefile:934: recipe for target 'test_dynamic' failed
make: *** [test_dynamic] Error 1

------------------------------
PREREQUISITES
------------------------------

Prerequisite modules loaded:

requires:

    Module                   Need  Have    
    ------------------------ ----- --------
    Glib::Ex::SignalBits     9     16      
    Glib::Ex::SignalIds      1     16      
    Glib::Object::Subclass   0     1.305   
    Gtk2                     1.220 1.2492  
    Gtk2::Ex::AdjustmentBits 40    48      
    Math::Round              0     0.06    
    perl                     5.008 5.021004

build_requires:

    Module                   Need  Have    
    ------------------------ ----- --------
    ExtUtils::MakeMaker      0     6.98    

configure_requires:

    Module                   Need  Have    
    ------------------------ ----- --------
    ExtUtils::MakeMaker      0     6.98    


------------------------------
ENVIRONMENT AND OTHER CONTEXT
------------------------------

Environment variables:

    AUTOMATED_TESTING = 1
    LANG = en_US.UTF-8
    LANGUAGE = en_US:en
    PATH = /home/sand/bin:/usr/local/bin:/usr/lib/ccache:/usr/bin:/bin:/usr/games:/usr/local/perl/bin:/usr/X11/bin:/sbin:/usr/sbin
    PERL5LIB = 
    PERL5OPT = 
    PERL5_CPANPLUS_IS_RUNNING = 15921
    PERL5_CPAN_IS_RUNNING = 15921
    PERL_MM_USE_DEFAULT = 1
    SHELL = /usr/bin/zsh
    TERM = screen

Perl special variables (and OS-specific diagnostics, for MSWin32):

    $^X = /home/sand/src/perl/repoperls/installed-perls/perl/v5.21.4/a2da/bin/perl
    $UID/$EUID = 1005 / 1005
    $GID = 1005 1005
    $EGID = 1005 1005

Perl module toolchain versions installed:

    Module              Have    
    ------------------- --------
    CPAN                2.05    
    CPAN::Meta          2.142060
    Cwd                 3.50    
    ExtUtils::CBuilder  0.280219
    ExtUtils::Command   1.18    
    ExtUtils::Install   2.04    
    ExtUtils::MakeMaker 6.98    
    ExtUtils::Manifest  1.68    
    ExtUtils::ParseXS   3.25    
    File::Spec          3.50    
    JSON                2.90    
    JSON::PP            2.27203 
    Module::Build       0.4210  
    Module::Signature   0.73    
    Parse::CPAN::Meta   1.4414  
    Test::Harness       3.33    
    Test::More          1.001006
    YAML                1.11    
    YAML::Syck          1.27    
    version             0.9909  


--

Summary of my perl5 (revision 5 version 21 subversion 4) configuration:
  Commit id: 84c122ba1d2b7b856521ceffc2a095716a739335
  Platform:
    osname=linux, osvers=3.16-1-amd64, archname=x86_64-linux-thread-multi-ld
    uname='linux k83 3.16-1-amd64 #1 smp debian 3.16.2-2 (2014-09-08) x86_64 gnulinux '
    config_args='-Dprefix=/home/sand/src/perl/repoperls/installed-perls/perl/v5.21.4/a2da -Dmyhostname=k83 -Dinstallusrbinperl=n -Uversiononly -Dusedevel -des -Ui_db -Duseithreads -Duselongdouble -DDEBUGGING=-g'
    hint=recommended, useposix=true, d_sigaction=define
    useithreads=define, usemultiplicity=define
    use64bitint=define, use64bitall=define, uselongdouble=define
    usemymalloc=n, bincompat5005=undef
  Compiler:
    cc='cc', ccflags ='-D_REENTRANT -D_GNU_SOURCE -fwrapv -fno-strict-aliasing -pipe -fstack-protector-strong -I/usr/local/include -D_LARGEFILE_SOURCE -D_FILE_OFFSET_BITS=64 -D_FORTIFY_SOURCE=2',
    optimize='-O2 -g',
    cppflags='-D_REENTRANT -D_GNU_SOURCE -fwrapv -fno-strict-aliasing -pipe -fstack-protector-strong -I/usr/local/include'
    ccversion='', gccversion='4.9.1', gccosandvers=''
    intsize=4, longsize=8, ptrsize=8, doublesize=8, byteorder=12345678
    d_longlong=define, longlongsize=8, d_longdbl=define, longdblsize=16, longdblkind=3
    ivtype='long', ivsize=8, nvtype='long double', nvsize=16, Off_t='off_t', lseeksize=8
    alignbytes=16, prototype=define
  Linker and Libraries:
    ld='cc', ldflags =' -fstack-protector-strong -L/usr/local/lib'
    libpth=/usr/local/lib /usr/lib/gcc/x86_64-linux-gnu/4.9/include-fixed /usr/include/x86_64-linux-gnu /usr/lib /lib/x86_64-linux-gnu /lib/../lib /usr/lib/x86_64-linux-gnu /usr/lib/../lib /lib
    libs=-lnsl -lgdbm -ldb -ldl -lm -lcrypt -lutil -lpthread -lc -lgdbm_compat
    perllibs=-lnsl -ldl -lm -lcrypt -lutil -lpthread -lc
    libc=libc-2.19.so, so=so, useshrplib=false, libperl=libperl.a
    gnulibc_version='2.19'
  Dynamic Linking:
    dlsrc=dl_dlopen.xs, dlext=so, d_dlsymun=undef, ccdlflags='-Wl,-E'
    cccdlflags='-fPIC', lddlflags='-shared -O2 -g -L/usr/local/lib -fstack-protector-strong'


Characteristics of this binary (from libperl): 
  Compile-time options: HAS_TIMES MULTIPLICITY PERLIO_LAYERS
                        PERL_DONT_CREATE_GVSV
                        PERL_HASH_FUNC_ONE_AT_A_TIME_HARD
                        PERL_IMPLICIT_CONTEXT PERL_MALLOC_WRAP
                        PERL_NEW_COPY_ON_WRITE PERL_PRESERVE_IVUV
                        PERL_USE_DEVEL USE_64_BIT_ALL USE_64_BIT_INT
                        USE_ITHREADS USE_LARGE_FILES USE_LOCALE
                        USE_LOCALE_COLLATE USE_LOCALE_CTYPE
                        USE_LOCALE_NUMERIC USE_LOCALE_TIME USE_LONG_DOUBLE
                        USE_PERLIO USE_PERL_ATOF USE_REENTRANT_API
  Built under linux
  Compiled at Sep 21 2014 08:24:16
  %ENV:
    PERL5LIB=""
    PERL5OPT=""
    PERL5_CPANPLUS_IS_RUNNING="15921"
    PERL5_CPAN_IS_RUNNING="15921"
    PERL_MM_USE_DEFAULT="1"
  @INC:
    /home/sand/src/perl/repoperls/installed-perls/perl/v5.21.4/a2da/lib/site_perl/5.21.4/x86_64-linux-thread-multi-ld
    /home/sand/src/perl/repoperls/installed-perls/perl/v5.21.4/a2da/lib/site_perl/5.21.4
    /home/sand/src/perl/repoperls/installed-perls/perl/v5.21.4/a2da/lib/5.21.4/x86_64-linux-thread-multi-ld
    /home/sand/src/perl/repoperls/installed-perls/perl/v5.21.4/a2da/lib/5.21.4
    .