Back
From: metabase:user:314402c4-2aae-11df-837a-5e0a49663a4f
Subject: FAIL Plack-App-BeanstalkConsole-0.004 v5.18.0 FreeBSD
Date: 2013-05-27T19:45:50Z
This distribution has been tested as part of the CPAN Testers
project, supporting the Perl programming language. See
http://wiki.cpantesters.org/ for more information or email
questions to cpan-testers-discuss@perl.org
--
Dear Karen Etheridge,
This is a computer-generated report for Plack-App-BeanstalkConsole-0.004
on perl 5.18.0, created by CPAN-Reporter-1.2010.
Thank you for uploading your work to CPAN. However, there was a problem
testing your distribution.
If you think this report is invalid, please consult the CPAN Testers Wiki
for suggestions on how to avoid getting FAIL reports for missing library
or binary dependencies, unsupported operating systems, and so on:
http://wiki.cpantesters.org/wiki/CPANAuthorNotes
Sections of this report:
* Tester comments
* Program output
* Prerequisites
* Environment and other context
------------------------------
TESTER COMMENTS
------------------------------
Additional comments from tester:
none provided
------------------------------
PROGRAM OUTPUT
------------------------------
Output from '/usr/bin/make test':
Skip blib/lib/auto/share/dist/Plack-App-BeanstalkConsole/lib/Pheanstalk/Command/StatsJobCommand.php (unchanged)
Skip blib/lib/auto/share/dist/Plack-App-BeanstalkConsole/lib/Pheanstalk/Exception/ServerInternalErrorException.php (unchanged)
Skip blib/lib/auto/share/dist/Plack-App-BeanstalkConsole/public/js/bootstrap-collapse.js (unchanged)
Skip blib/lib/auto/share/dist/Plack-App-BeanstalkConsole/public/js/bootstrap-carousel.js (unchanged)
Skip blib/lib/auto/share/dist/Plack-App-BeanstalkConsole/lib/Pheanstalk/Response.php (unchanged)
Skip blib/lib/auto/share/dist/Plack-App-BeanstalkConsole/README.md (unchanged)
Skip blib/lib/auto/share/dist/Plack-App-BeanstalkConsole/lib/tpl/ajax.php (unchanged)
Skip blib/lib/auto/share/dist/Plack-App-BeanstalkConsole/public/highlight/languages/matlab.js (unchanged)
Skip blib/lib/auto/share/dist/Plack-App-BeanstalkConsole/public/highlight/languages/python.js (unchanged)
Skip blib/lib/auto/share/dist/Plack-App-BeanstalkConsole/lib/Pheanstalk/Command/StatsCommand.php (unchanged)
Skip blib/lib/auto/share/dist/Plack-App-BeanstalkConsole/public/highlight/languages/actionscript.js (unchanged)
Skip blib/lib/auto/share/dist/Plack-App-BeanstalkConsole/public/highlight/languages/coffeescript.js (unchanged)
Skip blib/lib/auto/share/dist/Plack-App-BeanstalkConsole/public/js/bootstrap-dropdown.js (unchanged)
Skip blib/lib/auto/share/dist/Plack-App-BeanstalkConsole/lib/BeanstalkInterface.class.php (unchanged)
Skip blib/lib/auto/share/dist/Plack-App-BeanstalkConsole/public/highlight/languages/markdown.js (unchanged)
Skip blib/lib/auto/share/dist/Plack-App-BeanstalkConsole/public/highlight/languages/xml.js (unchanged)
Skip blib/lib/auto/share/dist/Plack-App-BeanstalkConsole/lib/Pheanstalk/Command/PeekCommand.php (unchanged)
Skip blib/lib/auto/share/dist/Plack-App-BeanstalkConsole/public/highlight/styles/brown_papersq.png (unchanged)
Skip blib/lib/auto/share/dist/Plack-App-BeanstalkConsole/public/highlight/languages/lua.js (unchanged)
Skip blib/lib/auto/share/dist/Plack-App-BeanstalkConsole/public/img/glyphicons-halflings.png (unchanged)
Skip blib/lib/auto/share/dist/Plack-App-BeanstalkConsole/public/js/bootstrap-responsive.css (unchanged)
Skip blib/lib/auto/share/dist/Plack-App-BeanstalkConsole/public/highlight/languages/rsl.js (unchanged)
Skip blib/lib/auto/share/dist/Plack-App-BeanstalkConsole/public/css/customer.css (unchanged)
Skip blib/lib/auto/share/dist/Plack-App-BeanstalkConsole/public/highlight/languages/cmake.js (unchanged)
Skip blib/lib/auto/share/dist/Plack-App-BeanstalkConsole/public/css/bootstrap-responsive.css (unchanged)
Skip blib/lib/auto/share/dist/Plack-App-BeanstalkConsole/public/highlight/styles/idea.css (unchanged)
Skip blib/lib/auto/share/dist/Plack-App-BeanstalkConsole/public/highlight/styles/pojoaque.css (unchanged)
Skip blib/lib/auto/share/dist/Plack-App-BeanstalkConsole/public/highlight/styles/pojoaque.jpg (unchanged)
Skip blib/lib/auto/share/dist/Plack-App-BeanstalkConsole/public/highlight/styles/brown_paper.css (unchanged)
Skip blib/lib/auto/share/dist/Plack-App-BeanstalkConsole/public/highlight/languages/django.js (unchanged)
Skip blib/lib/auto/share/dist/Plack-App-BeanstalkConsole/public/highlight/styles/googlecode.css (unchanged)
Skip blib/lib/auto/share/dist/Plack-App-BeanstalkConsole/public/js/bootstrap-button.js (unchanged)
Skip blib/lib/auto/share/dist/Plack-App-BeanstalkConsole/lib/Pheanstalk/Command/ReleaseCommand.php (unchanged)
Skip blib/lib/auto/share/dist/Plack-App-BeanstalkConsole/public/js/bootstrap-tab.js (unchanged)
Skip blib/lib/auto/share/dist/Plack-App-BeanstalkConsole/public/highlight/languages/vala.js (unchanged)
Skip blib/lib/auto/share/dist/Plack-App-BeanstalkConsole/public/highlight/languages/mel.js (unchanged)
Skip blib/lib/auto/share/dist/Plack-App-BeanstalkConsole/public/highlight/languages/nginx.js (unchanged)
Skip blib/lib/auto/share/dist/Plack-App-BeanstalkConsole/public/highlight/languages/http.js (unchanged)
Skip blib/lib/auto/share/dist/Plack-App-BeanstalkConsole/public/highlight/languages/perl.js (unchanged)
Skip blib/lib/auto/share/dist/Plack-App-BeanstalkConsole/public/highlight/languages/erlang.js (unchanged)
Skip blib/lib/auto/share/dist/Plack-App-BeanstalkConsole/public/highlight/languages/delphi.js (unchanged)
Skip blib/lib/auto/share/dist/Plack-App-BeanstalkConsole/public/js/bootstrap-alert.js (unchanged)
Skip blib/lib/auto/share/dist/Plack-App-BeanstalkConsole/public/highlight/styles/zenburn.css (unchanged)
Skip blib/lib/auto/share/dist/Plack-App-BeanstalkConsole/public/highlight/styles/default.css (unchanged)
Skip blib/lib/auto/share/dist/Plack-App-BeanstalkConsole/public/highlight/styles/arta.css (unchanged)
Skip blib/lib/auto/share/dist/Plack-App-BeanstalkConsole/public/highlight/languages/vbscript.js (unchanged)
Skip blib/lib/auto/share/dist/Plack-App-BeanstalkConsole/lib/Pheanstalk/Exception/ServerException.php (unchanged)
Skip blib/lib/auto/share/dist/Plack-App-BeanstalkConsole/public/highlight/languages/d.js (unchanged)
Skip blib/lib/auto/share/dist/Plack-App-BeanstalkConsole/lib/Pheanstalk/Exception/ServerDrainingException.php (unchanged)
Skip blib/lib/auto/share/dist/Plack-App-BeanstalkConsole/lib/Pheanstalk/Command/DeleteCommand.php (unchanged)
Skip blib/lib/auto/share/dist/Plack-App-BeanstalkConsole/public/js/bootstrap-transition.js (unchanged)
Skip blib/lib/auto/share/dist/Plack-App-BeanstalkConsole/public/highlight/styles/solarized_light.css (unchanged)
Skip blib/lib/auto/share/dist/Plack-App-BeanstalkConsole/lib/Pheanstalk/Command/PutCommand.php (unchanged)
Skip blib/lib/auto/share/dist/Plack-App-BeanstalkConsole/lib/Pheanstalk/Exception/ServerUnknownCommandException.php (unchanged)
Skip blib/lib/auto/share/dist/Plack-App-BeanstalkConsole/public/highlight/highlight.js (unchanged)
Skip blib/lib/auto/share/dist/Plack-App-BeanstalkConsole/public/highlight/styles/rainbow.css (unchanged)
Skip blib/lib/auto/share/dist/Plack-App-BeanstalkConsole/lib/Pheanstalk/Socket/NativeSocket.php (unchanged)
Skip blib/lib/auto/share/dist/Plack-App-BeanstalkConsole/public/img/glyphicons-halflings-white.png (unchanged)
Skip blib/lib/auto/share/dist/Plack-App-BeanstalkConsole/public/highlight/styles/tomorrow-night-blue.css (unchanged)
Skip blib/lib/auto/share/dist/Plack-App-BeanstalkConsole/lib/Pheanstalk/Socket.php (unchanged)
Skip blib/lib/auto/share/dist/Plack-App-BeanstalkConsole/public/highlight/languages/json.js (unchanged)
Skip blib/lib/auto/share/dist/Plack-App-BeanstalkConsole/public/highlight/languages/bash.js (unchanged)
Skip blib/lib/auto/share/dist/Plack-App-BeanstalkConsole/lib/tpl/main.php (unchanged)
Skip blib/lib/auto/share/dist/Plack-App-BeanstalkConsole/public/highlight/languages/diff.js (unchanged)
Skip blib/lib/auto/share/dist/Plack-App-BeanstalkConsole/lib/Pheanstalk/Command/ListTubesCommand.php (unchanged)
Skip blib/lib/auto/share/dist/Plack-App-BeanstalkConsole/public/highlight/styles/tomorrow.css (unchanged)
Skip blib/lib/auto/share/dist/Plack-App-BeanstalkConsole/public/highlight/languages/ruby.js (unchanged)
Skip blib/lib/auto/share/dist/Plack-App-BeanstalkConsole/lib/Pheanstalk/Command/WatchCommand.php (unchanged)
Skip blib/lib/auto/share/dist/Plack-App-BeanstalkConsole/public/js/jquery.color.js (unchanged)
Skip blib/lib/auto/share/dist/Plack-App-BeanstalkConsole/public/highlight/languages/vhdl.js (unchanged)
Skip blib/lib/auto/share/dist/Plack-App-BeanstalkConsole/public/highlight/languages/1c.js (unchanged)
Skip blib/lib/auto/share/dist/Plack-App-BeanstalkConsole/public/highlight/styles/solarized_dark.css (unchanged)
Skip blib/lib/auto/share/dist/Plack-App-BeanstalkConsole/public/highlight/languages/sql.js (unchanged)
Skip blib/lib/auto/share/dist/Plack-App-BeanstalkConsole/public/highlight/highlight.pack.js (unchanged)
Skip blib/lib/auto/share/dist/Plack-App-BeanstalkConsole/lib/Pheanstalk/Exception/SocketException.php (unchanged)
Skip blib/lib/auto/share/dist/Plack-App-BeanstalkConsole/public/highlight/styles/magula.css (unchanged)
Skip blib/lib/auto/share/dist/Plack-App-BeanstalkConsole/lib/Pheanstalk/Exception/CommandException.php (unchanged)
Skip blib/lib/auto/share/dist/Plack-App-BeanstalkConsole/public/js/jquery.cookie.js (unchanged)
Skip blib/lib/auto/share/dist/Plack-App-BeanstalkConsole/public/js/bootstrap-popover.js (unchanged)
Skip blib/lib/auto/share/dist/Plack-App-BeanstalkConsole/cover/btconsole.png (unchanged)
Skip blib/lib/auto/share/dist/Plack-App-BeanstalkConsole/public/highlight/languages/dos.js (unchanged)
Skip blib/lib/auto/share/dist/Plack-App-BeanstalkConsole/public/highlight/languages/css.js (unchanged)
Skip blib/lib/auto/share/dist/Plack-App-BeanstalkConsole/public/js/bootstrap.js (unchanged)
Skip blib/lib/auto/share/dist/Plack-App-BeanstalkConsole/public/js/bootstrap-tooltip.js (unchanged)
Skip blib/lib/auto/share/dist/Plack-App-BeanstalkConsole/public/css/bootstrap.css (unchanged)
Skip blib/lib/auto/share/dist/Plack-App-BeanstalkConsole/lib/Pheanstalk/Command/TouchCommand.php (unchanged)
Skip blib/lib/auto/share/dist/Plack-App-BeanstalkConsole/lib/Pheanstalk/Command/ListTubeUsedCommand.php (unchanged)
Skip blib/lib/auto/share/dist/Plack-App-BeanstalkConsole/lib/Pheanstalk/Command/ListTubesWatchedCommand.php (unchanged)
Skip blib/lib/auto/share/dist/Plack-App-BeanstalkConsole/lib/Pheanstalk/Exception/ServerOutOfMemoryException.php (unchanged)
Skip blib/lib/auto/share/dist/Plack-App-BeanstalkConsole/lib/Pheanstalk/ResponseParser.php (unchanged)
Skip blib/lib/auto/share/dist/Plack-App-BeanstalkConsole/lib/Pheanstalk/Connection.php (unchanged)
Skip blib/lib/auto/share/dist/Plack-App-BeanstalkConsole/public/highlight/languages/rib.js (unchanged)
Skip blib/lib/auto/share/dist/Plack-App-BeanstalkConsole/public/highlight/languages/parser3.js (unchanged)
Skip blib/lib/auto/share/dist/Plack-App-BeanstalkConsole/public/highlight/styles/tomorrow-night-eighties.css (unchanged)
Skip blib/lib/auto/share/dist/Plack-App-BeanstalkConsole/public/index.php (unchanged)
Skip blib/lib/auto/share/dist/Plack-App-BeanstalkConsole/lib/tpl/allTubes.php (unchanged)
Skip blib/lib/auto/share/dist/Plack-App-BeanstalkConsole/public/highlight/languages/cs.js (unchanged)
Skip blib/lib/auto/share/dist/Plack-App-BeanstalkConsole/lib/tpl/modalAddJob.php (unchanged)
Skip blib/lib/auto/share/dist/Plack-App-BeanstalkConsole/public/highlight/styles/github.css (unchanged)
Skip blib/lib/auto/share/dist/Plack-App-BeanstalkConsole/lib/Pheanstalk/Command/BuryCommand.php (unchanged)
Skip blib/lib/auto/share/dist/Plack-App-BeanstalkConsole/public/js/customer.js (unchanged)
Skip blib/lib/auto/share/dist/Plack-App-BeanstalkConsole/public/highlight/languages/r.js (unchanged)
Skip blib/lib/auto/share/dist/Plack-App-BeanstalkConsole/lib/Pheanstalk/Command/AbstractCommand.php (unchanged)
Skip blib/lib/auto/share/dist/Plack-App-BeanstalkConsole/public/js/bootstrap-modal.js (unchanged)
Skip blib/lib/auto/share/dist/Plack-App-BeanstalkConsole/lib/Pheanstalk/Socket/WriteHistory.php (unchanged)
Skip blib/lib/auto/share/dist/Plack-App-BeanstalkConsole/public/js/jquery.js (unchanged)
Skip blib/lib/auto/share/dist/Plack-App-BeanstalkConsole/lib/Pheanstalk/Command.php (unchanged)
Skip blib/lib/auto/share/dist/Plack-App-BeanstalkConsole/lib/Pheanstalk/Command/StatsTubeCommand.php (unchanged)
Skip blib/lib/auto/share/dist/Plack-App-BeanstalkConsole/lib/Pheanstalk/Command/ReserveCommand.php (unchanged)
Skip blib/lib/auto/share/dist/Plack-App-BeanstalkConsole/public/highlight/styles/vs.css (unchanged)
Skip blib/lib/auto/share/dist/Plack-App-BeanstalkConsole/public/highlight/styles/tomorrow-night.css (unchanged)
Skip blib/lib/auto/share/dist/Plack-App-BeanstalkConsole/public/highlight/languages/tex.js (unchanged)
Skip blib/lib/auto/share/dist/Plack-App-BeanstalkConsole/public/highlight/languages/scala.js (unchanged)
Skip blib/lib/auto/share/dist/Plack-App-BeanstalkConsole/lib/Pheanstalk/Command/UseCommand.php (unchanged)
Skip blib/lib/auto/share/dist/Plack-App-BeanstalkConsole/lib/Pheanstalk/Response/ArrayResponse.php (unchanged)
Skip blib/lib/auto/share/dist/Plack-App-BeanstalkConsole/public/highlight/styles/monokai.css (unchanged)
Skip blib/lib/auto/share/dist/Plack-App-BeanstalkConsole/lib/tpl/currentTube.php (unchanged)
Skip blib/lib/auto/share/dist/Plack-App-BeanstalkConsole/lib/Pheanstalk.php (unchanged)
Skip blib/lib/auto/share/dist/Plack-App-BeanstalkConsole/lib/include.php (unchanged)
Skip blib/lib/auto/share/dist/Plack-App-BeanstalkConsole/lib/Pheanstalk/Command/PauseTubeCommand.php (unchanged)
Skip blib/lib/auto/share/dist/Plack-App-BeanstalkConsole/lib/Pheanstalk/ClassLoader.php (unchanged)
Skip blib/lib/auto/share/dist/Plack-App-BeanstalkConsole/public/highlight/languages/haskell.js (unchanged)
Skip blib/lib/auto/share/dist/Plack-App-BeanstalkConsole/public/highlight/languages/java.js (unchanged)
Skip blib/lib/auto/share/dist/Plack-App-BeanstalkConsole/public/highlight/styles/sunburst.css (unchanged)
Skip blib/lib/auto/share/dist/Plack-App-BeanstalkConsole/lib/Pheanstalk/Command/IgnoreCommand.php (unchanged)
Skip blib/lib/auto/share/dist/Plack-App-BeanstalkConsole/public/highlight/languages/rust.js (unchanged)
Skip blib/lib/auto/share/dist/Plack-App-BeanstalkConsole/public/highlight/styles/ir_black.css (unchanged)
Skip blib/lib/auto/share/dist/Plack-App-BeanstalkConsole/lib/Pheanstalk/Exception.php (unchanged)
Skip blib/lib/auto/share/dist/Plack-App-BeanstalkConsole/public/highlight/styles/xcode.css (unchanged)
Skip blib/lib/auto/share/dist/Plack-App-BeanstalkConsole/public/js/bootstrap-scrollspy.js (unchanged)
Skip blib/lib/auto/share/dist/Plack-App-BeanstalkConsole/public/highlight/languages/javascript.js (unchanged)
Skip blib/lib/auto/share/dist/Plack-App-BeanstalkConsole/public/highlight/languages/lisp.js (unchanged)
Skip blib/lib/auto/share/dist/Plack-App-BeanstalkConsole/lib/Pheanstalk/Exception/ServerBadFormatException.php (unchanged)
Skip blib/lib/auto/share/dist/Plack-App-BeanstalkConsole/lib/Pheanstalk/Job.php (unchanged)
Skip blib/lib/auto/share/dist/Plack-App-BeanstalkConsole/public/highlight/styles/ascetic.css (unchanged)
Skip blib/lib/auto/share/dist/Plack-App-BeanstalkConsole/public/highlight/languages/cpp.js (unchanged)
Skip blib/lib/auto/share/dist/Plack-App-BeanstalkConsole/lib/Pheanstalk/Exception/ConnectionException.php (unchanged)
Skip blib/lib/auto/share/dist/Plack-App-BeanstalkConsole/public/highlight/languages/apache.js (unchanged)
Skip blib/lib/auto/share/dist/Plack-App-BeanstalkConsole/public/highlight/languages/axapta.js (unchanged)
Skip blib/lib/auto/share/dist/Plack-App-BeanstalkConsole/public/highlight/languages/profile.js (unchanged)
Skip blib/lib/auto/share/dist/Plack-App-BeanstalkConsole/public/js/bootstrap-typeahead.js (unchanged)
Skip blib/lib/auto/share/dist/Plack-App-BeanstalkConsole/public/highlight/styles/school_book.css (unchanged)
Skip blib/lib/auto/share/dist/Plack-App-BeanstalkConsole/public/highlight/styles/far.css (unchanged)
Skip blib/lib/auto/share/dist/Plack-App-BeanstalkConsole/lib/Pheanstalk/Socket/StreamFunctions.php (unchanged)
Skip blib/lib/auto/share/dist/Plack-App-BeanstalkConsole/public/highlight/languages/objectivec.js (unchanged)
Skip blib/lib/auto/share/dist/Plack-App-BeanstalkConsole/public/highlight/languages/smalltalk.js (unchanged)
Skip blib/lib/auto/share/dist/Plack-App-BeanstalkConsole/lib/Pheanstalk/YamlResponseParser.php (unchanged)
Skip blib/lib/auto/share/dist/Plack-App-BeanstalkConsole/public/highlight/styles/school_book.png (unchanged)
Skip blib/lib/auto/share/dist/Plack-App-BeanstalkConsole/public/highlight/languages/avrasm.js (unchanged)
Skip blib/lib/auto/share/dist/Plack-App-BeanstalkConsole/public/highlight/languages/clojure.js (unchanged)
Skip blib/lib/auto/share/dist/Plack-App-BeanstalkConsole/lib/Pheanstalk/Command/KickCommand.php (unchanged)
Skip blib/lib/auto/share/dist/Plack-App-BeanstalkConsole/public/highlight/languages/php.js (unchanged)
Skip blib/lib/auto/share/dist/Plack-App-BeanstalkConsole/public/highlight/languages/ini.js (unchanged)
Skip blib/lib/auto/share/dist/Plack-App-BeanstalkConsole/lib/Pheanstalk/Exception/ClientException.php (unchanged)
Skip blib/lib/auto/share/dist/Plack-App-BeanstalkConsole/public/highlight/styles/dark.css (unchanged)
Skip blib/lib/auto/share/dist/Plack-App-BeanstalkConsole/public/highlight/styles/tomorrow-night-bright.css (unchanged)
Skip blib/lib/auto/share/dist/Plack-App-BeanstalkConsole/public/highlight/languages/erlang-repl.js (unchanged)
Skip blib/lib/auto/share/dist/Plack-App-BeanstalkConsole/public/highlight/languages/glsl.js (unchanged)
Skip blib/lib/auto/share/dist/Plack-App-BeanstalkConsole/public/highlight/languages/go.js (unchanged)
PERL_DL_NONLAZY=1 /usr/perl5.18.0/bin/perl "-MExtUtils::Command::MM" "-e" "test_harness(0, 'blib/lib', 'blib/arch')" t/*.t
t/00-check-deps.t .. ok
t/00-compile.t ..... ok
Use of uninitialized value $php_cgi in -x at /usr/local/src/CPAN/build/Plack-App-PHPCGI-0.03-FpTuA5/blib/lib/Plack/App/PHPCGIFile.pm line 16.
cannot find 'php-cgi' command at t/01-downloaded.t line 11.
t/01-downloaded.t ..
Dubious, test returned 2 (wstat 512, 0x200)
No subtests run
# symlinking /var/tmp/CPAN-build/Plack-App-BeanstalkConsole-0.004-tEmjel/blib/lib/auto/share/dist/Plack-App-BeanstalkConsole <- t/app for override tests
Use of uninitialized value $php_cgi in -x at /usr/local/src/CPAN/build/Plack-App-PHPCGI-0.03-FpTuA5/blib/lib/Plack/App/PHPCGIFile.pm line 16.
cannot find 'php-cgi' command at t/02-override.t line 29.
t/02-override.t ....
Dubious, test returned 2 (wstat 512, 0x200)
No subtests run
Test Summary Report
-------------------
t/01-downloaded.t (Wstat: 512 Tests: 0 Failed: 0)
Non-zero exit status: 2
Parse errors: No plan found in TAP output
t/02-override.t (Wstat: 512 Tests: 0 Failed: 0)
Non-zero exit status: 2
Parse errors: No plan found in TAP output
Files=4, Tests=21, 1 wallclock secs ( 0.05 usr 0.00 sys + 0.74 cusr 0.12 csys = 0.91 CPU)
Result: FAIL
Failed 2/4 test programs. 0/21 subtests failed.
*** Error code 2
Stop in /var/tmp/CPAN-build/Plack-App-BeanstalkConsole-0.004-tEmjel.
------------------------------
PREREQUISITES
------------------------------
Prerequisite modules loaded:
requires:
Module Need Have
----------------------- ----- --------
File::ShareDir 0 1.03
parent 0 0.225
perl 5.006 5.018000
Plack::App::PHPCGIFile 0 0
Scalar::Util 0 1.27
strict 0 1.07
warnings 0 1.18
build_requires:
Module Need Have
----------------------- ----- --------
File::Find 0 1.23
File::Temp 0 0.2301
HTTP::Request::Common 0 6.04
Plack::Test 0 0
Test::CheckDeps 0.002 0.004
Test::More 0.94 0.98
Test::Warnings 0 0.004
configure_requires:
Module Need Have
----------------------- ----- --------
Archive::Extract 0 0.68
ExtUtils::MakeMaker 6.30 6.66
File::ShareDir::Install 0.03 0.04
File::Spec 0 3.40
File::Temp 0 0.2301
HTTP::Tiny 0 0.029
------------------------------
ENVIRONMENT AND OTHER CONTEXT
------------------------------
Environment variables:
DBIC_NO_WARN_BAD_PERL = 1
PATH = /usr/local/bin:/usr/X11R6/bin:/usr/X11/bin:/usr/perl5.8.0/bin:/usr/bin:/bin:/usr/local/sbin:/usr/sbin:/sbin:/usr/local/pilot/bin:/home/cpansand/bin/freebsd8.0:/home/cpansand/bin/sh:/home/cpansand/bin:/usr/X386/bin:/usr/games:/home/cpansand/devel:/usr/home/e/eserte/work/srezic-misc/scripts
PERL5LIB = /usr/local/src/CPAN/build/Plack-App-PHPCGI-0.03-FpTuA5/blib/arch:/usr/local/src/CPAN/build/Plack-App-PHPCGI-0.03-FpTuA5/blib/lib:/usr/local/src/CPAN/build/Test-Class-Moose-0.12-7BHuxc/blib/arch:/usr/local/src/CPAN/build/Test-Class-Moose-0.12-7BHuxc/blib/lib
PERL5OPT =
PERL5_CPANPLUS_IS_RUNNING = 13628
PERL5_CPAN_IS_RUNNING = 13628
PERL5_CPAN_IS_RUNNING_IN_RECURSION = 13606,13628
PERL_BATCH = yes
PERL_CPAN_REPORTER_CONFIG = /var/tmp/cpansmoker-1023/uSkjfUFEUZ_config.ini
PERL_EXTUTILS_AUTOINSTALL = --defaultdeps
PERL_HTML_DISPLAY_CLASS = HTML::Display::Mozilla
SHELL = /usr/local/bin/zsh
TERM = screen
TMPDIR = /var/tmp/cpansmoker-1023
Perl special variables (and OS-specific diagnostics, for MSWin32):
$^X = /usr/perl5.18.0/bin/perl
$UID/$EUID = 1023 / 1023
$GID = 1023 1023
$EGID = 1023 1023
Perl module toolchain versions installed:
Module Have
------------------- --------
CPAN 2.00
CPAN::Meta 2.120921
Cwd 3.40
ExtUtils::CBuilder 0.280210
ExtUtils::Command 1.17
ExtUtils::Install 1.59
ExtUtils::MakeMaker 6.66
ExtUtils::Manifest 1.63
ExtUtils::ParseXS 3.18
File::Spec 3.40
JSON 2.58
JSON::PP 2.27202
Module::Build 0.4005
Module::Signature 0.70
Parse::CPAN::Meta 1.4404
Test::Harness 3.26
Test::More 0.98
YAML 0.84
YAML::Syck 1.27
version 0.9902
--
Summary of my perl5 (revision 5 version 18 subversion 0) configuration:
Platform:
osname=freebsd, osvers=8.0-release-p4, archname=i386-freebsd
uname='freebsd biokovo.herceg.de 8.0-release-p4 freebsd 8.0-release-p4 #0: mon jul 12 20:22:27 utc 2010 root@i386-builder.daemonology.net:usrobjusrsrcsysgeneric i386 '
config_args='-D useshrplib=true -Dprefix=/usr/perl5.18.0 -Dusemymalloc=n -D cc=ccache cc -Dgccansipedantic -Duse64bit -de -D hintfile=myfreebsd'
hint=recommended, useposix=true, d_sigaction=define
useithreads=undef, usemultiplicity=undef
useperlio=define, d_sfio=undef, uselargefiles=define, usesocks=undef
use64bitint=undef, use64bitall=undef, uselongdouble=undef
usemymalloc=n, bincompat5005=undef
Compiler:
cc='ccache cc', ccflags ='-DHAS_FPSETMASK -DHAS_FLOATINGPOINT_H -fno-strict-aliasing -pipe -fstack-protector -I/usr/local/include',
optimize='-O2 -mtune=athlon64 -pipe',
cppflags='-DHAS_FPSETMASK -DHAS_FLOATINGPOINT_H -fno-strict-aliasing -pipe -fstack-protector -I/usr/local/include'
ccversion='', gccversion='4.2.1 20070719 [FreeBSD]', gccosandvers=''
intsize=4, longsize=4, ptrsize=4, doublesize=8, byteorder=1234
d_longlong=define, longlongsize=8, d_longdbl=define, longdblsize=12
ivtype='long', ivsize=4, nvtype='double', nvsize=8, Off_t='off_t', lseeksize=8
alignbytes=4, prototype=define
Linker and Libraries:
ld='ccache cc', ldflags ='-Wl,-E -fstack-protector -L/usr/local/lib'
libpth=/usr/lib /usr/local/lib
libs=-lgdbm -lm -lcrypt -lutil -lc
perllibs=-lm -lcrypt -lutil -lc
libc=, so=so, useshrplib=true, libperl=libperl.so
gnulibc_version=''
Dynamic Linking:
dlsrc=dl_dlopen.xs, dlext=so, d_dlsymun=undef, ccdlflags=' -Wl,-R/usr/perl5.18.0/lib/5.18.0/i386-freebsd/CORE'
cccdlflags='-DPIC -fPIC', lddlflags='-shared -L/usr/local/lib -fstack-protector'
Characteristics of this binary (from libperl):
Compile-time options: HAS_TIMES PERLIO_LAYERS PERL_DONT_CREATE_GVSV
PERL_HASH_FUNC_ONE_AT_A_TIME_HARD PERL_MALLOC_WRAP
PERL_PRESERVE_IVUV PERL_SAWAMPERSAND PERL_USE_DEVEL
USE_LARGE_FILES USE_LOCALE USE_LOCALE_COLLATE
USE_LOCALE_CTYPE USE_LOCALE_NUMERIC USE_PERLIO
USE_PERL_ATOF
Built under freebsd
Compiled at May 22 2013 23:05:22
%ENV:
PERL5LIB="/usr/local/src/CPAN/build/Plack-App-PHPCGI-0.03-FpTuA5/blib/arch:/usr/local/src/CPAN/build/Plack-App-PHPCGI-0.03-FpTuA5/blib/lib:/usr/local/src/CPAN/build/Test-Class-Moose-0.12-7BHuxc/blib/arch:/usr/local/src/CPAN/build/Test-Class-Moose-0.12-7BHuxc/blib/lib"
PERL5OPT=""
PERL5_CPANPLUS_IS_RUNNING="13628"
PERL5_CPAN_IS_RUNNING="13628"
PERL5_CPAN_IS_RUNNING_IN_RECURSION="13606,13628"
PERL_BATCH="yes"
PERL_CPAN_REPORTER_CONFIG="/var/tmp/cpansmoker-1023/uSkjfUFEUZ_config.ini"
PERL_EXTUTILS_AUTOINSTALL="--defaultdeps"
PERL_HTML_DISPLAY_CLASS="HTML::Display::Mozilla"
@INC:
/usr/local/src/CPAN/build/Plack-App-PHPCGI-0.03-FpTuA5/blib/arch
/usr/local/src/CPAN/build/Plack-App-PHPCGI-0.03-FpTuA5/blib/lib
/usr/local/src/CPAN/build/Test-Class-Moose-0.12-7BHuxc/blib/arch
/usr/local/src/CPAN/build/Test-Class-Moose-0.12-7BHuxc/blib/lib
/usr/perl5.18.0/lib/site_perl/5.18.0/i386-freebsd
/usr/perl5.18.0/lib/site_perl/5.18.0
/usr/perl5.18.0/lib/5.18.0/i386-freebsd
/usr/perl5.18.0/lib/5.18.0
.