Report for Perinci-Access-Perl-0.890

Back
From: metabase:user:320bfe00-2aae-11df-837a-5e0a49663a4f
Subject: FAIL Perinci-Access-Perl-0.890 5.14.4 GNU/Linux
Date: 2019-07-21T07:41:58Z

This distribution has been tested as part of the CPAN Testers
project, supporting the Perl programming language.  See
http://wiki.cpantesters.org/ for more information or email
questions to cpan-testers-discuss@perl.org


--
Dear perlancar,

This is a computer-generated report for Perinci-Access-Perl-0.890
on perl 5.14.4, created by CPAN-Reporter-1.2018.

Thank you for uploading your work to CPAN.  However, there was a problem
testing your distribution.

If you think this report is invalid, please consult the CPAN Testers Wiki
for suggestions on how to avoid getting FAIL reports for missing library
or binary dependencies, unsupported operating systems, and so on:

http://wiki.cpantesters.org/wiki/CPANAuthorNotes

Sections of this report:

    * Tester comments
    * Program output
    * Prerequisites
    * Environment and other context

------------------------------
TESTER COMMENTS
------------------------------

Additional comments from tester:

this report is from an automated smoke testing program
and was not reviewed by a human for accuracy

------------------------------
PROGRAM OUTPUT
------------------------------

Output from '/usr/bin/make test':

PERL_DL_NONLAZY=1 "/home/sand/src/perl/repoperls/installed-perls/host/k93msid/v5.14.4/da1c/bin/perl" "-MExtUtils::Command::MM" "-MTest::Harness" "-e" "undef *Test::Harness::Switches; test_harness(0, 'blib/lib', 'blib/arch')" t/*.t
t/00-compile.t ........... ok
t/author-critic.t ........ skipped: these tests are for testing by the author
t/author-pod-coverage.t .. skipped: these tests are for testing by the author
t/author-pod-syntax.t .... skipped: these tests are for testing by the author
t/perl.t ................. ok
t/schemeless-patch.t ..... ok
Only coercion rule module following metadata version 3 is supported, this rule module 'Data::Sah::Coerce::perl::int::str_convert_unix_user_to_uid' follows metadata version 4 and will not be used at /home/sand/src/perl/repoperls/installed-perls/host/k93msid/v5.14.4/da1c/lib/site_perl/5.14.4/Data/Sah/CoerceCommon.pm line 230.
Only coercion rule module following metadata version 3 is supported, this rule module 'Data::Sah::Coerce::perl::int::int_check_gid_exists' follows metadata version 4 and will not be used at /home/sand/src/perl/repoperls/installed-perls/host/k93msid/v5.14.4/da1c/lib/site_perl/5.14.4/Data/Sah/CoerceCommon.pm line 230.
Only coercion rule module following metadata version 3 is supported, this rule module 'Data::Sah::Coerce::perl::int::int_check_uid_exists' follows metadata version 4 and will not be used at /home/sand/src/perl/repoperls/installed-perls/host/k93msid/v5.14.4/da1c/lib/site_perl/5.14.4/Data/Sah/CoerceCommon.pm line 230.
Only coercion rule module following metadata version 3 is supported, this rule module 'Data::Sah::Coerce::perl::int::str_convert_unix_group_to_gid' follows metadata version 4 and will not be used at /home/sand/src/perl/repoperls/installed-perls/host/k93msid/v5.14.4/da1c/lib/site_perl/5.14.4/Data/Sah/CoerceCommon.pm line 230.
Only coercion rule module following metadata version 3 is supported, this rule module 'Data::Sah::Coerce::perl::int::str_convert_unix_user_to_uid' follows metadata version 4 and will not be used at /home/sand/src/perl/repoperls/installed-perls/host/k93msid/v5.14.4/da1c/lib/site_perl/5.14.4/Data/Sah/CoerceCommon.pm line 230.
Only coercion rule module following metadata version 3 is supported, this rule module 'Data::Sah::Coerce::perl::int::int_check_gid_exists' follows metadata version 4 and will not be used at /home/sand/src/perl/repoperls/installed-perls/host/k93msid/v5.14.4/da1c/lib/site_perl/5.14.4/Data/Sah/CoerceCommon.pm line 230.
Only coercion rule module following metadata version 3 is supported, this rule module 'Data::Sah::Coerce::perl::int::int_check_uid_exists' follows metadata version 4 and will not be used at /home/sand/src/perl/repoperls/installed-perls/host/k93msid/v5.14.4/da1c/lib/site_perl/5.14.4/Data/Sah/CoerceCommon.pm line 230.
Only coercion rule module following metadata version 3 is supported, this rule module 'Data::Sah::Coerce::perl::int::str_convert_unix_group_to_gid' follows metadata version 4 and will not be used at /home/sand/src/perl/repoperls/installed-perls/host/k93msid/v5.14.4/da1c/lib/site_perl/5.14.4/Data/Sah/CoerceCommon.pm line 230.
Only coercion rule module following metadata version 3 is supported, this rule module 'Data::Sah::Coerce::perl::int::str_convert_unix_user_to_uid' follows metadata version 4 and will not be used at /home/sand/src/perl/repoperls/installed-perls/host/k93msid/v5.14.4/da1c/lib/site_perl/5.14.4/Data/Sah/CoerceCommon.pm line 230.
Only coercion rule module following metadata version 3 is supported, this rule module 'Data::Sah::Coerce::perl::int::int_check_gid_exists' follows metadata version 4 and will not be used at /home/sand/src/perl/repoperls/installed-perls/host/k93msid/v5.14.4/da1c/lib/site_perl/5.14.4/Data/Sah/CoerceCommon.pm line 230.
Only coercion rule module following metadata version 3 is supported, this rule module 'Data::Sah::Coerce::perl::int::int_check_uid_exists' follows metadata version 4 and will not be used at /home/sand/src/perl/repoperls/installed-perls/host/k93msid/v5.14.4/da1c/lib/site_perl/5.14.4/Data/Sah/CoerceCommon.pm line 230.
Only coercion rule module following metadata version 3 is supported, this rule module 'Data::Sah::Coerce::perl::int::str_convert_unix_group_to_gid' follows metadata version 4 and will not be used at /home/sand/src/perl/repoperls/installed-perls/host/k93msid/v5.14.4/da1c/lib/site_perl/5.14.4/Data/Sah/CoerceCommon.pm line 230.
Only coercion rule module following metadata version 3 is supported, this rule module 'Data::Sah::Coerce::perl::int::str_convert_unix_user_to_uid' follows metadata version 4 and will not be used at /home/sand/src/perl/repoperls/installed-perls/host/k93msid/v5.14.4/da1c/lib/site_perl/5.14.4/Data/Sah/CoerceCommon.pm line 230.
Only coercion rule module following metadata version 3 is supported, this rule module 'Data::Sah::Coerce::perl::int::int_check_gid_exists' follows metadata version 4 and will not be used at /home/sand/src/perl/repoperls/installed-perls/host/k93msid/v5.14.4/da1c/lib/site_perl/5.14.4/Data/Sah/CoerceCommon.pm line 230.
Only coercion rule module following metadata version 3 is supported, this rule module 'Data::Sah::Coerce::perl::int::int_check_uid_exists' follows metadata version 4 and will not be used at /home/sand/src/perl/repoperls/installed-perls/host/k93msid/v5.14.4/da1c/lib/site_perl/5.14.4/Data/Sah/CoerceCommon.pm line 230.
Only coercion rule module following metadata version 3 is supported, this rule module 'Data::Sah::Coerce::perl::int::str_convert_unix_group_to_gid' follows metadata version 4 and will not be used at /home/sand/src/perl/repoperls/installed-perls/host/k93msid/v5.14.4/da1c/lib/site_perl/5.14.4/Data/Sah/CoerceCommon.pm line 230.
Only coercion rule module following metadata version 3 is supported, this rule module 'Data::Sah::Coerce::perl::int::str_convert_unix_user_to_uid' follows metadata version 4 and will not be used at /home/sand/src/perl/repoperls/installed-perls/host/k93msid/v5.14.4/da1c/lib/site_perl/5.14.4/Data/Sah/CoerceCommon.pm line 230.
Only coercion rule module following metadata version 3 is supported, this rule module 'Data::Sah::Coerce::perl::int::int_check_gid_exists' follows metadata version 4 and will not be used at /home/sand/src/perl/repoperls/installed-perls/host/k93msid/v5.14.4/da1c/lib/site_perl/5.14.4/Data/Sah/CoerceCommon.pm line 230.
Only coercion rule module following metadata version 3 is supported, this rule module 'Data::Sah::Coerce::perl::int::int_check_uid_exists' follows metadata version 4 and will not be used at /home/sand/src/perl/repoperls/installed-perls/host/k93msid/v5.14.4/da1c/lib/site_perl/5.14.4/Data/Sah/CoerceCommon.pm line 230.
Only coercion rule module following metadata version 3 is supported, this rule module 'Data::Sah::Coerce::perl::int::str_convert_unix_group_to_gid' follows metadata version 4 and will not be used at /home/sand/src/perl/repoperls/installed-perls/host/k93msid/v5.14.4/da1c/lib/site_perl/5.14.4/Data/Sah/CoerceCommon.pm line 230.
Only coercion rule module following metadata version 3 is supported, this rule module 'Data::Sah::Coerce::perl::int::str_convert_unix_user_to_uid' follows metadata version 4 and will not be used at /home/sand/src/perl/repoperls/installed-perls/host/k93msid/v5.14.4/da1c/lib/site_perl/5.14.4/Data/Sah/CoerceCommon.pm line 230.
Only coercion rule module following metadata version 3 is supported, this rule module 'Data::Sah::Coerce::perl::int::int_check_gid_exists' follows metadata version 4 and will not be used at /home/sand/src/perl/repoperls/installed-perls/host/k93msid/v5.14.4/da1c/lib/site_perl/5.14.4/Data/Sah/CoerceCommon.pm line 230.
Only coercion rule module following metadata version 3 is supported, this rule module 'Data::Sah::Coerce::perl::int::int_check_uid_exists' follows metadata version 4 and will not be used at /home/sand/src/perl/repoperls/installed-perls/host/k93msid/v5.14.4/da1c/lib/site_perl/5.14.4/Data/Sah/CoerceCommon.pm line 230.
Only coercion rule module following metadata version 3 is supported, this rule module 'Data::Sah::Coerce::perl::int::str_convert_unix_group_to_gid' follows metadata version 4 and will not be used at /home/sand/src/perl/repoperls/installed-perls/host/k93msid/v5.14.4/da1c/lib/site_perl/5.14.4/Data/Sah/CoerceCommon.pm line 230.
Only coercion rule module following metadata version 3 is supported, this rule module 'Data::Sah::Coerce::perl::int::str_convert_unix_user_to_uid' follows metadata version 4 and will not be used at /home/sand/src/perl/repoperls/installed-perls/host/k93msid/v5.14.4/da1c/lib/site_perl/5.14.4/Data/Sah/CoerceCommon.pm line 230.
Only coercion rule module following metadata version 3 is supported, this rule module 'Data::Sah::Coerce::perl::int::int_check_gid_exists' follows metadata version 4 and will not be used at /home/sand/src/perl/repoperls/installed-perls/host/k93msid/v5.14.4/da1c/lib/site_perl/5.14.4/Data/Sah/CoerceCommon.pm line 230.
Only coercion rule module following metadata version 3 is supported, this rule module 'Data::Sah::Coerce::perl::int::int_check_uid_exists' follows metadata version 4 and will not be used at /home/sand/src/perl/repoperls/installed-perls/host/k93msid/v5.14.4/da1c/lib/site_perl/5.14.4/Data/Sah/CoerceCommon.pm line 230.
Only coercion rule module following metadata version 3 is supported, this rule module 'Data::Sah::Coerce::perl::int::str_convert_unix_group_to_gid' follows metadata version 4 and will not be used at /home/sand/src/perl/repoperls/installed-perls/host/k93msid/v5.14.4/da1c/lib/site_perl/5.14.4/Data/Sah/CoerceCommon.pm line 230.

        #   Failed test 'result'
        #   at t/schemeless.t line 881.
        #     Structures begin differing at:
        #          $got->{words}[0] = HASH(0x563cc80f3580)
        #     $expected->{words}[0] = 'red date'
        # [
        #   200,
        #   'OK (complete_arg_val action)',
        #   {
        #     'static' => 0,
        #     'words' => [
        #       {
        #         'summary' => undef,
        #         'word' => 'red date'
        #       },
        #       {
        #         'summary' => undef,
        #         'word' => 'red grape'
        #       }
        #     ]
        #   }
        # ]
        # Looks like you failed 1 test of 2.

    #   Failed test 'complete: str's in (req: complete_arg_val /Perinci/Examples/test_completion)'
    #   at t/schemeless.t line 889.

        #   Failed test 'result'
        #   at t/schemeless.t line 881.
        #     Structures begin differing at:
        #          $got->{words}[0] = HASH(0x563cc81ee7a8)
        #     $expected->{words}[0] = '1'
        # [
        #   200,
        #   'OK (complete_arg_val action)',
        #   {
        #     'static' => 0,
        #     'words' => [
        #       {
        #         'summary' => undef,
        #         'word' => 1
        #       },
        #       {
        #         'summary' => undef,
        #         'word' => 10
        #       },
        #       {
        #         'summary' => undef,
        #         'word' => 11
        #       },
        #       {
        #         'summary' => undef,
        #         'word' => 12
        #       },
        #       {
        #         'summary' => undef,
        #         'word' => 13
        #       },
        #       {
        #         'summary' => undef,
        #         'word' => 14
        #       },
        #       {
        #         'summary' => undef,
        #         'word' => 15
        #       },
        #       {
        #         'summary' => undef,
        #         'word' => 16
        #       },
        #       {
        #         'summary' => undef,
        #         'word' => 17
        #       },
        #       {
        #         'summary' => undef,
        #         'word' => 18
        #       },
        #       {
        #         'summary' => undef,
        #         'word' => 19
        #       }
        #     ]
        #   }
        # ]
        # Looks like you failed 1 test of 2.

    #   Failed test 'complete: int's min+max (req: complete_arg_val /Perinci/Examples/test_completion)'
    #   at t/schemeless.t line 889.
    # Looks like you failed 2 tests of 5.

#   Failed test 'action: complete_arg_val'
#   at t/schemeless.t line 719.
# Looks like you failed 1 test of 26.
t/schemeless.t ........... 
Dubious, test returned 1 (wstat 256, 0x100)
Failed 1/26 subtests 
	(less 1 skipped subtest: 24 okay)

Test Summary Report
-------------------
t/schemeless.t         (Wstat: 256 Tests: 26 Failed: 1)
  Failed test:  18
  Non-zero exit status: 1
Files=7, Tests=31,  3 wallclock secs ( 0.03 usr  0.04 sys +  0.44 cusr  0.20 csys =  0.71 CPU)
Result: FAIL
Failed 1/7 test programs. 1/31 subtests failed.
make: *** [Makefile:918: test_dynamic] Error 1

------------------------------
PREREQUISITES
------------------------------

Prerequisite modules loaded:

requires:

    Module                      Need     Have    
    --------------------------- -------- --------
    Class::Inspector            0        1.35_01 
    experimental                0        0.020   
    List::Util                  1.45     1.50    
    Log::ger                    0.023    0.027   
    Module::List                0        0.004   
    Module::Path::More          0.32     0.33    
    Package::Util::Lite         0        0.001   
    parent                      0        0.225   
    Perinci::Access::Base       0.31     0.33    
    Perinci::Object             0.310    0.310   
    Perinci::Sub::Complete      0.89     0.937   
    Perinci::Sub::GetArgs::Argv 0.83     0.843   
    Perinci::Sub::Normalize     0.19     0.200   
    Perinci::Sub::Util          0.46     0.46    
    Perinci::Sub::Wrapper       0.83     0.84    
    perl                        5.010001 5.014004
    Progress::Any               0.214    0.214   
    Scalar::Util                0        1.50    
    strict                      0        1.04    
    Tie::Cache                  0        0.21    
    URI::Split                  0        1.76    
    UUID::Random                0        0.04    
    warnings                    0        1.12    

build_requires:

    Module                      Need     Have    
    --------------------------- -------- --------
    ExtUtils::MakeMaker         0        7.37_02 
    File::Slurper               0        0.012   
    File::Spec                  0        3.75    
    File::Temp                  0        0.2308  
    FindBin                     0        1.50    
    IO::Handle                  0        1.39    
    IPC::Open3                  0        1.0901  
    lib                         0        0.63    
    Monkey::Patch::Action       0.060    0.061   
    Perinci::Examples           0.811    0.814   
    Test::Exception             0        0.43    
    Test::More                  0.98     1.302164

configure_requires:

    Module                      Need     Have    
    --------------------------- -------- --------
    ExtUtils::MakeMaker         0        7.37_02 


------------------------------
ENVIRONMENT AND OTHER CONTEXT
------------------------------

Environment variables:

    AUTOMATED_TESTING = 1
    LANG = en_US.UTF-8
    PATH = /home/sand/bin:/usr/local/bin:/usr/bin:/bin:/usr/games:/usr/local/perl/bin:/usr/X11/bin:/sbin:/usr/sbin
    PERL5LIB = 
    PERL5OPT = 
    PERL5_CPANPLUS_IS_RUNNING = 30997
    PERL5_CPAN_IS_RUNNING = 30997
    PERL_CANARY_STABILITY_NOPROMPT = 1
    PERL_MM_USE_DEFAULT = 1
    PERL_USE_UNSAFE_INC = 1
    SHELL = /usr/bin/zsh
    TERM = screen

Perl special variables (and OS-specific diagnostics, for MSWin32):

    $^X = /home/sand/src/perl/repoperls/installed-perls/host/k93msid/v5.14.4/da1c/bin/perl
    $UID/$EUID = 1005 / 1005
    $GID = 1005 1005
    $EGID = 1005 1005

Perl module toolchain versions installed:

    Module              Have    
    ------------------- --------
    CPAN                2.27    
    CPAN::Meta          2.150010
    Cwd                 3.75    
    ExtUtils::CBuilder  0.280231
    ExtUtils::Command   7.37_02 
    ExtUtils::Install   2.06    
    ExtUtils::MakeMaker 7.37_02 
    ExtUtils::Manifest  1.70    
    ExtUtils::ParseXS   3.35    
    File::Spec          3.75    
    JSON                4.02    
    JSON::PP            4.04    
    Module::Build       0.4224  
    Module::Signature   0.83    
    Parse::CPAN::Meta   2.150010
    Test::Harness       3.42    
    Test::More          1.302164
    YAML                1.28_001
    YAML::Syck          1.31    
    version             0.9924  


--

Summary of my perl5 (revision 5 version 14 subversion 4) configuration:
  Derived from: 26c5c13a4ece9084f310610bb17fb2f24c72a73e
  Platform:
    osname=linux, osvers=4.18.0-2-amd64, archname=x86_64-linux
    uname='linux k93msid 4.18.0-2-amd64 #1 smp debian 4.18.10-2 (2018-10-07) x86_64 gnulinux '
    config_args='-Dprefix=/home/sand/src/perl/repoperls/installed-perls/host/k93msid/v5.14.4/da1c -Dmyhostname=k93msid -Dinstallusrbinperl=n -Uversiononly -Dusedevel -des -Ui_db -Dlibswanted=cl pthread socket inet nsl gdbm dbm malloc dl ld sun m crypt sec util c cposix posix ucb BSD gdbm_compat -Uuseithreads -Uuselongdouble -DEBUGGING=-g'
    hint=recommended, useposix=true, d_sigaction=define
    useithreads=undef, usemultiplicity=undef
    useperlio=define, d_sfio=undef, uselargefiles=define, usesocks=undef
    use64bitint=define, use64bitall=define, uselongdouble=undef
    usemymalloc=n, bincompat5005=undef
  Compiler:
    cc='cc', ccflags ='-fno-strict-aliasing -pipe -fstack-protector -I/usr/local/include -D_LARGEFILE_SOURCE -D_FILE_OFFSET_BITS=64',
    optimize='-O2 -g',
    cppflags='-fno-strict-aliasing -pipe -fstack-protector -I/usr/local/include'
    ccversion='', gccversion='8.2.0', gccosandvers=''
    intsize=4, longsize=8, ptrsize=8, doublesize=8, byteorder=12345678
    d_longlong=define, longlongsize=8, d_longdbl=define, longdblsize=16
    ivtype='long', ivsize=8, nvtype='double', nvsize=8, Off_t='off_t', lseeksize=8
    alignbytes=8, prototype=define
  Linker and Libraries:
    ld='cc', ldflags =' -fstack-protector -L/usr/local/lib'
    libpth=/usr/local/lib /lib/x86_64-linux-gnu /lib/../lib /usr/lib/x86_64-linux-gnu /usr/lib/../lib /lib /usr/lib
    libs=-lpthread -lnsl -ldl -lm -lcrypt -lutil -lc
    perllibs=-lpthread -lnsl -ldl -lm -lcrypt -lutil -lc
    libc=libc-2.27.so, so=so, useshrplib=false, libperl=libperl.a
    gnulibc_version='2.27'
  Dynamic Linking:
    dlsrc=dl_dlopen.xs, dlext=so, d_dlsymun=undef, ccdlflags='-Wl,-E'
    cccdlflags='-fPIC', lddlflags='-shared -O2 -g -L/usr/local/lib -fstack-protector'


Characteristics of this binary (from libperl): 
  Compile-time options: PERL_DONT_CREATE_GVSV PERL_MALLOC_WRAP
                        PERL_PRESERVE_IVUV PERL_USE_DEVEL USE_64_BIT_ALL
                        USE_64_BIT_INT USE_LARGE_FILES USE_PERLIO
                        USE_PERL_ATOF
  Locally applied patches:
	uncommitted-changes
  Built under linux
  Compiled at Oct 29 2018 01:17:56
  %ENV:
    PERL5LIB=""
    PERL5OPT=""
    PERL5_CPANPLUS_IS_RUNNING="30997"
    PERL5_CPAN_IS_RUNNING="30997"
    PERL_CANARY_STABILITY_NOPROMPT="1"
    PERL_MM_USE_DEFAULT="1"
    PERL_USE_UNSAFE_INC="1"
  @INC:
    /home/sand/src/perl/repoperls/installed-perls/host/k93msid/v5.14.4/da1c/lib/site_perl/5.14.4/x86_64-linux
    /home/sand/src/perl/repoperls/installed-perls/host/k93msid/v5.14.4/da1c/lib/site_perl/5.14.4
    /home/sand/src/perl/repoperls/installed-perls/host/k93msid/v5.14.4/da1c/lib/5.14.4/x86_64-linux
    /home/sand/src/perl/repoperls/installed-perls/host/k93msid/v5.14.4/da1c/lib/5.14.4
    .