Report for Tk-804.032_500

Back
From: metabase:user:320bfe00-2aae-11df-837a-5e0a49663a4f
Subject: FAIL Tk-804.032_500 v5.21.7 GNU/Linux
Date: 2014-12-10T04:21:30Z

This distribution has been tested as part of the CPAN Testers
project, supporting the Perl programming language.  See
http://wiki.cpantesters.org/ for more information or email
questions to cpan-testers-discuss@perl.org


--
Dear Slaven Rezic,

This is a computer-generated report for Tk-804.032_500
on perl 5.21.7, created by CPAN-Reporter-1.2011.

Thank you for uploading your work to CPAN.  However, there was a problem
testing your distribution.

If you think this report is invalid, please consult the CPAN Testers Wiki
for suggestions on how to avoid getting FAIL reports for missing library
or binary dependencies, unsupported operating systems, and so on:

http://wiki.cpantesters.org/wiki/CPANAuthorNotes

Sections of this report:

    * Tester comments
    * Program output
    * Prerequisites
    * Environment and other context

------------------------------
TESTER COMMENTS
------------------------------

Additional comments from tester:

this report is from an automated smoke testing program
and was not reviewed by a human for accuracy

------------------------------
PROGRAM OUTPUT
------------------------------

Output from '/usr/bin/make test':

cd pTk && make DEFINE="" LIBPERL_A="libperl.a" LINKTYPE="dynamic" OPTIMIZE="-O2 -g" PREFIX="/home/sand/src/perl/repoperls/installed-perls/perl/v5.21.6-341-gf92b363/165a" PASTHRU_DEFINE="" PASTHRU_INC=""
make[1]: Entering directory '/tmp/loop_over_bdir-29613-WYXRNj/Tk-804.032_500-WH5Ujs/pTk'
make[1]: Leaving directory '/tmp/loop_over_bdir-29613-WYXRNj/Tk-804.032_500-WH5Ujs/pTk'
make[1]: Entering directory '/tmp/loop_over_bdir-29613-WYXRNj/Tk-804.032_500-WH5Ujs/pTk'
make[1]: Leaving directory '/tmp/loop_over_bdir-29613-WYXRNj/Tk-804.032_500-WH5Ujs/pTk'
make[1]: Entering directory '/tmp/loop_over_bdir-29613-WYXRNj/Tk-804.032_500-WH5Ujs/pod'
Manifying 50 pod documents
Manifying 52 pod documents
make[1]: Leaving directory '/tmp/loop_over_bdir-29613-WYXRNj/Tk-804.032_500-WH5Ujs/pod'
make[1]: Entering directory '/tmp/loop_over_bdir-29613-WYXRNj/Tk-804.032_500-WH5Ujs/demos'
Manifying 1 pod document
Manifying 2 pod documents
make[1]: Leaving directory '/tmp/loop_over_bdir-29613-WYXRNj/Tk-804.032_500-WH5Ujs/demos'
make[1]: Entering directory '/tmp/loop_over_bdir-29613-WYXRNj/Tk-804.032_500-WH5Ujs/Xlib'
make[2]: Entering directory '/tmp/loop_over_bdir-29613-WYXRNj/Tk-804.032_500-WH5Ujs/Xlib/X'
Running Mkbootstrap for Tk::X ()
chmod 644 "X.bs"
make[2]: Leaving directory '/tmp/loop_over_bdir-29613-WYXRNj/Tk-804.032_500-WH5Ujs/Xlib/X'
Running Mkbootstrap for Tk::Xlib ()
chmod 644 "Xlib.bs"
make[1]: Leaving directory '/tmp/loop_over_bdir-29613-WYXRNj/Tk-804.032_500-WH5Ujs/Xlib'
make[1]: Entering directory '/tmp/loop_over_bdir-29613-WYXRNj/Tk-804.032_500-WH5Ujs/WinPhoto'
Running Mkbootstrap for Tk::WinPhoto ()
chmod 644 "WinPhoto.bs"
Manifying 1 pod document
make[1]: Leaving directory '/tmp/loop_over_bdir-29613-WYXRNj/Tk-804.032_500-WH5Ujs/WinPhoto'
make[1]: Entering directory '/tmp/loop_over_bdir-29613-WYXRNj/Tk-804.032_500-WH5Ujs/Tixish'
make[1]: Leaving directory '/tmp/loop_over_bdir-29613-WYXRNj/Tk-804.032_500-WH5Ujs/Tixish'
make[1]: Entering directory '/tmp/loop_over_bdir-29613-WYXRNj/Tk-804.032_500-WH5Ujs/TixPixmap'
Running Mkbootstrap for Tk::Pixmap ()
chmod 644 "Pixmap.bs"
make[1]: Leaving directory '/tmp/loop_over_bdir-29613-WYXRNj/Tk-804.032_500-WH5Ujs/TixPixmap'
make[1]: Entering directory '/tmp/loop_over_bdir-29613-WYXRNj/Tk-804.032_500-WH5Ujs/TixGrid'
Running Mkbootstrap for Tk::TixGrid ()
chmod 644 "TixGrid.bs"
make[1]: Leaving directory '/tmp/loop_over_bdir-29613-WYXRNj/Tk-804.032_500-WH5Ujs/TixGrid'
make[1]: Entering directory '/tmp/loop_over_bdir-29613-WYXRNj/Tk-804.032_500-WH5Ujs/TextList'
Manifying 1 pod document
make[1]: Leaving directory '/tmp/loop_over_bdir-29613-WYXRNj/Tk-804.032_500-WH5Ujs/TextList'
make[1]: Entering directory '/tmp/loop_over_bdir-29613-WYXRNj/Tk-804.032_500-WH5Ujs/Text'
Running Mkbootstrap for Tk::Text ()
chmod 644 "Text.bs"
make[1]: Leaving directory '/tmp/loop_over_bdir-29613-WYXRNj/Tk-804.032_500-WH5Ujs/Text'
make[1]: Entering directory '/tmp/loop_over_bdir-29613-WYXRNj/Tk-804.032_500-WH5Ujs/TList'
Running Mkbootstrap for Tk::TList ()
chmod 644 "TList.bs"
make[1]: Leaving directory '/tmp/loop_over_bdir-29613-WYXRNj/Tk-804.032_500-WH5Ujs/TList'
make[1]: Entering directory '/tmp/loop_over_bdir-29613-WYXRNj/Tk-804.032_500-WH5Ujs/Scrollbar'
Running Mkbootstrap for Tk::Scrollbar ()
chmod 644 "Scrollbar.bs"
make[1]: Leaving directory '/tmp/loop_over_bdir-29613-WYXRNj/Tk-804.032_500-WH5Ujs/Scrollbar'
make[1]: Entering directory '/tmp/loop_over_bdir-29613-WYXRNj/Tk-804.032_500-WH5Ujs/Scale'
Running Mkbootstrap for Tk::Scale ()
chmod 644 "Scale.bs"
make[1]: Leaving directory '/tmp/loop_over_bdir-29613-WYXRNj/Tk-804.032_500-WH5Ujs/Scale'
make[1]: Entering directory '/tmp/loop_over_bdir-29613-WYXRNj/Tk-804.032_500-WH5Ujs/PNG'
Running Mkbootstrap for Tk::PNG ()
chmod 644 "PNG.bs"
Manifying 1 pod document
make[1]: Leaving directory '/tmp/loop_over_bdir-29613-WYXRNj/Tk-804.032_500-WH5Ujs/PNG'
make[1]: Entering directory '/tmp/loop_over_bdir-29613-WYXRNj/Tk-804.032_500-WH5Ujs/NBFrame'
Running Mkbootstrap for Tk::NBFrame ()
chmod 644 "NBFrame.bs"
make[1]: Leaving directory '/tmp/loop_over_bdir-29613-WYXRNj/Tk-804.032_500-WH5Ujs/NBFrame'
make[1]: Entering directory '/tmp/loop_over_bdir-29613-WYXRNj/Tk-804.032_500-WH5Ujs/Mwm'
Running Mkbootstrap for Tk::Mwm ()
chmod 644 "Mwm.bs"
make[1]: Leaving directory '/tmp/loop_over_bdir-29613-WYXRNj/Tk-804.032_500-WH5Ujs/Mwm'
make[1]: Entering directory '/tmp/loop_over_bdir-29613-WYXRNj/Tk-804.032_500-WH5Ujs/Menubutton'
Running Mkbootstrap for Tk::Menubutton ()
chmod 644 "Menubutton.bs"
make[1]: Leaving directory '/tmp/loop_over_bdir-29613-WYXRNj/Tk-804.032_500-WH5Ujs/Menubutton'
make[1]: Entering directory '/tmp/loop_over_bdir-29613-WYXRNj/Tk-804.032_500-WH5Ujs/Listbox'
Running Mkbootstrap for Tk::Listbox ()
chmod 644 "Listbox.bs"
make[1]: Leaving directory '/tmp/loop_over_bdir-29613-WYXRNj/Tk-804.032_500-WH5Ujs/Listbox'
make[1]: Entering directory '/tmp/loop_over_bdir-29613-WYXRNj/Tk-804.032_500-WH5Ujs/JPEG'
Running Mkbootstrap for Tk::JPEG ()
chmod 644 "JPEG.bs"
Manifying 1 pod document
Manifying 1 pod document
make[1]: Leaving directory '/tmp/loop_over_bdir-29613-WYXRNj/Tk-804.032_500-WH5Ujs/JPEG'
make[1]: Entering directory '/tmp/loop_over_bdir-29613-WYXRNj/Tk-804.032_500-WH5Ujs/InputO'
Running Mkbootstrap for Tk::InputO ()
chmod 644 "InputO.bs"
make[1]: Leaving directory '/tmp/loop_over_bdir-29613-WYXRNj/Tk-804.032_500-WH5Ujs/InputO'
make[1]: Entering directory '/tmp/loop_over_bdir-29613-WYXRNj/Tk-804.032_500-WH5Ujs/IO'
Running Mkbootstrap for Tk::IO ()
chmod 644 "IO.bs"
make[1]: Leaving directory '/tmp/loop_over_bdir-29613-WYXRNj/Tk-804.032_500-WH5Ujs/IO'
make[1]: Entering directory '/tmp/loop_over_bdir-29613-WYXRNj/Tk-804.032_500-WH5Ujs/HList'
Running Mkbootstrap for Tk::HList ()
chmod 644 "HList.bs"
make[1]: Leaving directory '/tmp/loop_over_bdir-29613-WYXRNj/Tk-804.032_500-WH5Ujs/HList'
make[1]: Entering directory '/tmp/loop_over_bdir-29613-WYXRNj/Tk-804.032_500-WH5Ujs/Event'
Running Mkbootstrap for Tk::Event ()
chmod 644 "Event.bs"
make[1]: Leaving directory '/tmp/loop_over_bdir-29613-WYXRNj/Tk-804.032_500-WH5Ujs/Event'
make[1]: Entering directory '/tmp/loop_over_bdir-29613-WYXRNj/Tk-804.032_500-WH5Ujs/Entry'
Running Mkbootstrap for Tk::Entry ()
chmod 644 "Entry.bs"
make[1]: Leaving directory '/tmp/loop_over_bdir-29613-WYXRNj/Tk-804.032_500-WH5Ujs/Entry'
make[1]: Entering directory '/tmp/loop_over_bdir-29613-WYXRNj/Tk-804.032_500-WH5Ujs/DragDrop'
Manifying 3 pod documents
make[1]: Leaving directory '/tmp/loop_over_bdir-29613-WYXRNj/Tk-804.032_500-WH5Ujs/DragDrop'
make[1]: Entering directory '/tmp/loop_over_bdir-29613-WYXRNj/Tk-804.032_500-WH5Ujs/Compound'
Running Mkbootstrap for Tk::Compound ()
chmod 644 "Compound.bs"
make[1]: Leaving directory '/tmp/loop_over_bdir-29613-WYXRNj/Tk-804.032_500-WH5Ujs/Compound'
make[1]: Entering directory '/tmp/loop_over_bdir-29613-WYXRNj/Tk-804.032_500-WH5Ujs/Canvas'
Running Mkbootstrap for Tk::Canvas ()
chmod 644 "Canvas.bs"
make[1]: Leaving directory '/tmp/loop_over_bdir-29613-WYXRNj/Tk-804.032_500-WH5Ujs/Canvas'
Running Mkbootstrap for Tk ()
chmod 644 "Tk.bs"
"/home/sand/src/perl/repoperls/installed-perls/perl/v5.21.6-341-gf92b363/165a/bin/perl" "-It" "-MTkTest" "-e" "checked_test_harness('./xt', 0, 'blib/lib', 'blib/arch')" t/00wmcheck.t t/JP.t t/KR.t t/Require.t t/Tkxs.t t/Trace.t t/X.t t/adjuster.t t/after.t t/async.t t/autoload.t t/balloon.t t/bind.t t/browseentry-grabtest.t t/browseentry-subclassing.t t/browseentry.t t/browseentry2.t t/button-tcl.t t/button.t t/canvas-grid.t t/canvas.t t/canvas2.t t/coloreditor.t t/create.t t/cursor.t t/dash.t t/dialogbox.t t/dirtree.t t/entry.t t/errordialog.t t/eventGenerate.t t/exefiles.t t/fbox.t t/fileevent.t t/fileevent2.t t/fileselect.t t/font.t t/fork.t t/geomgr.t t/iso8859-1.t t/itemstyle.t t/leak.t t/list.t t/listbox.t t/listvar.t t/magic.t t/mega.t t/msgbox.t t/mwm.t t/objglue.t t/optmenu.t t/photo.t t/pixmap.t t/progbar.t t/property.t t/regexp.t t/rotext.t t/slaves.t t/sv.t t/table.t t/text.t t/text2.t t/textundo.t t/trace1.t t/unicode.t t/widget.t t/wm-tcl.t t/wm-time.t t/wm.t t/zzHList.t t/zzPhoto.t t/zzScrolled.t t/zzText.t t/zzTixGrid.t

# Tk platform:    unix
# server info:    X11R0 The X.Org Foundation 11601901
# window manager: <unknown>
#        version: <unknown>
# XFT:            yes
t/00wmcheck.t ................ ok
t/adjuster.t ................. ok
t/after.t .................... ok
.label (1):
 0 0x1f7a1b0   IV f=00000001 undef(1)
SV = IV(0x1f7a1a0) at 0x1f7a1b0
  REFCNT = 1
  FLAGS = ()
  IV = 0
t/async.t .................... ok
t/autoload.t ................. ok
t/balloon.t .................. ok
t/bind.t ..................... ok
t/browseentry-grabtest.t ..... ok
t/browseentry-subclassing.t .. ok
t/browseentry.t .............. ok
t/browseentry2.t ............. ok
t/button-tcl.t ............... ok
t/button.t ................... ok
t/canvas-grid.t .............. ok
t/canvas.t ................... ok
t/canvas2.t .................. ok
t/coloreditor.t .............. ok
t/create.t ................... ok
t/cursor.t ................... ok
t/dash.t ..................... ok
t/dialogbox.t ................ ok
t/dirtree.t .................. ok
t/entry.t .................... ok
XS_Tk__Callback_Call error:Intentional error.

XS_Tk__Callback_Call error:Intentional error.

t/errordialog.t .............. ok
t/eventGenerate.t ............ ok
t/exefiles.t ................. ok
t/fbox.t ..................... ok
t/fileevent.t ................ ok
t/fileevent2.t ............... ok
t/fileselect.t ............... ok
Font Courier -12 still in cache.
t/font.t ..................... ok
. (1):
 0 0x297f4a8   IV f=00000001 undef(1)
SV = IV(0x297f498) at 0x297f4a8
  REFCNT = 1
  FLAGS = ()
  IV = 0
t/fork.t ..................... ok
t/geomgr.t ................... ok
t/iso8859-1.t ................ ok
t/itemstyle.t ................ ok
t/JP.t ....................... ok
t/KR.t ....................... ok
t/leak.t ..................... skipped: need Devel::Leak
t/list.t ..................... ok
t/listbox.t .................. ok
t/listvar.t .................. ok
t/magic.t .................... ok
t/mega.t ..................... ok
t/msgbox.t ................... ok
t/mwm.t ...................... ok
t/objglue.t .................. ok
t/optmenu.t .................. ok
t/photo.t .................... ok
t/pixmap.t ................... ok
t/progbar.t .................. ok
t/property.t ................. ok
t/regexp.t ................... ok
t/Require.t .................. ok
t/rotext.t ................... ok
t/slaves.t ................... ok
t/sv.t ....................... ok
t/table.t .................... ok
Stack moved 2599330 => 2599338
t/text.t ..................... ok
untie attempted while 3 inner references still exist at t/text2.t line 59.
untie attempted while 10 inner references still exist at t/text2.t line 70.
t/text2.t .................... ok
t/textundo.t ................. ok
t/Tkxs.t ..................... ok
t/Trace.t .................... ok
t/trace1.t ................... ok
t/unicode.t .................. ok
t/widget.t ................... ok

#   Failed test 'wm deiconify embedded window'
#   at t/wm-tcl.t line 681.
#                   ''
#     doesn't match '(?^:can\'t\ deiconify\ \.embed\:\ it\ is\ an\ embedded\ window)'

#   Failed test at t/wm-tcl.t line 911.
#                   ''
#     doesn't match '(?^:can\'t\ iconify\ \.toplevel2\:\ it\ is\ an\ embedded\ window)'

#   Failed test 'An embedded toplevel does not appear in the stacking order'
#   at t/wm-tcl.t line 1819.
#     Structures begin differing at:
#          $got->[1] = '.embd'
#     $expected->[1] = '.real'
# Looks like you failed 3 tests of 315.
t/wm-tcl.t ................... 
Dubious, test returned 3 (wstat 768, 0x300)
Failed 3/315 subtests 
	(less 57 skipped subtests: 255 okay)
	(27 TODO tests unexpectedly succeeded)
# Start update 2
# . update 0.00142 2
# .label update 0.00486 1
# Start Popup 2
# .toplevel Popup 0.00091 2
# .toplevel.label Popup 0.00138 1
# Start withdraw 0
# Start Popup Again 2
# .toplevel Popup Again 0.000377 2
# .toplevel.label Popup Again 0.000849 1
# Start destroy 0
t/wm-time.t .................. ok
t/wm.t ....................... ok
t/X.t ........................ ok
t/zzHList.t .................. ok
t/zzPhoto.t .................. ok
t/zzScrolled.t ............... ok
t/zzText.t ................... ok
t/zzTixGrid.t ................ ok

Test Summary Report
-------------------
t/canvas.t                 (Wstat: 0 Tests: 166 Failed: 0)
  TODO passed:   124
t/listbox.t                (Wstat: 0 Tests: 537 Failed: 0)
  TODO passed:   320-322, 328, 502
t/text.t                   (Wstat: 0 Tests: 415 Failed: 0)
  TODO passed:   121
t/wm-tcl.t                 (Wstat: 768 Tests: 315 Failed: 3)
  Failed tests:  71, 117, 242
  TODO passed:   86-87, 154-157, 164-165, 175-178, 221-224
                237-239, 264-265, 275-276, 280-283
  Non-zero exit status: 3
t/zzScrolled.t             (Wstat: 0 Tests: 94 Failed: 0)
  TODO passed:   52, 66, 80, 94
Files=74, Tests=4350, 51 wallclock secs ( 0.68 usr  0.07 sys + 13.12 cusr  1.13 csys = 15.00 CPU)
Result: FAIL
Failed 1/74 test programs. 3/4350 subtests failed.
Makefile:1662: recipe for target 'test_dynamic' failed
make: *** [test_dynamic] Error 255

------------------------------
PREREQUISITES
------------------------------

Prerequisite modules loaded:

requires:

    Module              Need Have        
    ------------------- ---- ------------
    Encode              0    2.67        
    Test::More          0    1.301001_079

build_requires:

    Module              Need Have        
    ------------------- ---- ------------
    ExtUtils::MakeMaker 0    7.04        

configure_requires:

    Module              Need Have        
    ------------------- ---- ------------
    ExtUtils::MakeMaker 0    7.04        


------------------------------
ENVIRONMENT AND OTHER CONTEXT
------------------------------

Environment variables:

    AUTOMATED_TESTING = 1
    LANG = en_US.UTF-8
    LANGUAGE = en_US:en
    PATH = /home/sand/bin:/usr/local/bin:/usr/bin:/bin:/usr/games:/usr/local/perl/bin:/usr/X11/bin:/sbin:/usr/sbin
    PERL5LIB = 
    PERL5OPT = 
    PERL5_CPANPLUS_IS_RUNNING = 29614
    PERL5_CPAN_IS_RUNNING = 29614
    PERL_MM_USE_DEFAULT = 1
    SHELL = /usr/bin/zsh
    TERM = screen

Perl special variables (and OS-specific diagnostics, for MSWin32):

    $^X = /home/sand/src/perl/repoperls/installed-perls/perl/v5.21.6-341-gf92b363/165a/bin/perl
    $UID/$EUID = 1005 / 1005
    $GID = 1005 1005
    $EGID = 1005 1005

Perl module toolchain versions installed:

    Module              Have        
    ------------------- ------------
    CPAN                2.05        
    CPAN::Meta          2.143240    
    Cwd                 3.54        
    ExtUtils::CBuilder  0.280220    
    ExtUtils::Command   1.18        
    ExtUtils::Install   2.04        
    ExtUtils::MakeMaker 7.04        
    ExtUtils::Manifest  1.69        
    ExtUtils::ParseXS   3.27        
    File::Spec          3.53        
    JSON                2.90        
    JSON::PP            2.27300     
    Module::Build       0.4210      
    Module::Signature   0.73        
    Parse::CPAN::Meta   1.4414      
    Test::Harness       3.34        
    Test::More          1.301001_079
    YAML                1.13        
    YAML::Syck          1.27        
    version             0.9909      


--

Summary of my perl5 (revision 5 version 21 subversion 7) configuration:
  Commit id: f92b363c5ef857af79f37cf444e4d94e2b283129
  Platform:
    osname=linux, osvers=3.16.0-4-amd64, archname=x86_64-linux
    uname='linux k83 3.16.0-4-amd64 #1 smp debian 3.16.7-2 (2014-11-06) x86_64 gnulinux '
    config_args='-Dprefix=/home/sand/src/perl/repoperls/installed-perls/perl/v5.21.6-341-gf92b363/165a -Dmyhostname=k83 -Dinstallusrbinperl=n -Uversiononly -Dusedevel -des -Ui_db -Uuseithreads -Uuselongdouble -DDEBUGGING=-g'
    hint=recommended, useposix=true, d_sigaction=define
    useithreads=undef, usemultiplicity=undef
    use64bitint=define, use64bitall=define, uselongdouble=undef
    usemymalloc=n, bincompat5005=undef
  Compiler:
    cc='cc', ccflags ='-fwrapv -fno-strict-aliasing -pipe -fstack-protector-strong -I/usr/local/include -D_LARGEFILE_SOURCE -D_FILE_OFFSET_BITS=64 -D_FORTIFY_SOURCE=2',
    optimize='-O2 -g',
    cppflags='-fwrapv -fno-strict-aliasing -pipe -fstack-protector-strong -I/usr/local/include'
    ccversion='', gccversion='4.9.2', gccosandvers=''
    intsize=4, longsize=8, ptrsize=8, doublesize=8, byteorder=12345678, doublekind=3
    d_longlong=define, longlongsize=8, d_longdbl=define, longdblsize=16, longdblkind=3
    ivtype='long', ivsize=8, nvtype='double', nvsize=8, Off_t='off_t', lseeksize=8
    alignbytes=8, prototype=define
  Linker and Libraries:
    ld='cc', ldflags =' -fstack-protector-strong -L/usr/local/lib'
    libpth=/usr/local/lib /usr/lib/gcc/x86_64-linux-gnu/4.9/include-fixed /usr/include/x86_64-linux-gnu /usr/lib /lib/x86_64-linux-gnu /lib/../lib /usr/lib/x86_64-linux-gnu /usr/lib/../lib /lib
    libs=-lnsl -lgdbm -ldb -ldl -lm -lcrypt -lutil -lc -lgdbm_compat
    perllibs=-lnsl -ldl -lm -lcrypt -lutil -lc
    libc=libc-2.19.so, so=so, useshrplib=false, libperl=libperl.a
    gnulibc_version='2.19'
  Dynamic Linking:
    dlsrc=dl_dlopen.xs, dlext=so, d_dlsymun=undef, ccdlflags='-Wl,-E'
    cccdlflags='-fPIC', lddlflags='-shared -O2 -g -L/usr/local/lib -fstack-protector-strong'


Characteristics of this binary (from libperl): 
  Compile-time options: HAS_TIMES PERLIO_LAYERS PERL_DONT_CREATE_GVSV
                        PERL_HASH_FUNC_ONE_AT_A_TIME_HARD PERL_MALLOC_WRAP
                        PERL_NEW_COPY_ON_WRITE PERL_PRESERVE_IVUV
                        PERL_USE_DEVEL USE_64_BIT_ALL USE_64_BIT_INT
                        USE_LARGE_FILES USE_LOCALE USE_LOCALE_COLLATE
                        USE_LOCALE_CTYPE USE_LOCALE_NUMERIC USE_LOCALE_TIME
                        USE_PERLIO USE_PERL_ATOF
  Built under linux
  Compiled at Dec  7 2014 16:29:36
  %ENV:
    PERL5LIB=""
    PERL5OPT=""
    PERL5_CPANPLUS_IS_RUNNING="29614"
    PERL5_CPAN_IS_RUNNING="29614"
    PERL_MM_USE_DEFAULT="1"
  @INC:
    /home/sand/src/perl/repoperls/installed-perls/perl/v5.21.6-341-gf92b363/165a/lib/site_perl/5.21.7/x86_64-linux
    /home/sand/src/perl/repoperls/installed-perls/perl/v5.21.6-341-gf92b363/165a/lib/site_perl/5.21.7
    /home/sand/src/perl/repoperls/installed-perls/perl/v5.21.6-341-gf92b363/165a/lib/5.21.7/x86_64-linux
    /home/sand/src/perl/repoperls/installed-perls/perl/v5.21.6-341-gf92b363/165a/lib/5.21.7
    .