Report for Win32-GUI-1.08_07

Back
From: metabase:user:584401c8-6d34-1014-b28c-d4f4229b6c94
Subject: FAIL Win32-GUI-1.08_07 5.20.1 
Date: 2014-10-14T00:11:02Z

This distribution has been tested as part of the CPAN Testers
project, supporting the Perl programming language.  See
http://wiki.cpantesters.org/ for more information or email
questions to cpan-testers-discuss@perl.org


--
Dear kmx,

This is a computer-generated report for Win32-GUI-1.08_07
on perl 5.20.1, created by CPAN-Reporter-1.2011.

Thank you for uploading your work to CPAN.  However, there was a problem
testing your distribution.

If you think this report is invalid, please consult the CPAN Testers Wiki
for suggestions on how to avoid getting FAIL reports for missing library
or binary dependencies, unsupported operating systems, and so on:

http://wiki.cpantesters.org/wiki/CPANAuthorNotes

Sections of this report:

    * Tester comments
    * Program output
    * Prerequisites
    * Environment and other context

------------------------------
TESTER COMMENTS
------------------------------

Additional comments from tester:

this report is from an automated smoke testing program
and was not reviewed by a human for accuracy

------------------------------
PROGRAM OUTPUT
------------------------------

Output from 'C:\Smoker\5201x86\c\bin\dmake.exe test':

"C:\Smoker\5201x86\perl\bin\perl.exe" "C:\Smoker\5201x86\perl\lib\ExtUtils\xsubpp"  -typemap "C:\Smoker\5201x86\perl\lib\ExtUtils\typemap"  Constants.xs > Constants.xsc && "C:\Smoker\5201x86\perl\bin\perl.exe" -MExtUtils::Command -e mv -- Constants.xsc Constants.c
gcc -c   	-Wno-write-strings -s -O2 	  -DVERSION=\"0.04\" 	-DXS_VERSION=\"0.04\"  "-IC:\Smoker\5201x86\perl\lib\CORE"   Constants.c
dlltool --def Constants.def --output-exp dll.exp
g++.exe -o ..\blib\arch\auto\Win32\GUI\Constants\Constants.xs.dll -Wl,--base-file -Wl,dll.base -mdll -s -L"C:\Smoker\5201x86\perl\lib\CORE" -L"C:\Smoker\5201x86\c\lib" Constants.o Constants.res   "C:\Smoker\5201x86\perl\lib\CORE\libperl520.a" -lmoldname -lkernel32 -luser32 -lgdi32 -lwinspool -lcomdlg32 -ladvapi32 -lshell32 -lole32 -loleaut32 -lnetapi32 -luuid -lws2_32 -lmpr -lwinmm -lversion -lodbc32 -lodbccp32 -lcomctl32 dll.exp
dlltool --def Constants.def --base-file dll.base --output-exp dll.exp
g++.exe -o ..\blib\arch\auto\Win32\GUI\Constants\Constants.xs.dll -mdll -s -L"C:\Smoker\5201x86\perl\lib\CORE" -L"C:\Smoker\5201x86\c\lib" Constants.o Constants.res   "C:\Smoker\5201x86\perl\lib\CORE\libperl520.a" -lmoldname -lkernel32 -luser32 -lgdi32 -lwinspool -lcomdlg32 -ladvapi32 -lshell32 -lole32 -loleaut32 -lnetapi32 -luuid -lws2_32 -lmpr -lwinmm -lversion -lodbc32 -lodbccp32 -lcomctl32 dll.exp 
"C:\Smoker\5201x86\perl\bin\perl.exe" -MExtUtils::Command -e chmod -- 755 ..\blib\arch\auto\Win32\GUI\Constants\Constants.xs.dll
dmake:  Warning: -- Found file corresponding to virtual target [phash.def].
"C:\Smoker\5201x86\perl\bin\perl.exe" "-MExtUtils::Command::MM" "-MTest::Harness" "-e" "undef *Test::Harness::Switches; test_harness(0, 'blib\lib', 'blib\arch')" t/*.t
t/01_basic.t ....................... ok
Use of uninitialized value in subroutine entry at t/02_background.t line 85.
t/02_background.t .................. ok
t/02_constants.t ................... ok
t/02_window.t ...................... ok
t/03_button.t ...................... ok
t/04_cov.t ......................... ok

#   Failed test 'Accelerator handle stored in parent'
#   at t/05_AcceleratorTable.t line 35.
#          got: '-2039152397'
#     expected: '2255814899'
# Looks like you failed 1 test of 4.
t/05_AcceleratorTable.t ............ 
Dubious, test returned 1 (wstat 256, 0x100)
Failed 1/4 subtests 
t/05_Menu.t ........................ ok
t/05_NotifyIcon_01_Constructor.t ... ok
t/05_NotifyIcon_02_Change.t ........ ok
t/05_NotifyIcon_03_OtherMethods.t .. ok
t/05_NotifyIcon_04_Remove.t ........ ok
t/05_NotifyIcon_05_DESTROY.t ....... ok
t/05_Timer_01_OEM.t ................ ok
t/05_Timer_02_NEM.t ................ ok
t/05_Timer_03_Interval.t ........... ok
t/05_Timer_04_Kill.t ............... ok
t/05_Timer_05_DESTROY.t ............ ok
t/06_Cursor.t ...................... ok
t/06_Icon.t ........................ ok
t/50_Font_GetMetrics.t ............. ok
t/50_Richedit_GetCharFormat.t ...... ok
t/97_Version.t ..................... ok
t/98_Pod.t ......................... skipped: set TEST_POD to enable this test
t/99_pod_coverage.t ................ skipped: set TEST_POD to enable this test

Test Summary Report
-------------------
t/05_AcceleratorTable.t          (Wstat: 256 Tests: 4 Failed: 1)
  Failed test:  3
  Non-zero exit status: 1
Files=25, Tests=335, 20 wallclock secs ( 0.34 usr +  0.13 sys =  0.47 CPU)
Result: FAIL
Failed 1/25 test programs. 1/335 subtests failed.
dmake.exe:  Error code 255, while making 'test_dynamic'

------------------------------
PREREQUISITES
------------------------------

Prerequisite modules loaded:

requires:

    Module              Need Have        
    ------------------- ---- ------------
    Test::More          0    1.301001_056

build_requires:

    Module              Need Have        
    ------------------- ---- ------------
    ExtUtils::MakeMaker 0    6.99_17     

configure_requires:

    Module              Need Have        
    ------------------- ---- ------------
    ExtUtils::MakeMaker 0    6.99_17     


------------------------------
ENVIRONMENT AND OTHER CONTEXT
------------------------------

Environment variables:

    AUTOMATED_TESTING = 1
    COMSPEC = C:\Windows\system32\cmd.exe
    NUMBER_OF_PROCESSORS = 4
    PATH = C:\Windows\system32;C:\Windows;C:\Windows\System32\Wbem;C:\Smoker\5201x86\perl\site\bin;C:\Smoker\5201x86\perl\bin;C:\Smoker\5201x86\c\bin;c:\orainstant32
    PERL5LIB = 
    PERL5OPT = 
    PERL5_CPANPLUS_IS_RUNNING = 2812
    PERL5_CPAN_IS_RUNNING = 2812
    PERL5_CPAN_IS_RUNNING_IN_RECURSION = 2516,2812
    PERL_CR_SMOKER_CURRENT = Win32-GUI-1.08_07
    PERL_EXTUTILS_AUTOINSTALL = --defaultdeps
    PERL_MM_USE_DEFAULT = 1
    PROCESSOR_IDENTIFIER = Intel64 Family 6 Model 13 Stepping 3, GenuineIntel
    TEMP = C:\Users\smoker\AppData\Local\Temp\3

Perl special variables (and OS-specific diagnostics, for MSWin32):

    $^X = C:\Smoker\5201x86\perl\bin\perl.exe
    $UID/$EUID = 0 / 0
    $GID = 0
    $EGID = 0
    Win32::GetOSName = Win2012
    Win32::GetOSVersion = , 6, 2, 9200, 2, 0, 0, 400, 3
    Win32::FsType = NTFS
    Win32::IsAdminUser = 0

Perl module toolchain versions installed:

    Module              Have        
    ------------------- ------------
    CPAN                2.05        
    CPAN::Meta          2.142690    
    Cwd                 3.48        
    ExtUtils::CBuilder  0.280220    
    ExtUtils::Command   1.18        
    ExtUtils::Install   2.04        
    ExtUtils::MakeMaker 6.99_17     
    ExtUtils::Manifest  1.68        
    ExtUtils::ParseXS   3.24        
    File::Spec          3.48        
    JSON                2.90        
    JSON::PP            2.27203     
    Module::Build       0.4210      
    Module::Signature   0.73        
    Parse::CPAN::Meta   1.4414      
    Test::Harness       3.33        
    Test::More          1.301001_056
    YAML                1.11        
    YAML::Syck          1.27        
    version             0.9909      


--

Summary of my perl5 (revision 5 version 20 subversion 1) configuration:
   
  Platform:
    osname=MSWin32, osvers=6.3, archname=MSWin32-x86-multi-thread-64int
    uname='Win32 strawberry-perl 5.20.1.1 #1 Mon Sep 15 18:25:23 2014 i386'
    config_args='undef'
    hint=recommended, useposix=true, d_sigaction=undef
    useithreads=define, usemultiplicity=define
    use64bitint=define, use64bitall=undef, uselongdouble=undef
    usemymalloc=n, bincompat5005=undef
  Compiler:
    cc='gcc', ccflags =' -s -O2 -DWIN32  -DPERL_TEXTMODE_SCRIPTS -DPERL_IMPLICIT_CONTEXT -DPERL_IMPLICIT_SYS -DUSE_PERLIO -fwrapv -fno-strict-aliasing -mms-bitfields',
    optimize='-s -O2',
    cppflags='-DWIN32'
    ccversion='', gccversion='4.8.3', gccosandvers=''
    intsize=4, longsize=4, ptrsize=4, doublesize=8, byteorder=12345678
    d_longlong=define, longlongsize=8, d_longdbl=define, longdblsize=12
    ivtype='long long', ivsize=8, nvtype='double', nvsize=8, Off_t='long long', lseeksize=8
    alignbytes=8, prototype=define
  Linker and Libraries:
    ld='g++.exe', ldflags ='-s -L"C:\Smoker\5201x86\perl\lib\CORE" -L"C:\Smoker\5201x86\c\lib"'
    libpth=C:\Smoker\5201x86\c\lib C:\Smoker\5201x86\c\i686-w64-mingw32\lib C:\Smoker\5201x86\c\lib\gcc\i686-w64-mingw32\4.8.3
    libs=-lmoldname -lkernel32 -luser32 -lgdi32 -lwinspool -lcomdlg32 -ladvapi32 -lshell32 -lole32 -loleaut32 -lnetapi32 -luuid -lws2_32 -lmpr -lwinmm -lversion -lodbc32 -lodbccp32 -lcomctl32
    perllibs=-lmoldname -lkernel32 -luser32 -lgdi32 -lwinspool -lcomdlg32 -ladvapi32 -lshell32 -lole32 -loleaut32 -lnetapi32 -luuid -lws2_32 -lmpr -lwinmm -lversion -lodbc32 -lodbccp32 -lcomctl32
    libc=, so=dll, useshrplib=true, libperl=libperl520.a
    gnulibc_version=''
  Dynamic Linking:
    dlsrc=dl_win32.xs, dlext=xs.dll, d_dlsymun=undef, ccdlflags=' '
    cccdlflags=' ', lddlflags='-mdll -s -L"C:\Smoker\5201x86\perl\lib\CORE" -L"C:\Smoker\5201x86\c\lib"'


Characteristics of this binary (from libperl): 
  Compile-time options: HAS_TIMES HAVE_INTERP_INTERN MULTIPLICITY
                        PERLIO_LAYERS PERL_DONT_CREATE_GVSV
                        PERL_HASH_FUNC_ONE_AT_A_TIME_HARD
                        PERL_IMPLICIT_CONTEXT PERL_IMPLICIT_SYS
                        PERL_MALLOC_WRAP PERL_NEW_COPY_ON_WRITE
                        PERL_PRESERVE_IVUV USE_64_BIT_INT USE_ITHREADS
                        USE_LARGE_FILES USE_LOCALE USE_LOCALE_COLLATE
                        USE_LOCALE_CTYPE USE_LOCALE_NUMERIC USE_PERLIO
                        USE_PERL_ATOF
  Built under MSWin32
  Compiled at Sep 15 2014 18:29:20
  %ENV:
    PERL5_CPANPLUS_IS_RUNNING="2812"
    PERL5_CPAN_IS_RUNNING="2812"
    PERL5_CPAN_IS_RUNNING_IN_RECURSION="2516,2812"
    PERL_CR_SMOKER_CURRENT="Win32-GUI-1.08_07"
    PERL_EXTUTILS_AUTOINSTALL="--defaultdeps"
    PERL_MM_USE_DEFAULT="1"
  @INC:
    C:/Smoker/5201x86/perl/site/lib/MSWin32-x86-multi-thread-64int
    C:/Smoker/5201x86/perl/site/lib
    C:/Smoker/5201x86/perl/vendor/lib
    C:/Smoker/5201x86/perl/lib
    .