Report for XAO-Web-1.72

Back
From: metabase:user:31d414ea-2aae-11df-837a-5e0a49663a4f
Subject: FAIL XAO-Web-1.72 5.12.5 GNU/Linux
Date: 2018-10-23T15:12:08Z

This distribution has been tested as part of the CPAN Testers
project, supporting the Perl programming language.  See
http://wiki.cpantesters.org/ for more information or email
questions to cpan-testers-discuss@perl.org


--
Dear Andrew Maltsev,

This is a computer-generated report for XAO-Web-1.72
on perl 5.12.5, created by CPAN-Reporter-1.2018.

Thank you for uploading your work to CPAN.  However, there was a problem
testing your distribution.

If you think this report is invalid, please consult the CPAN Testers Wiki
for suggestions on how to avoid getting FAIL reports for missing library
or binary dependencies, unsupported operating systems, and so on:

http://wiki.cpantesters.org/wiki/CPANAuthorNotes

Sections of this report:

    * Tester comments
    * Program output
    * Prerequisites
    * Environment and other context

------------------------------
TESTER COMMENTS
------------------------------

Additional comments from tester:

this report is from an automated smoke testing program
and was not reviewed by a human for accuracy

------------------------------
PROGRAM OUTPUT
------------------------------

Output from '/usr/bin/make test':

make[1]: Entering directory '/home/david/cpantesting/perl-5.12.5/.cpan/build/XAO-Web-1.72-Y5RdpB/PageSupport'
"/home/david/cpantesting/perl-5.12.5/bin/perl" -MExtUtils::Command::MM -e 'cp_nonempty' -- PageSupport.bs ../blib/arch/auto/XAO/PageSupport/PageSupport.bs 644
Manifying 1 pod document
make[1]: Leaving directory '/home/david/cpantesting/perl-5.12.5/.cpan/build/XAO-Web-1.72-Y5RdpB/PageSupport'
make[1]: Entering directory '/home/david/cpantesting/perl-5.12.5/.cpan/build/XAO-Web-1.72-Y5RdpB/PageSupport'
"/home/david/cpantesting/perl-5.12.5/bin/perl" -MExtUtils::Command::MM -e 'cp_nonempty' -- PageSupport.bs ../blib/arch/auto/XAO/PageSupport/PageSupport.bs 644
No tests defined for XAO::PageSupport extension.
make[1]: Leaving directory '/home/david/cpantesting/perl-5.12.5/.cpan/build/XAO-Web-1.72-Y5RdpB/PageSupport'
PERL_DL_NONLAZY=1 "/home/david/cpantesting/perl-5.12.5/bin/perl" "-Iblib/lib" "-Iblib/arch" test.pl
===========================================================
If you see that a test failed, please run it as follows:

   perl t/failed_test_name.pl

Send the output to the module author along with your perl
version and a note of what you think might be the reason.
-----------------------------------------------------------
t/WebDebug.xt ......... ok
t/WebCgiParam.xt ...... ok
t/Web.xt .............. ok
t/WebAction.xt ........ ok
t/WebTextTable.xt ..... ok
t/WebMath.xt .......... ok
t/WebCondition.xt ..... ok
t/WebUtility.xt ....... ok
t/WebSetArg.xt ........ ok
t/WebFS.xt ............ skipped: (no reason given)
t/Templates.xt ........ ok

Perl extension Data::Compare is not available,
skipping XAO::PageSupport::parse tests
t/PageSupport.xt ...... ok
t/WebClipboard.xt ..... ok
t/Page.xt ............. ok
t/WebIdentifyUser.xt .. skipped: (no reason given)
t/WebMailer.xt ........ ok
# t/testcases/Web/WebBenchmark.pm:144 - testcases::Web::WebBenchmark(test_all)
# Boolean assertion failed
# Expected to render into '5|(test:1:1:0)(p:/bits/complex-template:30:1:0)(p:/bits/test-recurring:20:1:0)(p:/bits/test-non-cacheable:10:0:0)(p:/bits/system-test:10:1:1)|5', got '5|(test:1:1:0)(p:/bits/complex-template:30:1:0)(p:/bits/test-non-cacheable:10:0:0)(p:/bits/test-recurring:20:1:0)(p:/bits/system-test:10:1:1)|5'
#  at t/testcases/Web/WebBenchmark.pm line 144.
# 	testcases::Web::WebBenchmark::test_all(testcases::Web::WebBenchmark=HASH(0x14e7290)) called at /home/david/cpantesting/perl-5.12.5/lib/site_perl/5.12.5/Test/Unit/Lite.pm line 602
# 	eval {...} called at /home/david/cpantesting/perl-5.12.5/lib/site_perl/5.12.5/Test/Unit/Lite.pm line 601
# 	Test::Unit::TestSuite::run(Test::Unit::TestSuite=HASH(0x14e7038), Test::Unit::Result=HASH(0x14ded48), Test::Unit::HarnessUnit=HASH(0x126bf60)) called at /home/david/cpantesting/perl-5.12.5/lib/site_perl/5.12.5/Test/Unit/Lite.pm line 750
# 	Test::Unit::TestRunner::start(Test::Unit::HarnessUnit=HASH(0x126bf60), "testcases::Web::WebBenchmark") called at t/WebBenchmark.xt line 10
t/WebBenchmark.xt ..... 
Failed 1/1 subtests 
t/WebURL.xt ........... ok
t/WebFilloutForm.xt ... ok
t/WebCookie.xt ........ ok
t/WebConfig.xt ........ ok
t/WebStyler.xt ........ ok

Test Summary Report
-------------------
t/WebBenchmark.xt   (Wstat: 0 Tests: 1 Failed: 1)
  Failed test:  1
Files=22, Tests=37, 13 wallclock secs ( 0.06 usr  0.08 sys +  1.68 cusr  0.38 csys =  2.20 CPU)
Result: FAIL
Failed 1/22 test programs. 1/37 subtests failed.
Makefile:1103: recipe for target 'test_dynamic' failed
make: *** [test_dynamic] Error 255

------------------------------
PREREQUISITES
------------------------------

Prerequisite modules loaded:

requires:

    Module                    Need     Have    
    ------------------------- -------- --------
    Authen::SASL::SASLprep    1.1      1.100   
    CGI                       4.14     4.40    
    CGI::Cookie               4.14     4.40    
    CGI::PSGI                 0.15     0.15    
    Crypt::Rijndael           1.13     1.13    
    Data::Entropy::Algorithms 0.007    0.007   
    Digest::Bcrypt            1.203    1.209   
    Digest::MD5               2.13     2.39    
    Digest::SHA               5.63     6.02    
    Encode                    2.93     2.98    
    Error                     0.15     0.17026 
    HTML::Entities            3.69     3.69    
    HTTP::Response            6.04     6.18    
    JSON                      2.26     2.97001 
    MIME::Base64              3.14     3.15    
    MIME::Lite                2.117    3.030   
    perl                      5.010001 5.012005
    POSIX                     1.16     1.19    
    Text::FormatTable         0.01     1.03    
    Time::HiRes               1.9719   1.9719  
    Unicode::Normalize        1.18     1.25    
    XAO::Base                 1.22     1.22    
    XAO::FS                   1.21     1.22    

build_requires:

    Module                    Need     Have    
    ------------------------- -------- --------
    ExtUtils::MakeMaker       0        7.34    
    XAO::Base                 1.22     1.22    

configure_requires:

    Module                    Need     Have    
    ------------------------- -------- --------
    ExtUtils::MakeMaker       6.64     7.34    
    XAO::Base                 1.22     1.22    


------------------------------
ENVIRONMENT AND OTHER CONTEXT
------------------------------

Environment variables:

    AUTOMATED_TESTING = 1
    NONINTERACTIVE_TESTING = 1
    PATH = /usr/local/bin:/usr/bin:/bin:/usr/local/games:/usr/games
    PERL = 5.12.5
    PERL5LIB = 
    PERL5OPT = 
    PERL5_CPANPLUS_IS_RUNNING = 27315
    PERL5_CPAN_IS_RUNNING = 27315
    PERLVER = 5.12.5
    PERL_INLINE_DIRECTORY = /home/david/.Inline-5.12.5
    PERL_MM_USE_DEFAULT = 1
    PERL_USE_UNSAFE_INC = 0
    SHELL = /bin/bash
    TERM = screen

Perl special variables (and OS-specific diagnostics, for MSWin32):

    $^X = /home/david/cpantesting/perl-5.12.5/bin/perl
    $UID/$EUID = 1000 / 1000
    $GID = 1000 1000
    $EGID = 1000 1000

Perl module toolchain versions installed:

    Module              Have    
    ------------------- --------
    CPAN                1.94_56 
    CPAN::Meta          2.150010
    Cwd                 3.31    
    ExtUtils::CBuilder  0.27    
    ExtUtils::Command   7.34    
    ExtUtils::Install   2.06    
    ExtUtils::MakeMaker 7.34    
    ExtUtils::Manifest  1.70    
    ExtUtils::ParseXS   2.21    
    File::Spec          3.31_01 
    JSON                2.97001 
    JSON::PP            2.27400 
    Module::Build       0.4224  
    Module::Signature   n/a     
    Parse::CPAN::Meta   2.150010
    Test::Harness       3.42    
    Test::More          1.302059
    YAML                1.18    
    YAML::Syck          n/a     
    version             0.9917  


--

Summary of my perl5 (revision 5 version 12 subversion 5) configuration:
   
  Platform:
    osname=linux, osvers=3.16.0-4-amd64, archname=x86_64-linux-thread-multi
    uname='linux pigsty.barnyard.co.uk 3.16.0-4-amd64 #1 smp debian 3.16.36-1+deb8u1 (2016-09-03) x86_64 gnulinux '
    config_args='-de -Duse64bitall -Dusethreads -Dprefix=/home/david/cpantesting/perl-5.12.5'
    hint=recommended, useposix=true, d_sigaction=define
    useithreads=define, usemultiplicity=define
    useperlio=define, d_sfio=undef, uselargefiles=define, usesocks=undef
    use64bitint=define, use64bitall=define, uselongdouble=undef
    usemymalloc=n, bincompat5005=undef
  Compiler:
    cc='cc', ccflags ='-D_REENTRANT -D_GNU_SOURCE -fno-strict-aliasing -pipe -fstack-protector -I/usr/local/include -D_LARGEFILE_SOURCE -D_FILE_OFFSET_BITS=64',
    optimize='-O2',
    cppflags='-D_REENTRANT -D_GNU_SOURCE -fno-strict-aliasing -pipe -fstack-protector -I/usr/local/include'
    ccversion='', gccversion='4.9.2', gccosandvers=''
    intsize=4, longsize=8, ptrsize=8, doublesize=8, byteorder=12345678
    d_longlong=define, longlongsize=8, d_longdbl=define, longdblsize=16
    ivtype='long', ivsize=8, nvtype='double', nvsize=8, Off_t='off_t', lseeksize=8
    alignbytes=8, prototype=define
  Linker and Libraries:
    ld='cc', ldflags =' -fstack-protector -L/usr/local/lib'
    libpth=/usr/local/lib /lib/x86_64-linux-gnu /lib/../lib /usr/lib/x86_64-linux-gnu /usr/lib/../lib /lib /usr/lib
    libs=-lnsl -ldb -ldl -lm -lcrypt -lutil -lpthread -lc
    perllibs=-lnsl -ldl -lm -lcrypt -lutil -lpthread -lc
    libc=libc-2.19.so, so=so, useshrplib=false, libperl=libperl.a
    gnulibc_version='2.19'
  Dynamic Linking:
    dlsrc=dl_dlopen.xs, dlext=so, d_dlsymun=undef, ccdlflags='-Wl,-E'
    cccdlflags='-fPIC', lddlflags='-shared -O2 -L/usr/local/lib -fstack-protector'


Characteristics of this binary (from libperl): 
  Compile-time options: MULTIPLICITY PERL_DONT_CREATE_GVSV
                        PERL_IMPLICIT_CONTEXT PERL_MALLOC_WRAP USE_64_BIT_ALL
                        USE_64_BIT_INT USE_ITHREADS USE_LARGE_FILES
                        USE_PERLIO USE_PERL_ATOF USE_REENTRANT_API
  Locally applied patches:
	Devel::PatchPerl 1.44
  Built under linux
  Compiled at Oct 12 2016 15:07:50
  %ENV:
    PERL="5.12.5"
    PERL5LIB=""
    PERL5OPT=""
    PERL5_CPANPLUS_IS_RUNNING="27315"
    PERL5_CPAN_IS_RUNNING="27315"
    PERLVER="5.12.5"
    PERL_INLINE_DIRECTORY="/home/david/.Inline-5.12.5"
    PERL_MM_USE_DEFAULT="1"
    PERL_USE_UNSAFE_INC="0"
  @INC:
    /home/david/cpantesting/perl-5.12.5/lib/site_perl/5.12.5/x86_64-linux-thread-multi
    /home/david/cpantesting/perl-5.12.5/lib/site_perl/5.12.5
    /home/david/cpantesting/perl-5.12.5/lib/5.12.5/x86_64-linux-thread-multi
    /home/david/cpantesting/perl-5.12.5/lib/5.12.5
    .