Report for Net-Statsd-Server-0.09

Back
From: metabase:user:320bfe00-2aae-11df-837a-5e0a49663a4f
Subject: FAIL Net-Statsd-Server-0.09 5.12.5 GNU/Linux
Date: 2013-01-29T16:57:48Z

This distribution has been tested as part of the CPAN Testers
project, supporting the Perl programming language.  See
http://wiki.cpantesters.org/ for more information or email
questions to cpan-testers-discuss@perl.org


--
Dear Cosimo Streppone,

This is a computer-generated report for Net-Statsd-Server-0.09
on perl 5.12.5, created by CPAN-Reporter-1.2009.

Thank you for uploading your work to CPAN.  However, there was a problem
testing your distribution.

If you think this report is invalid, please consult the CPAN Testers Wiki
for suggestions on how to avoid getting FAIL reports for missing library
or binary dependencies, unsupported operating systems, and so on:

http://wiki.cpantesters.org/wiki/CPANAuthorNotes

Sections of this report:

    * Tester comments
    * Program output
    * Prerequisites
    * Environment and other context

------------------------------
TESTER COMMENTS
------------------------------

Additional comments from tester:

this report is from an automated smoke testing program
and was not reviewed by a human for accuracy

------------------------------
PROGRAM OUTPUT
------------------------------

Output from '/usr/bin/make test':

PERL_DL_NONLAZY=1 /home/sand/src/perl/repoperls/installed-perls/perl/v5.12.5/165a/bin/perl "-MExtUtils::Command::MM" "-e" "test_harness(0, 'blib/lib', 'blib/arch')" t/*.t t/integration-tests/*.t
t/000-sanity.t .......................... ok
t/graphite.t ............................ ok
Can't locate JSON/XS.pm in @INC (@INC contains: /tmp/loop_over_bdir-14605-i7Ktsd/Net-Statsd-Server-0.09-OZhRT2/bin/../lib /tmp/loop_over_bdir-14605-i7Ktsd/Net-Statsd-Server-0.09-OZhRT2/blib/lib /tmp/loop_over_bdir-14605-i7Ktsd/Net-Statsd-Server-0.09-OZhRT2/blib/arch /etc/perl /usr/local/lib/perl/5.14.2 /usr/local/share/perl/5.14.2 /usr/lib/perl5 /usr/share/perl5 /usr/lib/perl/5.14 /usr/share/perl/5.14 /usr/local/lib/site_perl .) at /tmp/loop_over_bdir-14605-i7Ktsd/Net-Statsd-Server-0.09-OZhRT2/bin/../lib/Net/Statsd/Server.pm line 10.
BEGIN failed--compilation aborted at /tmp/loop_over_bdir-14605-i7Ktsd/Net-Statsd-Server-0.09-OZhRT2/bin/../lib/Net/Statsd/Server.pm line 10.
Compilation failed in require at /tmp/loop_over_bdir-14605-i7Ktsd/Net-Statsd-Server-0.09-OZhRT2/t/integration-tests/../../bin/statsd line 38.
BEGIN failed--compilation aborted at /tmp/loop_over_bdir-14605-i7Ktsd/Net-Statsd-Server-0.09-OZhRT2/t/integration-tests/../../bin/statsd line 38.
bind: Address already in use at /tmp/loop_over_bdir-14605-i7Ktsd/Net-Statsd-Server-0.09-OZhRT2/blib/lib/Test/Statsd.pm line 53.
t/integration-tests/bad-message.t ....... 
Dubious, test returned 98 (wstat 25088, 0x6200)
No subtests run 
Can't locate JSON/XS.pm in @INC (@INC contains: /tmp/loop_over_bdir-14605-i7Ktsd/Net-Statsd-Server-0.09-OZhRT2/bin/../lib /tmp/loop_over_bdir-14605-i7Ktsd/Net-Statsd-Server-0.09-OZhRT2/blib/lib /tmp/loop_over_bdir-14605-i7Ktsd/Net-Statsd-Server-0.09-OZhRT2/blib/arch /etc/perl /usr/local/lib/perl/5.14.2 /usr/local/share/perl/5.14.2 /usr/lib/perl5 /usr/share/perl5 /usr/lib/perl/5.14 /usr/share/perl/5.14 /usr/local/lib/site_perl .) at /tmp/loop_over_bdir-14605-i7Ktsd/Net-Statsd-Server-0.09-OZhRT2/bin/../lib/Net/Statsd/Server.pm line 10.
BEGIN failed--compilation aborted at /tmp/loop_over_bdir-14605-i7Ktsd/Net-Statsd-Server-0.09-OZhRT2/bin/../lib/Net/Statsd/Server.pm line 10.
Compilation failed in require at /tmp/loop_over_bdir-14605-i7Ktsd/Net-Statsd-Server-0.09-OZhRT2/t/integration-tests/../../bin/statsd line 38.
BEGIN failed--compilation aborted at /tmp/loop_over_bdir-14605-i7Ktsd/Net-Statsd-Server-0.09-OZhRT2/t/integration-tests/../../bin/statsd line 38.
bind: Address already in use at /tmp/loop_over_bdir-14605-i7Ktsd/Net-Statsd-Server-0.09-OZhRT2/blib/lib/Test/Statsd.pm line 53.
# Looks like your test exited with 98 before it could output anything.
t/integration-tests/counts-are-valid.t .. 
Dubious, test returned 98 (wstat 25088, 0x6200)
Failed 4/4 subtests 
Can't locate JSON/XS.pm in @INC (@INC contains: /tmp/loop_over_bdir-14605-i7Ktsd/Net-Statsd-Server-0.09-OZhRT2/bin/../lib /tmp/loop_over_bdir-14605-i7Ktsd/Net-Statsd-Server-0.09-OZhRT2/blib/lib /tmp/loop_over_bdir-14605-i7Ktsd/Net-Statsd-Server-0.09-OZhRT2/blib/arch /etc/perl /usr/local/lib/perl/5.14.2 /usr/local/share/perl/5.14.2 /usr/lib/perl5 /usr/share/perl5 /usr/lib/perl/5.14 /usr/share/perl/5.14 /usr/local/lib/site_perl .) at /tmp/loop_over_bdir-14605-i7Ktsd/Net-Statsd-Server-0.09-OZhRT2/bin/../lib/Net/Statsd/Server.pm line 10.
BEGIN failed--compilation aborted at /tmp/loop_over_bdir-14605-i7Ktsd/Net-Statsd-Server-0.09-OZhRT2/bin/../lib/Net/Statsd/Server.pm line 10.
Compilation failed in require at /tmp/loop_over_bdir-14605-i7Ktsd/Net-Statsd-Server-0.09-OZhRT2/t/integration-tests/../../bin/statsd line 38.
BEGIN failed--compilation aborted at /tmp/loop_over_bdir-14605-i7Ktsd/Net-Statsd-Server-0.09-OZhRT2/t/integration-tests/../../bin/statsd line 38.
bind: Address already in use at /tmp/loop_over_bdir-14605-i7Ktsd/Net-Statsd-Server-0.09-OZhRT2/blib/lib/Test/Statsd.pm line 53.
# Looks like your test exited with 98 before it could output anything.
t/integration-tests/timers-are-valid.t .. 
Dubious, test returned 98 (wstat 25088, 0x6200)
Failed 3/3 subtests 
t/process-metrics.t ..................... ok

Test Summary Report
-------------------
t/integration-tests/bad-message.t     (Wstat: 25088 Tests: 0 Failed: 0)
  Non-zero exit status: 98
  Parse errors: No plan found in TAP output
t/integration-tests/counts-are-valid.t (Wstat: 25088 Tests: 0 Failed: 0)
  Non-zero exit status: 98
  Parse errors: Bad plan.  You planned 4 tests but ran 0.
t/integration-tests/timers-are-valid.t (Wstat: 25088 Tests: 0 Failed: 0)
  Non-zero exit status: 98
  Parse errors: Bad plan.  You planned 3 tests but ran 0.
Files=6, Tests=37,  0 wallclock secs ( 0.04 usr  0.01 sys +  0.29 cusr  0.05 csys =  0.39 CPU)
Result: FAIL
Failed 3/6 test programs. 0/37 subtests failed.
make: *** [test_dynamic] Error 255

------------------------------
PREREQUISITES
------------------------------

Prerequisite modules loaded:

requires:

    Module                Need Have 
    --------------------- ---- -----
    AnyEvent::Handle::UDP 0    0.039
    IO::Socket::INET      0    1.31 
    JSON::XS              0    2.33 

build_requires:

    Module                Need Have 
    --------------------- ---- -----
    ExtUtils::MakeMaker   0    6.64 

configure_requires:

    Module                Need Have 
    --------------------- ---- -----
    ExtUtils::MakeMaker   0    6.64 


------------------------------
ENVIRONMENT AND OTHER CONTEXT
------------------------------

Environment variables:

    AUTOMATED_TESTING = 1
    LANG = en_US.UTF-8
    LANGUAGE = en_US:en
    PATH = /usr/lib/ccache:/home/sand/bin:/usr/local/bin:/usr/bin:/bin:/usr/bin/X11:/usr/games:/usr/local/perl/bin:/usr/X11/bin:/sbin:/usr/sbin
    PERL5LIB = 
    PERL5OPT = 
    PERL5_CPANPLUS_IS_RUNNING = 14606
    PERL5_CPAN_IS_RUNNING = 14606
    PERL_MM_USE_DEFAULT = 1
    SHELL = /usr/bin/zsh
    TERM = screen

Perl special variables (and OS-specific diagnostics, for MSWin32):

    $^X = /home/sand/src/perl/repoperls/installed-perls/perl/v5.12.5/165a/bin/perl
    $UID/$EUID = 1005 / 1005
    $GID = 1005 1005
    $EGID = 1005 1005

Perl module toolchain versions installed:

    Module              Have    
    ------------------- --------
    CPAN                1.99_51 
    CPAN::Meta          2.120921
    Cwd                 3.40    
    ExtUtils::CBuilder  0.280205
    ExtUtils::Command   1.16    
    ExtUtils::Install   1.55    
    ExtUtils::MakeMaker 6.64    
    ExtUtils::Manifest  1.60    
    ExtUtils::ParseXS   3.18    
    File::Spec          3.40    
    JSON                2.53    
    JSON::PP            2.27200 
    Module::Build       0.4003  
    Module::Signature   0.70    
    Parse::CPAN::Meta   1.4404  
    Test::Harness       3.25    
    Test::More          0.98    
    YAML                0.84    
    YAML::Syck          1.22    
    version             0.9901  


--

Summary of my perl5 (revision 5 version 12 subversion 5) configuration:
  Commit id: 9a9cbd715960a905dcbc9166349a73a64a007e4e
  Platform:
    osname=linux, osvers=3.2.0-4-amd64, archname=x86_64-linux
    uname='linux k83 3.2.0-4-amd64 #1 smp debian 3.2.35-2 x86_64 gnulinux '
    config_args='-Dprefix=/home/src/perl/repoperls/installed-perls/perl/v5.12.5/165a -Dmyhostname=k83 -Dinstallusrbinperl=n -Uversiononly -Dusedevel -des -Ui_db -Uuseithreads -Uuselongdouble -DDEBUGGING=-g'
    hint=recommended, useposix=true, d_sigaction=define
    useithreads=undef, usemultiplicity=undef
    useperlio=define, d_sfio=undef, uselargefiles=define, usesocks=undef
    use64bitint=define, use64bitall=define, uselongdouble=undef
    usemymalloc=n, bincompat5005=undef
  Compiler:
    cc='cc', ccflags ='-fno-strict-aliasing -pipe -fstack-protector -I/usr/local/include -D_LARGEFILE_SOURCE -D_FILE_OFFSET_BITS=64',
    optimize='-O2 -g',
    cppflags='-fno-strict-aliasing -pipe -fstack-protector -I/usr/local/include'
    ccversion='', gccversion='4.7.2', gccosandvers=''
    intsize=4, longsize=8, ptrsize=8, doublesize=8, byteorder=12345678
    d_longlong=define, longlongsize=8, d_longdbl=define, longdblsize=16
    ivtype='long', ivsize=8, nvtype='double', nvsize=8, Off_t='off_t', lseeksize=8
    alignbytes=8, prototype=define
  Linker and Libraries:
    ld='cc', ldflags =' -fstack-protector -L/usr/local/lib'
    libpth=/usr/local/lib /lib/x86_64-linux-gnu /lib/../lib /usr/lib/x86_64-linux-gnu /usr/lib/../lib /lib /usr/lib
    libs=-lnsl -ldb -ldl -lm -lcrypt -lutil -lc
    perllibs=-lnsl -ldl -lm -lcrypt -lutil -lc
    libc=, so=so, useshrplib=false, libperl=libperl.a
    gnulibc_version='2.13'
  Dynamic Linking:
    dlsrc=dl_dlopen.xs, dlext=so, d_dlsymun=undef, ccdlflags='-Wl,-E'
    cccdlflags='-fPIC', lddlflags='-shared -O2 -g -L/usr/local/lib -fstack-protector'


Characteristics of this binary (from libperl): 
  Compile-time options: PERL_DONT_CREATE_GVSV PERL_MALLOC_WRAP PERL_USE_DEVEL
                        USE_64_BIT_ALL USE_64_BIT_INT USE_LARGE_FILES
                        USE_PERLIO USE_PERL_ATOF
  Built under linux
  Compiled at Jan 16 2013 05:12:29
  %ENV:
    PERL5LIB=""
    PERL5OPT=""
    PERL5_CPANPLUS_IS_RUNNING="14606"
    PERL5_CPAN_IS_RUNNING="14606"
    PERL_MM_USE_DEFAULT="1"
  @INC:
    /home/src/perl/repoperls/installed-perls/perl/v5.12.5/165a/lib/site_perl/5.12.5/x86_64-linux
    /home/src/perl/repoperls/installed-perls/perl/v5.12.5/165a/lib/site_perl/5.12.5
    /home/src/perl/repoperls/installed-perls/perl/v5.12.5/165a/lib/5.12.5/x86_64-linux
    /home/src/perl/repoperls/installed-perls/perl/v5.12.5/165a/lib/5.12.5
    .