Report for Data-IEEE754-Tools-v0.013_006

Back
From: Slaven Rezić (SREZIC) 
Subject: FAIL Data-IEEE754-Tools-v0.013_006 5.20.1 GNU/Linux
Date: 2016-08-22T17:43:57Z

This distribution has been tested as part of the CPAN Testers
project, supporting the Perl programming language.  See
http://wiki.cpantesters.org/ for more information or email
questions to cpan-testers-discuss@perl.org


--
Dear Peter C. Jones,

This is a computer-generated report for Data-IEEE754-Tools-v0.013_006
on perl 5.20.1, created by CPAN-Reporter-1.2018.

Thank you for uploading your work to CPAN.  However, there was a problem
testing your distribution.

If you think this report is invalid, please consult the CPAN Testers Wiki
for suggestions on how to avoid getting FAIL reports for missing library
or binary dependencies, unsupported operating systems, and so on:

http://wiki.cpantesters.org/wiki/CPANAuthorNotes

Sections of this report:

    * Tester comments
    * Program output
    * Prerequisites
    * Environment and other context

------------------------------
TESTER COMMENTS
------------------------------

Additional comments from tester:

none provided

------------------------------
PROGRAM OUTPUT
------------------------------

Output from '/usr/bin/make test':

PERL_DL_NONLAZY=1 "/bbbike/perl-5.20.1/bin/perl5.20.1" "-MExtUtils::Command::MM" "-MTest::Harness" "-e" "undef *Test::Harness::Switches; test_harness(0, 'blib/lib', 'blib/arch')" t/*.t
t/00-load.t ........... ok
t/01-raw754.t ......... ok
t/02-floatingpoint.t .. ok
t/03-ulp.t ............ ok
t/04-nextupdown.t ..... ok
t/05-nextafter.t ...... ok
t/06-constants.t ...... ok
t/07-info.t ........... ok
t/08-totalorder.t ..... ok

#   Failed test 'core_abs            (NEG_SNAN_FIRST      )'
#   at t/09-signbit.t line 54.
#          got: '-nan'
#     expected: 'nan'

#   Failed test 'compare             (NEG_SNAN_FIRST      ) for CORE::abs(x) vs Data::IEEE754::Tools::absolute(x)'
#   at t/09-signbit.t line 56.
#          got: 'nan'
#     expected: '-nan'

#   Failed test 'core_abs            (NEG_SNAN_LAST       )'
#   at t/09-signbit.t line 54.
#          got: '-nan'
#     expected: 'nan'

#   Failed test 'compare             (NEG_SNAN_LAST       ) for CORE::abs(x) vs Data::IEEE754::Tools::absolute(x)'
#   at t/09-signbit.t line 56.
#          got: 'nan'
#     expected: '-nan'

#   Failed test 'core_abs            (NEG_IND             )'
#   at t/09-signbit.t line 54.
#          got: '-nan'
#     expected: 'nan'

#   Failed test 'compare             (NEG_IND             ) for CORE::abs(x) vs Data::IEEE754::Tools::absolute(x)'
#   at t/09-signbit.t line 56.
#          got: 'nan'
#     expected: '-nan'

#   Failed test 'core_abs            (NEG_QNAN_FIRST      )'
#   at t/09-signbit.t line 54.
#          got: '-nan'
#     expected: 'nan'

#   Failed test 'compare             (NEG_QNAN_FIRST      ) for CORE::abs(x) vs Data::IEEE754::Tools::absolute(x)'
#   at t/09-signbit.t line 56.
#          got: 'nan'
#     expected: '-nan'

#   Failed test 'core_abs            (NEG_QNAN_LAST       )'
#   at t/09-signbit.t line 54.
#          got: '-nan'
#     expected: 'nan'

#   Failed test 'compare             (NEG_QNAN_LAST       ) for CORE::abs(x) vs Data::IEEE754::Tools::absolute(x)'
#   at t/09-signbit.t line 56.
#          got: 'nan'
#     expected: '-nan'
# Looks like you failed 10 tests of 88.
t/09-signbit.t ........ 
Dubious, test returned 10 (wstat 2560, 0xa00)
Failed 10/88 subtests 

#   Failed test 'copySign(-nan                    ,0                       ): abs compare'
#   at t/10-copysign.t line 49.
#          got: 'nan'
#     expected: '-nan'

#   Failed test 'copySign(-nan                    ,4.94065645841247e-324   ): abs compare'
#   at t/10-copysign.t line 49.
#          got: 'nan'
#     expected: '-nan'

#   Failed test 'copySign(-nan                    ,2.2250738585072e-308    ): abs compare'
#   at t/10-copysign.t line 49.
#          got: 'nan'
#     expected: '-nan'

#   Failed test 'copySign(-nan                    ,2.2250738585072e-308    ): abs compare'
#   at t/10-copysign.t line 49.
#          got: 'nan'
#     expected: '-nan'

#   Failed test 'copySign(-nan                    ,1.79769313486232e+308   ): abs compare'
#   at t/10-copysign.t line 49.
#          got: 'nan'
#     expected: '-nan'

#   Failed test 'copySign(-nan                    ,inf                     ): abs compare'
#   at t/10-copysign.t line 49.
#          got: 'nan'
#     expected: '-nan'

#   Failed test 'copySign(-nan                    ,nan                     ): abs compare'
#   at t/10-copysign.t line 49.
#          got: 'nan'
#     expected: '-nan'

#   Failed test 'copySign(-nan                    ,nan                     ): abs compare'
#   at t/10-copysign.t line 49.
#          got: 'nan'
#     expected: '-nan'

#   Failed test 'copySign(-nan                    ,nan                     ): abs compare'
#   at t/10-copysign.t line 49.
#          got: 'nan'
#     expected: '-nan'

#   Failed test 'copySign(-nan                    ,nan                     ): abs compare'
#   at t/10-copysign.t line 49.
#          got: 'nan'
#     expected: '-nan'

#   Failed test 'copySign(-nan                    ,nan                     ): abs compare'
#   at t/10-copysign.t line 49.
#          got: 'nan'
#     expected: '-nan'

#   Failed test 'copySign(-nan                    ,0                       ): abs compare'
#   at t/10-copysign.t line 49.
#          got: 'nan'
#     expected: '-nan'

#   Failed test 'copySign(-nan                    ,4.94065645841247e-324   ): abs compare'
#   at t/10-copysign.t line 49.
#          got: 'nan'
#     expected: '-nan'

#   Failed test 'copySign(-nan                    ,2.2250738585072e-308    ): abs compare'
#   at t/10-copysign.t line 49.
#          got: 'nan'
#     expected: '-nan'

#   Failed test 'copySign(-nan                    ,2.2250738585072e-308    ): abs compare'
#   at t/10-copysign.t line 49.
#          got: 'nan'
#     expected: '-nan'

#   Failed test 'copySign(-nan                    ,1.79769313486232e+308   ): abs compare'
#   at t/10-copysign.t line 49.
#          got: 'nan'
#     expected: '-nan'

#   Failed test 'copySign(-nan                    ,inf                     ): abs compare'
#   at t/10-copysign.t line 49.
#          got: 'nan'
#     expected: '-nan'

#   Failed test 'copySign(-nan                    ,nan                     ): abs compare'
#   at t/10-copysign.t line 49.
#          got: 'nan'
#     expected: '-nan'

#   Failed test 'copySign(-nan                    ,nan                     ): abs compare'
#   at t/10-copysign.t line 49.
#          got: 'nan'
#     expected: '-nan'

#   Failed test 'copySign(-nan                    ,nan                     ): abs compare'
#   at t/10-copysign.t line 49.
#          got: 'nan'
#     expected: '-nan'

#   Failed test 'copySign(-nan                    ,nan                     ): abs compare'
#   at t/10-copysign.t line 49.
#          got: 'nan'
#     expected: '-nan'

#   Failed test 'copySign(-nan                    ,nan                     ): abs compare'
#   at t/10-copysign.t line 49.
#          got: 'nan'
#     expected: '-nan'

#   Failed test 'copySign(-nan                    ,0                       ): abs compare'
#   at t/10-copysign.t line 49.
#          got: 'nan'
#     expected: '-nan'

#   Failed test 'copySign(-nan                    ,4.94065645841247e-324   ): abs compare'
#   at t/10-copysign.t line 49.
#          got: 'nan'
#     expected: '-nan'

#   Failed test 'copySign(-nan                    ,2.2250738585072e-308    ): abs compare'
#   at t/10-copysign.t line 49.
#          got: 'nan'
#     expected: '-nan'

#   Failed test 'copySign(-nan                    ,2.2250738585072e-308    ): abs compare'
#   at t/10-copysign.t line 49.
#          got: 'nan'
#     expected: '-nan'

#   Failed test 'copySign(-nan                    ,1.79769313486232e+308   ): abs compare'
#   at t/10-copysign.t line 49.
#          got: 'nan'
#     expected: '-nan'

#   Failed test 'copySign(-nan                    ,inf                     ): abs compare'
#   at t/10-copysign.t line 49.
#          got: 'nan'
#     expected: '-nan'

#   Failed test 'copySign(-nan                    ,nan                     ): abs compare'
#   at t/10-copysign.t line 49.
#          got: 'nan'
#     expected: '-nan'

#   Failed test 'copySign(-nan                    ,nan                     ): abs compare'
#   at t/10-copysign.t line 49.
#          got: 'nan'
#     expected: '-nan'

#   Failed test 'copySign(-nan                    ,nan                     ): abs compare'
#   at t/10-copysign.t line 49.
#          got: 'nan'
#     expected: '-nan'

#   Failed test 'copySign(-nan                    ,nan                     ): abs compare'
#   at t/10-copysign.t line 49.
#          got: 'nan'
#     expected: '-nan'

#   Failed test 'copySign(-nan                    ,nan                     ): abs compare'
#   at t/10-copysign.t line 49.
#          got: 'nan'
#     expected: '-nan'

#   Failed test 'copySign(-nan                    ,0                       ): abs compare'
#   at t/10-copysign.t line 49.
#          got: 'nan'
#     expected: '-nan'

#   Failed test 'copySign(-nan                    ,4.94065645841247e-324   ): abs compare'
#   at t/10-copysign.t line 49.
#          got: 'nan'
#     expected: '-nan'

#   Failed test 'copySign(-nan                    ,2.2250738585072e-308    ): abs compare'
#   at t/10-copysign.t line 49.
#          got: 'nan'
#     expected: '-nan'

#   Failed test 'copySign(-nan                    ,2.2250738585072e-308    ): abs compare'
#   at t/10-copysign.t line 49.
#          got: 'nan'
#     expected: '-nan'

#   Failed test 'copySign(-nan                    ,1.79769313486232e+308   ): abs compare'
#   at t/10-copysign.t line 49.
#          got: 'nan'
#     expected: '-nan'

#   Failed test 'copySign(-nan                    ,inf                     ): abs compare'
#   at t/10-copysign.t line 49.
#          got: 'nan'
#     expected: '-nan'

#   Failed test 'copySign(-nan                    ,nan                     ): abs compare'
#   at t/10-copysign.t line 49.
#          got: 'nan'
#     expected: '-nan'

#   Failed test 'copySign(-nan                    ,nan                     ): abs compare'
#   at t/10-copysign.t line 49.
#          got: 'nan'
#     expected: '-nan'

#   Failed test 'copySign(-nan                    ,nan                     ): abs compare'
#   at t/10-copysign.t line 49.
#          got: 'nan'
#     expected: '-nan'

#   Failed test 'copySign(-nan                    ,nan                     ): abs compare'
#   at t/10-copysign.t line 49.
#          got: 'nan'
#     expected: '-nan'

#   Failed test 'copySign(-nan                    ,nan                     ): abs compare'
#   at t/10-copysign.t line 49.
#          got: 'nan'
#     expected: '-nan'

#   Failed test 'copySign(-nan                    ,0                       ): abs compare'
#   at t/10-copysign.t line 49.
#          got: 'nan'
#     expected: '-nan'

#   Failed test 'copySign(-nan                    ,4.94065645841247e-324   ): abs compare'
#   at t/10-copysign.t line 49.
#          got: 'nan'
#     expected: '-nan'

#   Failed test 'copySign(-nan                    ,2.2250738585072e-308    ): abs compare'
#   at t/10-copysign.t line 49.
#          got: 'nan'
#     expected: '-nan'

#   Failed test 'copySign(-nan                    ,2.2250738585072e-308    ): abs compare'
#   at t/10-copysign.t line 49.
#          got: 'nan'
#     expected: '-nan'

#   Failed test 'copySign(-nan                    ,1.79769313486232e+308   ): abs compare'
#   at t/10-copysign.t line 49.
#          got: 'nan'
#     expected: '-nan'

#   Failed test 'copySign(-nan                    ,inf                     ): abs compare'
#   at t/10-copysign.t line 49.
#          got: 'nan'
#     expected: '-nan'

#   Failed test 'copySign(-nan                    ,nan                     ): abs compare'
#   at t/10-copysign.t line 49.
#          got: 'nan'
#     expected: '-nan'

#   Failed test 'copySign(-nan                    ,nan                     ): abs compare'
#   at t/10-copysign.t line 49.
#          got: 'nan'
#     expected: '-nan'

#   Failed test 'copySign(-nan                    ,nan                     ): abs compare'
#   at t/10-copysign.t line 49.
#          got: 'nan'
#     expected: '-nan'

#   Failed test 'copySign(-nan                    ,nan                     ): abs compare'
#   at t/10-copysign.t line 49.
#          got: 'nan'
#     expected: '-nan'

#   Failed test 'copySign(-nan                    ,nan                     ): abs compare'
#   at t/10-copysign.t line 49.
#          got: 'nan'
#     expected: '-nan'

#   Failed test 'copySign(nan                     ,-nan                    ): abs compare'
#   at t/10-copysign.t line 49.
#          got: '-nan'
#     expected: 'nan'

#   Failed test 'copySign(nan                     ,-nan                    ): abs compare'
#   at t/10-copysign.t line 49.
#          got: '-nan'
#     expected: 'nan'

#   Failed test 'copySign(nan                     ,-nan                    ): abs compare'
#   at t/10-copysign.t line 49.
#          got: '-nan'
#     expected: 'nan'

#   Failed test 'copySign(nan                     ,-nan                    ): abs compare'
#   at t/10-copysign.t line 49.
#          got: '-nan'
#     expected: 'nan'

#   Failed test 'copySign(nan                     ,-nan                    ): abs compare'
#   at t/10-copysign.t line 49.
#          got: '-nan'
#     expected: 'nan'

#   Failed test 'copySign(nan                     ,-inf                    ): abs compare'
#   at t/10-copysign.t line 49.
#          got: '-nan'
#     expected: 'nan'

#   Failed test 'copySign(nan                     ,-1.79769313486232e+308  ): abs compare'
#   at t/10-copysign.t line 49.
#          got: '-nan'
#     expected: 'nan'

#   Failed test 'copySign(nan                     ,-2.2250738585072e-308   ): abs compare'
#   at t/10-copysign.t line 49.
#          got: '-nan'
#     expected: 'nan'

#   Failed test 'copySign(nan                     ,-2.2250738585072e-308   ): abs compare'
#   at t/10-copysign.t line 49.
#          got: '-nan'
#     expected: 'nan'

#   Failed test 'copySign(nan                     ,-4.94065645841247e-324  ): abs compare'
#   at t/10-copysign.t line 49.
#          got: '-nan'
#     expected: 'nan'

#   Failed test 'copySign(nan                     ,0                       ): abs compare'
#   at t/10-copysign.t line 49.
#          got: '-nan'
#     expected: 'nan'

#   Failed test 'copySign(nan                     ,-nan                    ): abs compare'
#   at t/10-copysign.t line 49.
#          got: '-nan'
#     expected: 'nan'

#   Failed test 'copySign(nan                     ,-nan                    ): abs compare'
#   at t/10-copysign.t line 49.
#          got: '-nan'
#     expected: 'nan'

#   Failed test 'copySign(nan                     ,-nan                    ): abs compare'
#   at t/10-copysign.t line 49.
#          got: '-nan'
#     expected: 'nan'

#   Failed test 'copySign(nan                     ,-nan                    ): abs compare'
#   at t/10-copysign.t line 49.
#          got: '-nan'
#     expected: 'nan'

#   Failed test 'copySign(nan                     ,-nan                    ): abs compare'
#   at t/10-copysign.t line 49.
#          got: '-nan'
#     expected: 'nan'

#   Failed test 'copySign(nan                     ,-inf                    ): abs compare'
#   at t/10-copysign.t line 49.
#          got: '-nan'
#     expected: 'nan'

#   Failed test 'copySign(nan                     ,-1.79769313486232e+308  ): abs compare'
#   at t/10-copysign.t line 49.
#          got: '-nan'
#     expected: 'nan'

#   Failed test 'copySign(nan                     ,-2.2250738585072e-308   ): abs compare'
#   at t/10-copysign.t line 49.
#          got: '-nan'
#     expected: 'nan'

#   Failed test 'copySign(nan                     ,-2.2250738585072e-308   ): abs compare'
#   at t/10-copysign.t line 49.
#          got: '-nan'
#     expected: 'nan'

#   Failed test 'copySign(nan                     ,-4.94065645841247e-324  ): abs compare'
#   at t/10-copysign.t line 49.
#          got: '-nan'
#     expected: 'nan'

#   Failed test 'copySign(nan                     ,0                       ): abs compare'
#   at t/10-copysign.t line 49.
#          got: '-nan'
#     expected: 'nan'

#   Failed test 'copySign(nan                     ,-nan                    ): abs compare'
#   at t/10-copysign.t line 49.
#          got: '-nan'
#     expected: 'nan'

#   Failed test 'copySign(nan                     ,-nan                    ): abs compare'
#   at t/10-copysign.t line 49.
#          got: '-nan'
#     expected: 'nan'

#   Failed test 'copySign(nan                     ,-nan                    ): abs compare'
#   at t/10-copysign.t line 49.
#          got: '-nan'
#     expected: 'nan'

#   Failed test 'copySign(nan                     ,-nan                    ): abs compare'
#   at t/10-copysign.t line 49.
#          got: '-nan'
#     expected: 'nan'

#   Failed test 'copySign(nan                     ,-nan                    ): abs compare'
#   at t/10-copysign.t line 49.
#          got: '-nan'
#     expected: 'nan'

#   Failed test 'copySign(nan                     ,-inf                    ): abs compare'
#   at t/10-copysign.t line 49.
#          got: '-nan'
#     expected: 'nan'

#   Failed test 'copySign(nan                     ,-1.79769313486232e+308  ): abs compare'
#   at t/10-copysign.t line 49.
#          got: '-nan'
#     expected: 'nan'

#   Failed test 'copySign(nan                     ,-2.2250738585072e-308   ): abs compare'
#   at t/10-copysign.t line 49.
#          got: '-nan'
#     expected: 'nan'

#   Failed test 'copySign(nan                     ,-2.2250738585072e-308   ): abs compare'
#   at t/10-copysign.t line 49.
#          got: '-nan'
#     expected: 'nan'

#   Failed test 'copySign(nan                     ,-4.94065645841247e-324  ): abs compare'
#   at t/10-copysign.t line 49.
#          got: '-nan'
#     expected: 'nan'

#   Failed test 'copySign(nan                     ,0                       ): abs compare'
#   at t/10-copysign.t line 49.
#          got: '-nan'
#     expected: 'nan'

#   Failed test 'copySign(nan                     ,-nan                    ): abs compare'
#   at t/10-copysign.t line 49.
#          got: '-nan'
#     expected: 'nan'

#   Failed test 'copySign(nan                     ,-nan                    ): abs compare'
#   at t/10-copysign.t line 49.
#          got: '-nan'
#     expected: 'nan'

#   Failed test 'copySign(nan                     ,-nan                    ): abs compare'
#   at t/10-copysign.t line 49.
#          got: '-nan'
#     expected: 'nan'

#   Failed test 'copySign(nan                     ,-nan                    ): abs compare'
#   at t/10-copysign.t line 49.
#          got: '-nan'
#     expected: 'nan'

#   Failed test 'copySign(nan                     ,-nan                    ): abs compare'
#   at t/10-copysign.t line 49.
#          got: '-nan'
#     expected: 'nan'

#   Failed test 'copySign(nan                     ,-inf                    ): abs compare'
#   at t/10-copysign.t line 49.
#          got: '-nan'
#     expected: 'nan'

#   Failed test 'copySign(nan                     ,-1.79769313486232e+308  ): abs compare'
#   at t/10-copysign.t line 49.
#          got: '-nan'
#     expected: 'nan'

#   Failed test 'copySign(nan                     ,-2.2250738585072e-308   ): abs compare'
#   at t/10-copysign.t line 49.
#          got: '-nan'
#     expected: 'nan'

#   Failed test 'copySign(nan                     ,-2.2250738585072e-308   ): abs compare'
#   at t/10-copysign.t line 49.
#          got: '-nan'
#     expected: 'nan'

#   Failed test 'copySign(nan                     ,-4.94065645841247e-324  ): abs compare'
#   at t/10-copysign.t line 49.
#          got: '-nan'
#     expected: 'nan'

#   Failed test 'copySign(nan                     ,0                       ): abs compare'
#   at t/10-copysign.t line 49.
#          got: '-nan'
#     expected: 'nan'

#   Failed test 'copySign(nan                     ,-nan                    ): abs compare'
#   at t/10-copysign.t line 49.
#          got: '-nan'
#     expected: 'nan'

#   Failed test 'copySign(nan                     ,-nan                    ): abs compare'
#   at t/10-copysign.t line 49.
#          got: '-nan'
#     expected: 'nan'

#   Failed test 'copySign(nan                     ,-nan                    ): abs compare'
#   at t/10-copysign.t line 49.
#          got: '-nan'
#     expected: 'nan'

#   Failed test 'copySign(nan                     ,-nan                    ): abs compare'
#   at t/10-copysign.t line 49.
#          got: '-nan'
#     expected: 'nan'

#   Failed test 'copySign(nan                     ,-nan                    ): abs compare'
#   at t/10-copysign.t line 49.
#          got: '-nan'
#     expected: 'nan'

#   Failed test 'copySign(nan                     ,-inf                    ): abs compare'
#   at t/10-copysign.t line 49.
#          got: '-nan'
#     expected: 'nan'

#   Failed test 'copySign(nan                     ,-1.79769313486232e+308  ): abs compare'
#   at t/10-copysign.t line 49.
#          got: '-nan'
#     expected: 'nan'

#   Failed test 'copySign(nan                     ,-2.2250738585072e-308   ): abs compare'
#   at t/10-copysign.t line 49.
#          got: '-nan'
#     expected: 'nan'

#   Failed test 'copySign(nan                     ,-2.2250738585072e-308   ): abs compare'
#   at t/10-copysign.t line 49.
#          got: '-nan'
#     expected: 'nan'

#   Failed test 'copySign(nan                     ,-4.94065645841247e-324  ): abs compare'
#   at t/10-copysign.t line 49.
#          got: '-nan'
#     expected: 'nan'

#   Failed test 'copySign(nan                     ,0                       ): abs compare'
#   at t/10-copysign.t line 49.
#          got: '-nan'
#     expected: 'nan'
# Looks like you failed 110 tests of 968.
t/10-copysign.t ....... 
Dubious, test returned 110 (wstat 28160, 0x6e00)
Failed 110/968 subtests 

Test Summary Report
-------------------
t/09-signbit.t      (Wstat: 2560 Tests: 88 Failed: 10)
  Failed tests:  71-72, 75-76, 79-80, 83-84, 87-88
  Non-zero exit status: 10
t/10-copysign.t     (Wstat: 28160 Tests: 968 Failed: 110)
  Failed tests:  24, 26, 28, 30, 32, 34, 36, 38, 40, 42
                44, 68, 70, 72, 74, 76, 78, 80, 82, 84
                86, 88, 112, 114, 116, 118, 120, 122, 124
                126, 128, 130, 132, 156, 158, 160, 162
                164, 166, 168, 170, 172, 174, 176, 200
                202, 204, 206, 208, 210, 212, 214, 216
                218, 220, 750, 752, 754, 756, 758, 760
                762, 764, 766, 768, 770, 794, 796, 798
                800, 802, 804, 806, 808, 810, 812, 814
                838, 840, 842, 844, 846, 848, 850, 852
                854, 856, 858, 882, 884, 886, 888, 890
                892, 894, 896, 898, 900, 902, 926, 928
                930, 932, 934, 936, 938, 940, 942, 944
                946
  Non-zero exit status: 110
Files=11, Tests=2864,  1 wallclock secs ( 0.09 usr  0.18 sys +  0.69 cusr  0.06 csys =  1.02 CPU)
Result: FAIL
Failed 2/11 test programs. 120/2864 subtests failed.
Makefile:885: recipe for target 'test_dynamic' failed
make: *** [test_dynamic] Error 110

------------------------------
PREREQUISITES
------------------------------

Prerequisite modules loaded:

requires:

    Module              Need     Have    
    ------------------- -------- --------
    Carp                0        1.38    
    Exporter            0        5.71    
    perl                5.006000 5.020001
    strict              0        1.08    
    version             0.77     0.9916  
    warnings            0        1.23    

build_requires:

    Module              Need     Have    
    ------------------- -------- --------
    Config              0        5.020001
    constant            0        1.33    
    ExtUtils::MakeMaker 0        7.24    
    strict              0        1.08    
    Test::More          0.86     1.302052
    warnings            0        1.23    

configure_requires:

    Module              Need     Have    
    ------------------- -------- --------
    ExtUtils::MakeMaker 0        7.24    


------------------------------
ENVIRONMENT AND OTHER CONTEXT
------------------------------

Environment variables:

    LANG = C
    LC_ALL = de_DE.UTF-8
    PATH = /usr/local/bin:/usr/bin:/bin:/usr/local/sbin:/usr/sbin:/sbin:/home/cpansand/bin/linux-gnu:/home/cpansand/bin/sh:/home/cpansand/bin:/usr/games:/home/cpansand/devel:/home/eserte/src/srezic-misc/scripts
    PERL5LIB = 
    PERL5OPT = 
    PERL5_CPANPLUS_IS_RUNNING = 6130
    PERL5_CPAN_IS_RUNNING = 6130
    PERL5_CPAN_IS_RUNNING_IN_RECURSION = 6044,6130
    PERLDOC = -MPod::Perldoc::ToTextOverstrike
    PERL_BATCH = yes
    PERL_CANARY_STABILITY_NOPROMPT = 1
    PERL_CPAN_REPORTER_CONFIG = /run/user/1023/cpansmoker/2016082215/cpanreporter_000_config.ini
    PERL_EXTUTILS_AUTOINSTALL = --defaultdeps
    PERL_PARALLEL_SMOKER = yes
    PERL_USE_UNSAFE_INC = 1
    SHELL = /bin/zsh
    TERM = screen
    TMPDIR = /run/user/1023/cpansmoker/2016082215

Perl special variables (and OS-specific diagnostics, for MSWin32):

    $^X = /bbbike/perl-5.20.1/bin/perl5.20.1
    $UID/$EUID = 1023 / 1023
    $GID = 1023 1023
    $EGID = 1023 1023

Perl module toolchain versions installed:

    Module              Have    
    ------------------- --------
    CPAN                2.14    
    CPAN::Meta          2.150010
    Cwd                 3.48    
    ExtUtils::CBuilder  0.280224
    ExtUtils::Command   7.24    
    ExtUtils::Install   1.67    
    ExtUtils::MakeMaker 7.24    
    ExtUtils::Manifest  1.70    
    ExtUtils::ParseXS   3.24    
    File::Spec          3.48    
    JSON                2.90    
    JSON::PP            2.27400 
    Module::Build       0.4220  
    Module::Signature   0.80    
    Parse::CPAN::Meta   2.150010
    Test::Harness       3.36    
    Test::More          1.302052
    YAML                1.15    
    YAML::Syck          1.29    
    version             0.9916  


--

Summary of my perl5 (revision 5 version 20 subversion 1) configuration:
   
  Platform:
    osname=linux, osvers=3.16.0-4-amd64, archname=x86_64-linux
    uname='linux eserte 3.16.0-4-amd64 #1 smp debian 3.16.7-ckt25-2 (2016-04-08) x86_64 gnulinux '
    config_args='-ds -e -Dprefix=/opt/perl-5.20.1 -Dcf_email=srezic@cpan.org'
    hint=recommended, useposix=true, d_sigaction=define
    useithreads=undef, usemultiplicity=undef
    use64bitint=define, use64bitall=define, uselongdouble=undef
    usemymalloc=n, bincompat5005=undef
  Compiler:
    cc='cc', ccflags ='-fwrapv -fno-strict-aliasing -pipe -fstack-protector -I/usr/local/include -D_LARGEFILE_SOURCE -D_FILE_OFFSET_BITS=64',
    optimize='-O2',
    cppflags='-fwrapv -fno-strict-aliasing -pipe -fstack-protector -I/usr/local/include'
    ccversion='', gccversion='4.9.2', gccosandvers=''
    intsize=4, longsize=8, ptrsize=8, doublesize=8, byteorder=12345678
    d_longlong=define, longlongsize=8, d_longdbl=define, longdblsize=16
    ivtype='long', ivsize=8, nvtype='double', nvsize=8, Off_t='off_t', lseeksize=8
    alignbytes=8, prototype=define
  Linker and Libraries:
    ld='cc', ldflags =' -fstack-protector -L/usr/local/lib'
    libpth=/usr/local/lib /usr/lib/gcc/x86_64-linux-gnu/4.9/include-fixed /usr/include/x86_64-linux-gnu /usr/lib /lib/x86_64-linux-gnu /lib/../lib /usr/lib/x86_64-linux-gnu /usr/lib/../lib /lib
    libs=-lnsl -lgdbm -ldb -ldl -lm -lcrypt -lutil -lc -lgdbm_compat
    perllibs=-lnsl -ldl -lm -lcrypt -lutil -lc
    libc=libc-2.19.so, so=so, useshrplib=false, libperl=libperl.a
    gnulibc_version='2.19'
  Dynamic Linking:
    dlsrc=dl_dlopen.xs, dlext=so, d_dlsymun=undef, ccdlflags='-Wl,-E'
    cccdlflags='-fPIC', lddlflags='-shared -O2 -L/usr/local/lib -fstack-protector'


Characteristics of this binary (from libperl): 
  Compile-time options: HAS_TIMES PERLIO_LAYERS PERL_DONT_CREATE_GVSV
                        PERL_HASH_FUNC_ONE_AT_A_TIME_HARD PERL_MALLOC_WRAP
                        PERL_NEW_COPY_ON_WRITE PERL_PRESERVE_IVUV
                        USE_64_BIT_ALL USE_64_BIT_INT USE_LARGE_FILES
                        USE_LOCALE USE_LOCALE_COLLATE USE_LOCALE_CTYPE
                        USE_LOCALE_NUMERIC USE_PERLIO USE_PERL_ATOF
  Built under linux
  Compiled at May  7 2016 16:00:15
  %ENV:
    PERL5LIB=""
    PERL5OPT=""
    PERL5_CPANPLUS_IS_RUNNING="6130"
    PERL5_CPAN_IS_RUNNING="6130"
    PERL5_CPAN_IS_RUNNING_IN_RECURSION="6044,6130"
    PERLDOC="-MPod::Perldoc::ToTextOverstrike"
    PERL_BATCH="yes"
    PERL_CANARY_STABILITY_NOPROMPT="1"
    PERL_CPAN_REPORTER_CONFIG="/run/user/1023/cpansmoker/2016082215/cpanreporter_000_config.ini"
    PERL_EXTUTILS_AUTOINSTALL="--defaultdeps"
    PERL_PARALLEL_SMOKER="yes"
    PERL_USE_UNSAFE_INC="1"
  @INC:
    /opt/perl-5.20.1/lib/site_perl/5.20.1/x86_64-linux
    /opt/perl-5.20.1/lib/site_perl/5.20.1
    /opt/perl-5.20.1/lib/5.20.1/x86_64-linux
    /opt/perl-5.20.1/lib/5.20.1
    .